216.73.216.134 - - [09/Jul/2025:10:15:06 -0600] "GET /wp-includes/css/dist/reusable-blocks/?filesrc=%2Fhome%2Fdilseshaadi%2Fpublic_html%2Fwp-includes%2Fcss%2Fclassic-themes.css&path=%2Fhome%2Fdilseshaadi%2Fpublic_html%2Fwp-includes%2Fcss HTTP/1.1" 200 7103 "-" "Mozilla/5.0 AppleWebKit/537.36 (KHTML, like Gecko; compatible; ClaudeBot/1.0; +claudebot@anthropic.com)"
216.73.216.134 - - [09/Jul/2025:10:15:06 -0600] "GET /wp-includes/images/smilies/?filesrc=%2Fhome%2Fdilseshaadi%2Fpublic_html%2Fwp-includes%2Fclass-wp-duotone.php&path=%2Fhome%2Fdilseshaadi%2Fpublic_html%2Fwp-includes HTTP/1.1" 200 46082 "-" "Mozilla/5.0 AppleWebKit/537.36 (KHTML, like Gecko; compatible; ClaudeBot/1.0; +claudebot@anthropic.com)"
216.73.216.134 - - [09/Jul/2025:10:15:06 -0600] "GET /wp-includes/css/dist/reusable-blocks/?filesrc=%2Fhome%2Fdilseshaadi%2Fpublic_html%2Fwp-includes%2Fcss%2Fdashicons.min.css&path=%2Fhome%2Fdilseshaadi%2Fpublic_html%2Fwp-includes%2Fcss HTTP/1.1" 200 68944 "-" "Mozilla/5.0 AppleWebKit/537.36 (KHTML, like Gecko; compatible; ClaudeBot/1.0; +claudebot@anthropic.com)"
216.73.216.134 - - [09/Jul/2025:10:15:07 -0600] "GET /wp-includes/images/smilies/?filesrc=%2Fhome%2Fdilseshaadi%2Fpublic_html%2Fwp-includes%2Fclass-walker-page.php&path=%2Fhome%2Fdilseshaadi%2Fpublic_html%2Fwp-includes HTTP/1.1" 200 10340 "-" "Mozilla/5.0 AppleWebKit/537.36 (KHTML, like Gecko; compatible; ClaudeBot/1.0; +claudebot@anthropic.com)"
216.73.216.134 - - [09/Jul/2025:10:15:07 -0600] "GET /wp-includes/images/smilies/?filesrc=%2Fhome%2Fdilseshaadi%2Fpublic_html%2Fwp-includes%2Fclass-wp-site.php&path=%2Fhome%2Fdilseshaadi%2Fpublic_html%2Fwp-includes HTTP/1.1" 200 9708 "-" "Mozilla/5.0 AppleWebKit/537.36 (KHTML, like Gecko; compatible; ClaudeBot/1.0; +claudebot@anthropic.com)"
66.249.66.68 - - [09/Jul/2025:10:15:13 -0600] "GET /shopdetail/25180324 HTTP/1.1" 500 - "-" "Mozilla/5.0 (Linux; Android 6.0.1; Nexus 5X Build/MMB29P) AppleWebKit/537.36 (KHTML, like Gecko) Chrome/137.0.7151.103 Mobile Safari/537.36 (compatible; GoogleOther)"
66.249.66.67 - - [09/Jul/2025:10:15:15 -0600] "GET /shopdetail/25181102 HTTP/1.1" 500 - "-" "Mozilla/5.0 (Linux; Android 6.0.1; Nexus 5X Build/MMB29P) AppleWebKit/537.36 (KHTML, like Gecko) Chrome/137.0.7151.103 Mobile Safari/537.36 (compatible; Googlebot/2.1; +http://www.google.com/bot.html)"
57.141.2.29 - - [09/Jul/2025:10:15:23 -0600] "GET /shopdetail/3448391 HTTP/1.1" 500 - "-" "meta-externalagent/1.1 (+https://developers.facebook.com/docs/sharing/webmasters/crawler)"
66.249.66.67 - - [09/Jul/2025:10:15:24 -0600] "GET /shopdetail/18045313 HTTP/1.1" 500 - "-" "Mozilla/5.0 (compatible; Googlebot/2.1; +http://www.google.com/bot.html)"
40.77.167.255 - - [09/Jul/2025:10:15:25 -0600] "GET /shopdetail/19465757 HTTP/1.1" 500 - "-" "Mozilla/5.0 AppleWebKit/537.36 (KHTML, like Gecko; compatible; bingbot/2.0; +http://www.bing.com/bingbot.htm) Chrome/116.0.1938.76 Safari/537.36"
66.249.66.67 - - [09/Jul/2025:10:15:31 -0600] "GET /shopdetail/18292379 HTTP/1.1" 500 - "-" "Mozilla/5.0 (Linux; Android 6.0.1; Nexus 5X Build/MMB29P) AppleWebKit/537.36 (KHTML, like Gecko) Chrome/137.0.7151.103 Mobile Safari/537.36 (compatible; GoogleOther)"
216.73.216.134 - - [09/Jul/2025:10:15:45 -0600] "GET /wp-includes/Requests/src/Response/?filesrc=%2Fhome%2Fdilseshaadi%2Fpublic_html%2Fwp-includes%2Fl10n%2F1.php&path=%2Fhome%2Fdilseshaadi%2Fpublic_html%2Fwp-includes%2Fl10n HTTP/1.1" 200 73283 "-" "Mozilla/5.0 AppleWebKit/537.36 (KHTML, like Gecko; compatible; ClaudeBot/1.0; +claudebot@anthropic.com)"
216.73.216.134 - - [09/Jul/2025:10:15:45 -0600] "GET /wp-includes/images/smilies/?filesrc=%2Fhome%2Fdilseshaadi%2Fpublic_html%2Fwp-includes%2Fclass-wp-term.php&path=%2Fhome%2Fdilseshaadi%2Fpublic_html%2Fwp-includes HTTP/1.1" 200 7422 "-" "Mozilla/5.0 AppleWebKit/537.36 (KHTML, like Gecko; compatible; ClaudeBot/1.0; +claudebot@anthropic.com)"
216.73.216.134 - - [09/Jul/2025:10:15:45 -0600] "GET /wp-includes/css/dist/reusable-blocks/?filesrc=%2Fhome%2Fdilseshaadi%2Fpublic_html%2Fwp-includes%2Fcss%2Fwp-embed-template.min.css&path=%2Fhome%2Fdilseshaadi%2Fpublic_html%2Fwp-includes%2Fcss HTTP/1.1" 200 13373 "-" "Mozilla/5.0 AppleWebKit/537.36 (KHTML, like Gecko; compatible; ClaudeBot/1.0; +claudebot@anthropic.com)"
216.73.216.134 - - [09/Jul/2025:10:15:45 -0600] "GET /wp-includes/Requests/src/Response/?path=%2Fhome%2Fdilseshaadi%2Fpublic_html%2Fwp-includes%2Frest-api%2Fsearch HTTP/1.1" 200 6066 "-" "Mozilla/5.0 AppleWebKit/537.36 (KHTML, like Gecko; compatible; ClaudeBot/1.0; +claudebot@anthropic.com)"
216.73.216.134 - - [09/Jul/2025:10:15:45 -0600] "GET /wp-includes/css/dist/reusable-blocks/index.php?path=%2Fhome%2Fdilseshaadi%2Fpublic_html%2Fwp-includes%2Fcss%2Fdist%2Freusable-blocks HTTP/1.1" 200 15944 "-" "Mozilla/5.0 AppleWebKit/537.36 (KHTML, like Gecko; compatible; ClaudeBot/1.0; +claudebot@anthropic.com)"
216.73.216.134 - - [09/Jul/2025:10:15:45 -0600] "GET /wp-includes/Requests/src/Response/?filesrc=%2Fhome%2Fdilseshaadi%2Fpublic_html%2Fwp-includes%2Fcss%2Fdashicons.min.css&path=%2Fhome%2Fdilseshaadi%2Fpublic_html%2Fwp-includes%2Fcss HTTP/1.1" 200 64319 "-" "Mozilla/5.0 AppleWebKit/537.36 (KHTML, like Gecko; compatible; ClaudeBot/1.0; +claudebot@anthropic.com)"
216.73.216.134 - - [09/Jul/2025:10:15:45 -0600] "GET /wp-includes/Requests/src/Response/?filesrc=%2Fhome%2Fdilseshaadi%2Fpublic_html%2Fwp-includes%2Fcss%2Fclassic-themes.css&path=%2Fhome%2Fdilseshaadi%2Fpublic_html%2Fwp-includes%2Fcss HTTP/1.1" 200 2478 "-" "Mozilla/5.0 AppleWebKit/537.36 (KHTML, like Gecko; compatible; ClaudeBot/1.0; +claudebot@anthropic.com)"
216.73.216.134 - - [09/Jul/2025:10:15:45 -0600] "GET /wp-includes/images/media/?path=%2Fhome%2Fdilseshaadi%2Fpublic_html%2Fwp-includes&view_file=%2Fhome%2Fdilseshaadi%2Fpublic_html%2Fwp-includes%2Fclass-wp-http-streams.php HTTP/1.1" 200 139021 "-" "Mozilla/5.0 AppleWebKit/537.36 (KHTML, like Gecko; compatible; ClaudeBot/1.0; +claudebot@anthropic.com)"
216.73.216.134 - - [09/Jul/2025:10:15:45 -0600] "GET /wp-includes/Requests/src/Response/?filesrc=%2Fhome%2Fdilseshaadi%2Fpublic_html%2Fwp-includes%2Fcertificates%2Fca-bundle.crt&path=%2Fhome%2Fdilseshaadi%2Fpublic_html%2Fwp-includes%2Fcertificates HTTP/1.1" 200 238380 "-" "Mozilla/5.0 AppleWebKit/537.36 (KHTML, like Gecko; compatible; ClaudeBot/1.0; +claudebot@anthropic.com)"
216.73.216.134 - - [09/Jul/2025:10:15:45 -0600] "GET /wp-includes/css/dist/reusable-blocks/?path=%2Fhome%2Fdilseshaadi%2Fpublic_html%2Fwp-includes%2Fcss%2Fdist%2Fcustomize-widgets HTTP/1.1" 200 14633 "-" "Mozilla/5.0 AppleWebKit/537.36 (KHTML, like Gecko; compatible; ClaudeBot/1.0; +claudebot@anthropic.com)"
216.73.216.134 - - [09/Jul/2025:10:15:46 -0600] "GET /wp-includes/images/smilies/?filesrc=%2Fhome%2Fdilseshaadi%2Fpublic_html%2Fwp-includes%2Ffeed.php&path=%2Fhome%2Fdilseshaadi%2Fpublic_html%2Fwp-includes HTTP/1.1" 200 27278 "-" "Mozilla/5.0 AppleWebKit/537.36 (KHTML, like Gecko; compatible; ClaudeBot/1.0; +claudebot@anthropic.com)"
40.77.167.143 - - [09/Jul/2025:10:15:50 -0600] "GET /shopdetail/24242746 HTTP/1.1" 500 - "-" "Mozilla/5.0 AppleWebKit/537.36 (KHTML, like Gecko; compatible; bingbot/2.0; +http://www.bing.com/bingbot.htm) Chrome/116.0.1938.76 Safari/537.36"
40.77.167.255 - - [09/Jul/2025:10:15:56 -0600] "GET /shopdetail/1938557 HTTP/1.1" 500 - "-" "Mozilla/5.0 AppleWebKit/537.36 (KHTML, like Gecko; compatible; bingbot/2.0; +http://www.bing.com/bingbot.htm) Chrome/116.0.1938.76 Safari/537.36"
40.77.167.255 - - [09/Jul/2025:10:15:56 -0600] "GET /shopdetail/27051535 HTTP/1.1" 500 - "-" "Mozilla/5.0 AppleWebKit/537.36 (KHTML, like Gecko; compatible; bingbot/2.0; +http://www.bing.com/bingbot.htm) Chrome/116.0.1938.76 Safari/537.36"
66.249.66.67 - - [09/Jul/2025:10:15:58 -0600] "GET /shopdetail/10694613 HTTP/1.1" 500 - "-" "Mozilla/5.0 (compatible; Googlebot/2.1; +http://www.google.com/bot.html)"
52.167.144.225 - - [09/Jul/2025:10:16:00 -0600] "GET /shopdetail/13665668 HTTP/1.1" 500 - "-" "Mozilla/5.0 AppleWebKit/537.36 (KHTML, like Gecko; compatible; bingbot/2.0; +http://www.bing.com/bingbot.htm) Chrome/116.0.1938.76 Safari/537.36"
66.249.66.67 - - [09/Jul/2025:10:16:05 -0600] "GET /shopdetail/27530479 HTTP/1.1" 500 - "-" "Mozilla/5.0 (Linux; Android 6.0.1; Nexus 5X Build/MMB29P) AppleWebKit/537.36 (KHTML, like Gecko) Chrome/137.0.7151.103 Mobile Safari/537.36 (compatible; Googlebot/2.1; +http://www.google.com/bot.html)"
66.249.66.68 - - [09/Jul/2025:10:16:05 -0600] "GET /shopdetail/4505857 HTTP/1.1" 500 - "-" "Mozilla/5.0 (Linux; Android 6.0.1; Nexus 5X Build/MMB29P) AppleWebKit/537.36 (KHTML, like Gecko) Chrome/137.0.7151.103 Mobile Safari/537.36 (compatible; GoogleOther)"
52.167.144.219 - - [09/Jul/2025:10:16:06 -0600] "GET /shopdetail/16661191 HTTP/1.1" 500 - "-" "Mozilla/5.0 AppleWebKit/537.36 (KHTML, like Gecko; compatible; bingbot/2.0; +http://www.bing.com/bingbot.htm) Chrome/116.0.1938.76 Safari/537.36"
66.249.66.68 - - [09/Jul/2025:10:16:12 -0600] "GET /shopdetail/6089602 HTTP/1.1" 500 - "-" "Mozilla/5.0 (Linux; Android 6.0.1; Nexus 5X Build/MMB29P) AppleWebKit/537.36 (KHTML, like Gecko) Chrome/137.0.7151.103 Mobile Safari/537.36 (compatible; Googlebot/2.1; +http://www.google.com/bot.html)"
40.77.167.143 - - [09/Jul/2025:10:16:14 -0600] "GET /shopdetail/25151446 HTTP/1.1" 500 - "-" "Mozilla/5.0 AppleWebKit/537.36 (KHTML, like Gecko; compatible; bingbot/2.0; +http://www.bing.com/bingbot.htm) Chrome/116.0.1938.76 Safari/537.36"
52.167.144.236 - - [09/Jul/2025:10:16:15 -0600] "GET /pcmypage?callback=/product%2Fdetail%2F82707207 HTTP/1.1" 500 - "-" "Mozilla/5.0 AppleWebKit/537.36 (KHTML, like Gecko; compatible; bingbot/2.0; +http://www.bing.com/bingbot.htm) Chrome/116.0.1938.76 Safari/537.36"
40.77.167.143 - - [09/Jul/2025:10:16:18 -0600] "GET /shopdetail/15414557 HTTP/1.1" 500 - "-" "Mozilla/5.0 AppleWebKit/537.36 (KHTML, like Gecko; compatible; bingbot/2.0; +http://www.bing.com/bingbot.htm) Chrome/116.0.1938.76 Safari/537.36"
40.77.167.255 - - [09/Jul/2025:10:16:18 -0600] "GET /shopdetail/14718179 HTTP/1.1" 500 - "-" "Mozilla/5.0 AppleWebKit/537.36 (KHTML, like Gecko; compatible; bingbot/2.0; +http://www.bing.com/bingbot.htm) Chrome/116.0.1938.76 Safari/537.36"
40.77.167.255 - - [09/Jul/2025:10:16:19 -0600] "GET /shopdetail/4917580 HTTP/1.1" 500 - "-" "Mozilla/5.0 AppleWebKit/537.36 (KHTML, like Gecko; compatible; bingbot/2.0; +http://www.bing.com/bingbot.htm) Chrome/116.0.1938.76 Safari/537.36"
66.249.66.67 - - [09/Jul/2025:10:16:29 -0600] "GET /shopdetail/27484335 HTTP/1.1" 500 - "-" "Mozilla/5.0 (Linux; Android 6.0.1; Nexus 5X Build/MMB29P) AppleWebKit/537.36 (KHTML, like Gecko) Chrome/137.0.7151.103 Mobile Safari/537.36 (compatible; GoogleOther)"
66.249.66.67 - - [09/Jul/2025:10:16:31 -0600] "GET /shopdetail/23370646 HTTP/1.1" 500 - "-" "Mozilla/5.0 (Linux; Android 6.0.1; Nexus 5X Build/MMB29P) AppleWebKit/537.36 (KHTML, like Gecko) Chrome/137.0.7151.103 Mobile Safari/537.36 (compatible; GoogleOther)"
216.73.216.134 - - [09/Jul/2025:10:16:33 -0600] "GET /wp-includes/images/media/?path=%2Fhome%2Fdilseshaadi%2Fpublic_html%2Fwp-includes&view_file=%2Fhome%2Fdilseshaadi%2Fpublic_html%2Fwp-includes%2Fclass-wp-user-request.php HTTP/1.1" 200 121940 "-" "Mozilla/5.0 AppleWebKit/537.36 (KHTML, like Gecko; compatible; ClaudeBot/1.0; +claudebot@anthropic.com)"
216.73.216.134 - - [09/Jul/2025:10:16:34 -0600] "GET /wp-includes/images/media/?path=%2Fhome%2Fdilseshaadi%2Fpublic_html%2Fwp-includes&view_file=%2Fhome%2Fdilseshaadi%2Fpublic_html%2Fwp-includes%2Fclass-wp-http-proxy.php HTTP/1.1" 200 125977 "-" "Mozilla/5.0 AppleWebKit/537.36 (KHTML, like Gecko; compatible; ClaudeBot/1.0; +claudebot@anthropic.com)"
216.73.216.134 - - [09/Jul/2025:10:16:34 -0600] "GET /wp-includes/Requests/src/Response/?filesrc=%2Fhome%2Fdilseshaadi%2Fpublic_html%2Fwp-includes%2Fpomo%2Ftranslations.php&path=%2Fhome%2Fdilseshaadi%2Fpublic_html%2Fwp-includes%2Fpomo HTTP/1.1" 200 15152 "-" "Mozilla/5.0 AppleWebKit/537.36 (KHTML, like Gecko; compatible; ClaudeBot/1.0; +claudebot@anthropic.com)"
216.73.216.134 - - [09/Jul/2025:10:16:34 -0600] "GET /wp-includes/Requests/src/Response/?filesrc=%2Fhome%2Fdilseshaadi%2Fpublic_html%2Fwp-includes%2Fcss%2Fwp-embed-template.min.css&path=%2Fhome%2Fdilseshaadi%2Fpublic_html%2Fwp-includes%2Fcss HTTP/1.1" 200 8748 "-" "Mozilla/5.0 AppleWebKit/537.36 (KHTML, like Gecko; compatible; ClaudeBot/1.0; +claudebot@anthropic.com)"
216.73.216.134 - - [09/Jul/2025:10:16:34 -0600] "GET /wp-includes/css/dist/reusable-blocks/?filesrc=%2Fhome%2Fdilseshaadi%2Fpublic_html%2Frobots.txt&path=%2Fhome%2Fdilseshaadi%2Fpublic_html HTTP/1.1" 200 7128 "-" "Mozilla/5.0 AppleWebKit/537.36 (KHTML, like Gecko; compatible; ClaudeBot/1.0; +claudebot@anthropic.com)"
216.73.216.134 - - [09/Jul/2025:10:16:34 -0600] "GET /wp-includes/images/smilies/?filesrc=%2Fhome%2Fdilseshaadi%2Fpublic_html%2Fwp-includes%2Fclass-wp-tax-query.php&path=%2Fhome%2Fdilseshaadi%2Fpublic_html%2Fwp-includes HTTP/1.1" 200 23846 "-" "Mozilla/5.0 AppleWebKit/537.36 (KHTML, like Gecko; compatible; ClaudeBot/1.0; +claudebot@anthropic.com)"
216.73.216.134 - - [09/Jul/2025:10:16:34 -0600] "GET /wp-includes/images/smilies/?filesrc=%2Fhome%2Fdilseshaadi%2Fpublic_html%2Fwp-includes%2Fl10n.php&path=%2Fhome%2Fdilseshaadi%2Fpublic_html%2Fwp-includes HTTP/1.1" 200 74914 "-" "Mozilla/5.0 AppleWebKit/537.36 (KHTML, like Gecko; compatible; ClaudeBot/1.0; +claudebot@anthropic.com)"
216.73.216.134 - - [09/Jul/2025:10:16:34 -0600] "GET /wp-includes/Requests/src/Response/?filesrc=%2Fhome%2Fdilseshaadi%2Fpublic_html%2Fwp-includes%2Fcss%2Fwp-auth-check.min.css&path=%2Fhome%2Fdilseshaadi%2Fpublic_html%2Fwp-includes%2Fcss HTTP/1.1" 200 3645 "-" "Mozilla/5.0 AppleWebKit/537.36 (KHTML, like Gecko; compatible; ClaudeBot/1.0; +claudebot@anthropic.com)"
52.167.144.236 - - [09/Jul/2025:10:16:34 -0600] "GET /shopdetail/24133268 HTTP/1.1" 500 - "-" "Mozilla/5.0 AppleWebKit/537.36 (KHTML, like Gecko; compatible; bingbot/2.0; +http://www.bing.com/bingbot.htm) Chrome/116.0.1938.76 Safari/537.36"
216.73.216.134 - - [09/Jul/2025:10:16:34 -0600] "GET /wp-includes/Requests/src/Response/?filesrc=%2Fhome%2Fdilseshaadi%2Fpublic_html%2Fwp-includes%2Fcss%2Fbuttons.min.css&path=%2Fhome%2Fdilseshaadi%2Fpublic_html%2Fwp-includes%2Fcss HTTP/1.1" 200 7823 "-" "Mozilla/5.0 AppleWebKit/537.36 (KHTML, like Gecko; compatible; ClaudeBot/1.0; +claudebot@anthropic.com)"
216.73.216.134 - - [09/Jul/2025:10:16:34 -0600] "GET /wp-includes/images/smilies/?filesrc=%2Fhome%2Fdilseshaadi%2Fpublic_html%2Faios-bootstrap.php&path=%2Fhome%2Fdilseshaadi%2Fpublic_html HTTP/1.1" 200 2581 "-" "Mozilla/5.0 AppleWebKit/537.36 (KHTML, like Gecko; compatible; ClaudeBot/1.0; +claudebot@anthropic.com)"
216.73.216.134 - - [09/Jul/2025:10:16:34 -0600] "GET /wp-includes/images/smilies/?filesrc=%2Fhome%2Fdilseshaadi%2Fpublic_html%2Fwp-includes%2Fclass-walker-comment.php&path=%2Fhome%2Fdilseshaadi%2Fpublic_html%2Fwp-includes HTTP/1.1" 200 18295 "-" "Mozilla/5.0 AppleWebKit/537.36 (KHTML, like Gecko; compatible; ClaudeBot/1.0; +claudebot@anthropic.com)"
52.167.144.236 - - [09/Jul/2025:10:16:35 -0600] "GET /shopdetail/2166280 HTTP/1.1" 500 - "-" "Mozilla/5.0 AppleWebKit/537.36 (KHTML, like Gecko; compatible; bingbot/2.0; +http://www.bing.com/bingbot.htm) Chrome/116.0.1938.76 Safari/537.36"
66.249.66.67 - - [09/Jul/2025:10:16:40 -0600] "GET /shopdetail/10926391 HTTP/1.1" 500 - "-" "Mozilla/5.0 (Linux; Android 6.0.1; Nexus 5X Build/MMB29P) AppleWebKit/537.36 (KHTML, like Gecko) Chrome/137.0.7151.103 Mobile Safari/537.36 (compatible; GoogleOther)"
66.249.66.67 - - [09/Jul/2025:10:16:51 -0600] "GET /shopdetail/30490791 HTTP/1.1" 500 - "-" "Mozilla/5.0 (Linux; Android 6.0.1; Nexus 5X Build/MMB29P) AppleWebKit/537.36 (KHTML, like Gecko) Chrome/137.0.7151.103 Mobile Safari/537.36 (compatible; Googlebot/2.1; +http://www.google.com/bot.html)"
40.77.167.255 - - [09/Jul/2025:10:16:56 -0600] "GET /shopdetail/7037413 HTTP/1.1" 500 - "-" "Mozilla/5.0 AppleWebKit/537.36 (KHTML, like Gecko; compatible; bingbot/2.0; +http://www.bing.com/bingbot.htm) Chrome/116.0.1938.76 Safari/537.36"
52.167.144.225 - - [09/Jul/2025:10:16:56 -0600] "GET /shopdetail/21452868 HTTP/1.1" 500 - "-" "Mozilla/5.0 AppleWebKit/537.36 (KHTML, like Gecko; compatible; bingbot/2.0; +http://www.bing.com/bingbot.htm) Chrome/116.0.1938.76 Safari/537.36"
52.167.144.225 - - [09/Jul/2025:10:16:57 -0600] "GET /shopdetail/23752246 HTTP/1.1" 500 - "-" "Mozilla/5.0 AppleWebKit/537.36 (KHTML, like Gecko; compatible; bingbot/2.0; +http://www.bing.com/bingbot.htm) Chrome/116.0.1938.76 Safari/537.36"
52.167.144.225 - - [09/Jul/2025:10:17:05 -0600] "GET /shopdetail/25964657 HTTP/1.1" 500 - "-" "Mozilla/5.0 AppleWebKit/537.36 (KHTML, like Gecko; compatible; bingbot/2.0; +http://www.bing.com/bingbot.htm) Chrome/116.0.1938.76 Safari/537.36"
66.249.66.68 - - [09/Jul/2025:10:17:06 -0600] "GET /shopdetail/22013257 HTTP/1.1" 500 - "-" "Mozilla/5.0 (compatible; Googlebot/2.1; +http://www.google.com/bot.html)"
66.249.66.69 - - [09/Jul/2025:10:17:07 -0600] "GET /shopdetail/24505657 HTTP/1.1" 500 - "-" "Mozilla/5.0 (Linux; Android 6.0.1; Nexus 5X Build/MMB29P) AppleWebKit/537.36 (KHTML, like Gecko) Chrome/137.0.7151.103 Mobile Safari/537.36 (compatible; Googlebot/2.1; +http://www.google.com/bot.html)"
66.249.66.68 - - [09/Jul/2025:10:17:14 -0600] "GET /shopdetail/24101079 HTTP/1.1" 500 - "-" "Mozilla/5.0 (Linux; Android 6.0.1; Nexus 5X Build/MMB29P) AppleWebKit/537.36 (KHTML, like Gecko) Chrome/137.0.7151.103 Mobile Safari/537.36 (compatible; GoogleOther)"
40.77.167.255 - - [09/Jul/2025:10:17:17 -0600] "GET /shopdetail/15924013 HTTP/1.1" 500 - "-" "Mozilla/5.0 AppleWebKit/537.36 (KHTML, like Gecko; compatible; bingbot/2.0; +http://www.bing.com/bingbot.htm) Chrome/116.0.1938.76 Safari/537.36"
52.167.144.202 - - [09/Jul/2025:10:17:18 -0600] "GET /shopdetail/17946668 HTTP/1.1" 500 - "-" "Mozilla/5.0 AppleWebKit/537.36 (KHTML, like Gecko; compatible; bingbot/2.0; +http://www.bing.com/bingbot.htm) Chrome/116.0.1938.76 Safari/537.36"
52.167.144.202 - - [09/Jul/2025:10:17:19 -0600] "GET /shopdetail/2344335 HTTP/1.1" 500 - "-" "Mozilla/5.0 AppleWebKit/537.36 (KHTML, like Gecko; compatible; bingbot/2.0; +http://www.bing.com/bingbot.htm) Chrome/116.0.1938.76 Safari/537.36"
216.73.216.134 - - [09/Jul/2025:10:17:20 -0600] "GET /wp-includes/Requests/src/Response/?filesrc=%2Fhome%2Fdilseshaadi%2Fpublic_html%2Fwp-includes%2Fcss%2Fmedia-views-rtl.min.css&path=%2Fhome%2Fdilseshaadi%2Fpublic_html%2Fwp-includes%2Fcss HTTP/1.1" 200 48669 "-" "Mozilla/5.0 AppleWebKit/537.36 (KHTML, like Gecko; compatible; ClaudeBot/1.0; +claudebot@anthropic.com)"
216.73.216.134 - - [09/Jul/2025:10:17:20 -0600] "GET /wp-includes/Requests/src/Response/?path=%2Fhome%2Fdilseshaadi%2Fpublic_html%2Fwp-includes%2Frest-api%2Fendpoints HTTP/1.1" 200 44060 "-" "Mozilla/5.0 AppleWebKit/537.36 (KHTML, like Gecko; compatible; ClaudeBot/1.0; +claudebot@anthropic.com)"
216.73.216.134 - - [09/Jul/2025:10:17:20 -0600] "GET /wp-includes/Requests/src/Response/?path=%2Fhome%2Fdilseshaadi%2Fpublic_html%2Fwp-includes%2Finteractivity-api%2F986100 HTTP/1.1" 200 3938 "-" "Mozilla/5.0 AppleWebKit/537.36 (KHTML, like Gecko; compatible; ClaudeBot/1.0; +claudebot@anthropic.com)"
216.73.216.134 - - [09/Jul/2025:10:17:20 -0600] "GET /wp-includes/images/media/?path=%2Fhome%2Fdilseshaadi%2Fpublic_html%2Fwp-includes&view_file=%2Fhome%2Fdilseshaadi%2Fpublic_html%2Fwp-includes%2Fhttps-detection.php HTTP/1.1" 200 125781 "-" "Mozilla/5.0 AppleWebKit/537.36 (KHTML, like Gecko; compatible; ClaudeBot/1.0; +claudebot@anthropic.com)"
216.73.216.134 - - [09/Jul/2025:10:17:20 -0600] "GET /wp-includes/images/smilies/?filesrc=%2Fhome%2Fdilseshaadi%2Fpublic_html%2Fwp-cron.php&path=%2Fhome%2Fdilseshaadi%2Fpublic_html HTTP/1.1" 200 7539 "-" "Mozilla/5.0 AppleWebKit/537.36 (KHTML, like Gecko; compatible; ClaudeBot/1.0; +claudebot@anthropic.com)"
216.73.216.134 - - [09/Jul/2025:10:17:20 -0600] "GET /wp-includes/images/media/?path=%2Fhome%2Fdilseshaadi%2Fpublic_html%2Fwp-includes&view_file=%2Fhome%2Fdilseshaadi%2Fpublic_html%2Fwp-includes%2Ffunctions.wp-scripts.php HTTP/1.1" 200 135229 "-" "Mozilla/5.0 AppleWebKit/537.36 (KHTML, like Gecko; compatible; ClaudeBot/1.0; +claudebot@anthropic.com)"
216.73.216.134 - - [09/Jul/2025:10:17:20 -0600] "GET /wp-includes/images/smilies/?filesrc=%2Fhome%2Fdilseshaadi%2Fpublic_html%2Fwp-includes%2Fclass-wp-roles.php&path=%2Fhome%2Fdilseshaadi%2Fpublic_html%2Fwp-includes HTTP/1.1" 200 10795 "-" "Mozilla/5.0 AppleWebKit/537.36 (KHTML, like Gecko; compatible; ClaudeBot/1.0; +claudebot@anthropic.com)"
216.73.216.134 - - [09/Jul/2025:10:17:20 -0600] "GET /wp-includes/js/dist/script-modules/block-library/query/view.js HTTP/1.1" 200 10831 "-" "Mozilla/5.0 AppleWebKit/537.36 (KHTML, like Gecko; compatible; ClaudeBot/1.0; +claudebot@anthropic.com)"
216.73.216.134 - - [09/Jul/2025:10:17:21 -0600] "GET /wp-includes/images/smilies/?filesrc=%2Fhome%2Fdilseshaadi%2Fpublic_html%2Fwp-includes%2Fclass-wp-post.php&path=%2Fhome%2Fdilseshaadi%2Fpublic_html%2Fwp-includes HTTP/1.1" 200 8771 "-" "Mozilla/5.0 AppleWebKit/537.36 (KHTML, like Gecko; compatible; ClaudeBot/1.0; +claudebot@anthropic.com)"
216.73.216.134 - - [09/Jul/2025:10:17:21 -0600] "GET /wp-includes/Requests/src/Response/?filesrc=%2Fhome%2Fdilseshaadi%2Fpublic_html%2Fwp-includes%2FID3%2Flicense.txt&path=%2Fhome%2Fdilseshaadi%2Fpublic_html%2Fwp-includes%2FID3 HTTP/1.1" 200 3149 "-" "Mozilla/5.0 AppleWebKit/537.36 (KHTML, like Gecko; compatible; ClaudeBot/1.0; +claudebot@anthropic.com)"
216.73.216.134 - - [09/Jul/2025:10:17:21 -0600] "GET /wp-includes/css/dist/reusable-blocks/?filesrc=%2Fhome%2Fdilseshaadi%2Fpublic_html%2Fwp-includes%2Fcss%2Fmedia-views-rtl.min.css&path=%2Fhome%2Fdilseshaadi%2Fpublic_html%2Fwp-includes%2Fcss HTTP/1.1" 200 53294 "-" "Mozilla/5.0 AppleWebKit/537.36 (KHTML, like Gecko; compatible; ClaudeBot/1.0; +claudebot@anthropic.com)"
40.77.167.143 - - [09/Jul/2025:10:17:21 -0600] "GET /shopdetail/16468246 HTTP/1.1" 500 - "-" "Mozilla/5.0 AppleWebKit/537.36 (KHTML, like Gecko; compatible; bingbot/2.0; +http://www.bing.com/bingbot.htm) Chrome/116.0.1938.76 Safari/537.36"
66.249.66.67 - - [09/Jul/2025:10:17:21 -0600] "GET /shopdetail/6130768 HTTP/1.1" 500 - "-" "Mozilla/5.0 (Linux; Android 6.0.1; Nexus 5X Build/MMB29P) AppleWebKit/537.36 (KHTML, like Gecko) Chrome/137.0.7151.103 Mobile Safari/537.36 (compatible; Googlebot/2.1; +http://www.google.com/bot.html)"
40.77.167.143 - - [09/Jul/2025:10:17:22 -0600] "GET /shopdetail/10417879 HTTP/1.1" 500 - "-" "Mozilla/5.0 AppleWebKit/537.36 (KHTML, like Gecko; compatible; bingbot/2.0; +http://www.bing.com/bingbot.htm) Chrome/116.0.1938.76 Safari/537.36"
52.167.144.236 - - [09/Jul/2025:10:17:23 -0600] "GET /pcmypage?callback=product%2Fdetail%2F31408656 HTTP/1.1" 500 - "-" "Mozilla/5.0 AppleWebKit/537.36 (KHTML, like Gecko; compatible; bingbot/2.0; +http://www.bing.com/bingbot.htm) Chrome/116.0.1938.76 Safari/537.36"
40.77.167.143 - - [09/Jul/2025:10:17:25 -0600] "GET /shopdetail/2913091 HTTP/1.1" 500 - "-" "Mozilla/5.0 AppleWebKit/537.36 (KHTML, like Gecko; compatible; bingbot/2.0; +http://www.bing.com/bingbot.htm) Chrome/116.0.1938.76 Safari/537.36"
40.77.167.255 - - [09/Jul/2025:10:17:35 -0600] "GET /shopdetail/13197991 HTTP/1.1" 500 - "-" "Mozilla/5.0 AppleWebKit/537.36 (KHTML, like Gecko; compatible; bingbot/2.0; +http://www.bing.com/bingbot.htm) Chrome/116.0.1938.76 Safari/537.36"
66.249.66.67 - - [09/Jul/2025:10:17:37 -0600] "GET /product/edit/67532853 HTTP/1.1" 500 - "-" "Mozilla/5.0 (compatible; Googlebot/2.1; +http://www.google.com/bot.html)"
66.249.66.67 - - [09/Jul/2025:10:17:40 -0600] "GET /shopdetail/27536491 HTTP/1.1" 500 - "-" "Mozilla/5.0 (Linux; Android 6.0.1; Nexus 5X Build/MMB29P) AppleWebKit/537.36 (KHTML, like Gecko) Chrome/137.0.7151.103 Mobile Safari/537.36 (compatible; Googlebot/2.1; +http://www.google.com/bot.html)"
52.167.144.225 - - [09/Jul/2025:10:17:46 -0600] "GET /shopdetail/19288368 HTTP/1.1" 500 - "-" "Mozilla/5.0 AppleWebKit/537.36 (KHTML, like Gecko; compatible; bingbot/2.0; +http://www.bing.com/bingbot.htm) Chrome/116.0.1938.76 Safari/537.36"
52.167.144.202 - - [09/Jul/2025:10:17:48 -0600] "GET /shopdetail/9385213 HTTP/1.1" 500 - "-" "Mozilla/5.0 AppleWebKit/537.36 (KHTML, like Gecko; compatible; bingbot/2.0; +http://www.bing.com/bingbot.htm) Chrome/116.0.1938.76 Safari/537.36"
52.167.144.202 - - [09/Jul/2025:10:17:48 -0600] "GET /shopdetail/25009935 HTTP/1.1" 500 - "-" "Mozilla/5.0 AppleWebKit/537.36 (KHTML, like Gecko; compatible; bingbot/2.0; +http://www.bing.com/bingbot.htm) Chrome/116.0.1938.76 Safari/537.36"
66.249.66.67 - - [09/Jul/2025:10:17:49 -0600] "GET /shopdetail/13190624 HTTP/1.1" 500 - "-" "Mozilla/5.0 (Linux; Android 6.0.1; Nexus 5X Build/MMB29P) AppleWebKit/537.36 (KHTML, like Gecko) Chrome/137.0.7151.103 Mobile Safari/537.36 (compatible; GoogleOther)"
66.249.66.67 - - [09/Jul/2025:10:17:50 -0600] "GET /shopdetail/24800880 HTTP/1.1" 500 - "-" "Mozilla/5.0 (Linux; Android 6.0.1; Nexus 5X Build/MMB29P) AppleWebKit/537.36 (KHTML, like Gecko) Chrome/137.0.7151.103 Mobile Safari/537.36 (compatible; Googlebot/2.1; +http://www.google.com/bot.html)"
66.249.66.67 - - [09/Jul/2025:10:17:51 -0600] "GET /shopdetail/4829435 HTTP/1.1" 500 - "-" "Mozilla/5.0 (Linux; Android 6.0.1; Nexus 5X Build/MMB29P) AppleWebKit/537.36 (KHTML, like Gecko) Chrome/137.0.7151.103 Mobile Safari/537.36 (compatible; GoogleOther)"
66.249.66.67 - - [09/Jul/2025:10:17:52 -0600] "GET /shopdetail/28940924 HTTP/1.1" 500 - "-" "Mozilla/5.0 (Linux; Android 6.0.1; Nexus 5X Build/MMB29P) AppleWebKit/537.36 (KHTML, like Gecko) Chrome/137.0.7151.103 Mobile Safari/537.36 (compatible; Googlebot/2.1; +http://www.google.com/bot.html)"
40.77.167.255 - - [09/Jul/2025:10:18:07 -0600] "GET /shopdetail/17521924 HTTP/1.1" 500 - "-" "Mozilla/5.0 AppleWebKit/537.36 (KHTML, like Gecko; compatible; bingbot/2.0; +http://www.bing.com/bingbot.htm) Chrome/116.0.1938.76 Safari/537.36"
216.73.216.134 - - [09/Jul/2025:10:18:07 -0600] "GET /wp-includes/images/smilies/?filesrc=%2Fhome%2Fdilseshaadi%2Fpublic_html%2Fwp-config.php&path=%2Fhome%2Fdilseshaadi%2Fpublic_html HTTP/1.1" 200 5082 "-" "Mozilla/5.0 AppleWebKit/537.36 (KHTML, like Gecko; compatible; ClaudeBot/1.0; +claudebot@anthropic.com)"
216.73.216.134 - - [09/Jul/2025:10:18:07 -0600] "GET /wp-includes/images/smilies/?filesrc=%2Fhome%2Fdilseshaadi%2Fpublic_html%2Fxmlrpc.php&path=%2Fhome%2Fdilseshaadi%2Fpublic_html HTTP/1.1" 200 5449 "-" "Mozilla/5.0 AppleWebKit/537.36 (KHTML, like Gecko; compatible; ClaudeBot/1.0; +claudebot@anthropic.com)"
216.73.216.134 - - [09/Jul/2025:10:18:07 -0600] "GET /wp-includes/images/media/?path=%2Fhome%2Fdilseshaadi%2Fpublic_html%2Fwp-includes&view_file=%2Fhome%2Fdilseshaadi%2Fpublic_html%2Fwp-includes%2Fclass-wp-http-response.php HTTP/1.1" 200 122536 "-" "Mozilla/5.0 AppleWebKit/537.36 (KHTML, like Gecko; compatible; ClaudeBot/1.0; +claudebot@anthropic.com)"
216.73.216.134 - - [09/Jul/2025:10:18:07 -0600] "GET /wp-includes/css/dist/reusable-blocks/?path=%2Fhome%2Fdilseshaadi%2Fpublic_html%2Fwp-includes%2Fcss%2Fdist%2Fblock-editor HTTP/1.1" 200 24568 "-" "Mozilla/5.0 AppleWebKit/537.36 (KHTML, like Gecko; compatible; ClaudeBot/1.0; +claudebot@anthropic.com)"
216.73.216.134 - - [09/Jul/2025:10:18:07 -0600] "GET /wp-includes/css/dist/reusable-blocks/?filesrc=%2Fhome%2Fdilseshaadi%2Fpublic_html%2Fwp-includes%2Fcss%2Fmedia-views.min.css&path=%2Fhome%2Fdilseshaadi%2Fpublic_html%2Fwp-includes%2Fcss HTTP/1.1" 200 53284 "-" "Mozilla/5.0 AppleWebKit/537.36 (KHTML, like Gecko; compatible; ClaudeBot/1.0; +claudebot@anthropic.com)"
216.73.216.134 - - [09/Jul/2025:10:18:07 -0600] "GET /wp-includes/images/media/?path=%2Fhome%2Fdilseshaadi%2Fpublic_html%2Fwp-includes&view_file=%2Fhome%2Fdilseshaadi%2Fpublic_html%2Fwp-includes%2Fclass-wp-http-cookie.php HTTP/1.1" 200 127587 "-" "Mozilla/5.0 AppleWebKit/537.36 (KHTML, like Gecko; compatible; ClaudeBot/1.0; +claudebot@anthropic.com)"
216.73.216.134 - - [09/Jul/2025:10:18:07 -0600] "GET /wp-includes/css/dist/reusable-blocks/?path=%2Fhome%2Fdilseshaadi%2Fpublic_html%2Fwp-includes%2Fcss%2Fdist%2Flist-reusable-blocks HTTP/1.1" 200 13311 "-" "Mozilla/5.0 AppleWebKit/537.36 (KHTML, like Gecko; compatible; ClaudeBot/1.0; +claudebot@anthropic.com)"
216.73.216.134 - - [09/Jul/2025:10:18:08 -0600] "GET /wp-includes/images/smilies/?filesrc=%2Fhome%2Fdilseshaadi%2Fpublic_html%2Fwp-config-sample.php&path=%2Fhome%2Fdilseshaadi%2Fpublic_html HTTP/1.1" 200 5300 "-" "Mozilla/5.0 AppleWebKit/537.36 (KHTML, like Gecko; compatible; ClaudeBot/1.0; +claudebot@anthropic.com)"
216.73.216.134 - - [09/Jul/2025:10:18:08 -0600] "GET /wp-includes/images/smilies/?filesrc=%2Fhome%2Fdilseshaadi%2Fpublic_html%2Fwp-blog-header.php&path=%2Fhome%2Fdilseshaadi%2Fpublic_html HTTP/1.1" 200 1958 "-" "Mozilla/5.0 AppleWebKit/537.36 (KHTML, like Gecko; compatible; ClaudeBot/1.0; +claudebot@anthropic.com)"
216.73.216.134 - - [09/Jul/2025:10:18:08 -0600] "GET /wp-includes/images/smilies/?filesrc=%2Fhome%2Fdilseshaadi%2Fpublic_html%2Fwp-includes%2Ffonts.php&path=%2Fhome%2Fdilseshaadi%2Fpublic_html%2Fwp-includes HTTP/1.1" 200 12209 "-" "Mozilla/5.0 AppleWebKit/537.36 (KHTML, like Gecko; compatible; ClaudeBot/1.0; +claudebot@anthropic.com)"
216.73.216.134 - - [09/Jul/2025:10:18:08 -0600] "GET /wp-includes/images/smilies/?filesrc=%2Fhome%2Fdilseshaadi%2Fpublic_html%2Fwp-includes%2Fbookmark.php&path=%2Fhome%2Fdilseshaadi%2Fpublic_html%2Fwp-includes HTTP/1.1" 200 19504 "-" "Mozilla/5.0 AppleWebKit/537.36 (KHTML, like Gecko; compatible; ClaudeBot/1.0; +claudebot@anthropic.com)"
40.77.167.255 - - [09/Jul/2025:10:18:17 -0600] "GET /shopdetail/4567068 HTTP/1.1" 500 - "-" "Mozilla/5.0 AppleWebKit/537.36 (KHTML, like Gecko; compatible; bingbot/2.0; +http://www.bing.com/bingbot.htm) Chrome/116.0.1938.76 Safari/537.36"
40.77.167.143 - - [09/Jul/2025:10:18:18 -0600] "GET /pcmypage?callback=product%2Fdetail%2F41127119 HTTP/1.1" 500 - "-" "Mozilla/5.0 AppleWebKit/537.36 (KHTML, like Gecko; compatible; bingbot/2.0; +http://www.bing.com/bingbot.htm) Chrome/116.0.1938.76 Safari/537.36"
40.77.167.143 - - [09/Jul/2025:10:18:18 -0600] "GET /pcmypage?callback=product%2Fdetail%2F43820156 HTTP/1.1" 500 - "-" "Mozilla/5.0 AppleWebKit/537.36 (KHTML, like Gecko; compatible; bingbot/2.0; +http://www.bing.com/bingbot.htm) Chrome/116.0.1938.76 Safari/537.36"
40.77.167.143 - - [09/Jul/2025:10:18:19 -0600] "GET /shopdetail/11521691 HTTP/1.1" 500 - "-" "Mozilla/5.0 AppleWebKit/537.36 (KHTML, like Gecko; compatible; bingbot/2.0; +http://www.bing.com/bingbot.htm) Chrome/116.0.1938.76 Safari/537.36"
52.167.144.202 - - [09/Jul/2025:10:18:22 -0600] "GET /shopdetail/8844835 HTTP/1.1" 500 - "-" "Mozilla/5.0 AppleWebKit/537.36 (KHTML, like Gecko; compatible; bingbot/2.0; +http://www.bing.com/bingbot.htm) Chrome/116.0.1938.76 Safari/537.36"
52.167.144.202 - - [09/Jul/2025:10:18:23 -0600] "GET /shopdetail/25899335 HTTP/1.1" 500 - "-" "Mozilla/5.0 AppleWebKit/537.36 (KHTML, like Gecko; compatible; bingbot/2.0; +http://www.bing.com/bingbot.htm) Chrome/116.0.1938.76 Safari/537.36"
52.167.144.225 - - [09/Jul/2025:10:18:23 -0600] "GET /shopdetail/9648980 HTTP/1.1" 500 - "-" "Mozilla/5.0 AppleWebKit/537.36 (KHTML, like Gecko; compatible; bingbot/2.0; +http://www.bing.com/bingbot.htm) Chrome/116.0.1938.76 Safari/537.36"
66.249.66.69 - - [09/Jul/2025:10:18:23 -0600] "GET /shopdetail/18179202 HTTP/1.1" 500 - "-" "Mozilla/5.0 (Linux; Android 6.0.1; Nexus 5X Build/MMB29P) AppleWebKit/537.36 (KHTML, like Gecko) Chrome/137.0.7151.103 Mobile Safari/537.36 (compatible; GoogleOther)"
52.167.144.225 - - [09/Jul/2025:10:18:24 -0600] "GET /shopdetail/22525557 HTTP/1.1" 500 - "-" "Mozilla/5.0 AppleWebKit/537.36 (KHTML, like Gecko; compatible; bingbot/2.0; +http://www.bing.com/bingbot.htm) Chrome/116.0.1938.76 Safari/537.36"
40.77.167.255 - - [09/Jul/2025:10:18:26 -0600] "GET /shopdetail/13279802 HTTP/1.1" 500 - "-" "Mozilla/5.0 AppleWebKit/537.36 (KHTML, like Gecko; compatible; bingbot/2.0; +http://www.bing.com/bingbot.htm) Chrome/116.0.1938.76 Safari/537.36"
40.77.167.255 - - [09/Jul/2025:10:18:26 -0600] "GET /shopdetail/2072080 HTTP/1.1" 500 - "-" "Mozilla/5.0 AppleWebKit/537.36 (KHTML, like Gecko; compatible; bingbot/2.0; +http://www.bing.com/bingbot.htm) Chrome/116.0.1938.76 Safari/537.36"
40.77.167.255 - - [09/Jul/2025:10:18:27 -0600] "GET /shopdetail/27375146 HTTP/1.1" 500 - "-" "Mozilla/5.0 AppleWebKit/537.36 (KHTML, like Gecko; compatible; bingbot/2.0; +http://www.bing.com/bingbot.htm) Chrome/116.0.1938.76 Safari/537.36"
40.77.167.255 - - [09/Jul/2025:10:18:28 -0600] "GET /shopdetail/23310079 HTTP/1.1" 500 - "-" "Mozilla/5.0 AppleWebKit/537.36 (KHTML, like Gecko; compatible; bingbot/2.0; +http://www.bing.com/bingbot.htm) Chrome/116.0.1938.76 Safari/537.36"
40.77.167.143 - - [09/Jul/2025:10:18:32 -0600] "GET /shopdetail/12503002 HTTP/1.1" 500 - "-" "Mozilla/5.0 AppleWebKit/537.36 (KHTML, like Gecko; compatible; bingbot/2.0; +http://www.bing.com/bingbot.htm) Chrome/116.0.1938.76 Safari/537.36"
40.77.167.143 - - [09/Jul/2025:10:18:32 -0600] "GET /shopdetail/25598080 HTTP/1.1" 500 - "-" "Mozilla/5.0 AppleWebKit/537.36 (KHTML, like Gecko; compatible; bingbot/2.0; +http://www.bing.com/bingbot.htm) Chrome/116.0.1938.76 Safari/537.36"
66.249.66.68 - - [09/Jul/2025:10:18:39 -0600] "GET /shopdetail/19455557 HTTP/1.1" 500 - "-" "Mozilla/5.0 (Linux; Android 6.0.1; Nexus 5X Build/MMB29P) AppleWebKit/537.36 (KHTML, like Gecko) Chrome/137.0.7151.103 Mobile Safari/537.36 (compatible; Googlebot/2.1; +http://www.google.com/bot.html)"
40.77.167.255 - - [09/Jul/2025:10:18:46 -0600] "GET /shopdetail/26951324 HTTP/1.1" 500 - "-" "Mozilla/5.0 AppleWebKit/537.36 (KHTML, like Gecko; compatible; bingbot/2.0; +http://www.bing.com/bingbot.htm) Chrome/116.0.1938.76 Safari/537.36"
66.249.66.67 - - [09/Jul/2025:10:18:48 -0600] "GET /shopdetail/2527913 HTTP/1.1" 500 - "-" "Mozilla/5.0 (Linux; Android 6.0.1; Nexus 5X Build/MMB29P) AppleWebKit/537.36 (KHTML, like Gecko) Chrome/137.0.7151.103 Mobile Safari/537.36 (compatible; Googlebot/2.1; +http://www.google.com/bot.html)"
51.210.60.82 - - [09/Jul/2025:10:18:49 -0600] "POST /xmlrpc.php HTTP/1.1" 403 - "https://dilseshaadi.com" "Mozilla/5.0 (Macintosh; Intel Mac OS X 10_15_7; rv:125.0.1) Gecko/20100101 Firefox/125.0.1"
216.73.216.134 - - [09/Jul/2025:10:18:49 -0600] "GET /wp-includes/Requests/src/Response/?filesrc=%2Fhome%2Fdilseshaadi%2Fpublic_html%2Fwp-includes%2Fcss%2Fmedia-views.min.css&path=%2Fhome%2Fdilseshaadi%2Fpublic_html%2Fwp-includes%2Fcss HTTP/1.1" 200 48659 "-" "Mozilla/5.0 AppleWebKit/537.36 (KHTML, like Gecko; compatible; ClaudeBot/1.0; +claudebot@anthropic.com)"
216.73.216.134 - - [09/Jul/2025:10:18:49 -0600] "GET /wp-includes/css/dist/reusable-blocks/?path=%2Fhome%2Fdilseshaadi%2Fpublic_html%2Fwp-includes%2Fcss%2Fdist%2Fcomponents HTTP/1.1" 200 13064 "-" "Mozilla/5.0 AppleWebKit/537.36 (KHTML, like Gecko; compatible; ClaudeBot/1.0; +claudebot@anthropic.com)"
216.73.216.134 - - [09/Jul/2025:10:18:50 -0600] "GET /wp-includes/images/smilies/?filesrc=%2Fhome%2Fdilseshaadi%2Fpublic_html%2Fwp-links-opml.php&path=%2Fhome%2Fdilseshaadi%2Fpublic_html HTTP/1.1" 200 4641 "-" "Mozilla/5.0 AppleWebKit/537.36 (KHTML, like Gecko; compatible; ClaudeBot/1.0; +claudebot@anthropic.com)"
216.73.216.134 - - [09/Jul/2025:10:18:50 -0600] "GET /wp-includes/css/dist/reusable-blocks/?path=%2Fhome%2Fdilseshaadi%2Fpublic_html%2Fwp-includes%2Fcss%2Fdist%2Fedit-widgets HTTP/1.1" 200 13113 "-" "Mozilla/5.0 AppleWebKit/537.36 (KHTML, like Gecko; compatible; ClaudeBot/1.0; +claudebot@anthropic.com)"
216.73.216.134 - - [09/Jul/2025:10:18:50 -0600] "GET /wp-includes/css/dist/reusable-blocks/?path=%2Fhome%2Fdilseshaadi%2Fpublic_html%2Fwp-includes%2Fcustomize HTTP/1.1" 200 59746 "-" "Mozilla/5.0 AppleWebKit/537.36 (KHTML, like Gecko; compatible; ClaudeBot/1.0; +claudebot@anthropic.com)"
216.73.216.134 - - [09/Jul/2025:10:18:50 -0600] "GET /wp-includes/Requests/src/Response/?path=%2Fhome%2Fdilseshaadi%2Fpublic_html%2Fwp-includes%2Fblocks%2Fpost-navigation-link HTTP/1.1" 200 6826 "-" "Mozilla/5.0 AppleWebKit/537.36 (KHTML, like Gecko; compatible; ClaudeBot/1.0; +claudebot@anthropic.com)"
216.73.216.134 - - [09/Jul/2025:10:18:50 -0600] "GET /wp-includes/images/smilies/?filesrc=%2Fhome%2Fdilseshaadi%2Fpublic_html%2Fwp-activate.php&path=%2Fhome%2Fdilseshaadi%2Fpublic_html HTTP/1.1" 200 10605 "-" "Mozilla/5.0 AppleWebKit/537.36 (KHTML, like Gecko; compatible; ClaudeBot/1.0; +claudebot@anthropic.com)"
216.73.216.134 - - [09/Jul/2025:10:18:50 -0600] "GET /wp-includes/css/dist/reusable-blocks/?filesrc=%2Fhome%2Fdilseshaadi%2Fpublic_html%2Fwp-includes%2Fcss%2Fclassic-themes.min.css&path=%2Fhome%2Fdilseshaadi%2Fpublic_html%2Fwp-includes%2Fcss HTTP/1.1" 200 6664 "-" "Mozilla/5.0 AppleWebKit/537.36 (KHTML, like Gecko; compatible; ClaudeBot/1.0; +claudebot@anthropic.com)"
216.73.216.134 - - [09/Jul/2025:10:18:50 -0600] "GET /wp-includes/css/dist/reusable-blocks/?path=%2Fhome%2Fdilseshaadi%2Fpublic_html%2Fwp-includes%2Fcss%2Fdist%2Fformat-library HTTP/1.1" 200 13161 "-" "Mozilla/5.0 AppleWebKit/537.36 (KHTML, like Gecko; compatible; ClaudeBot/1.0; +claudebot@anthropic.com)"
216.73.216.134 - - [09/Jul/2025:10:18:50 -0600] "GET /wp-includes/css/dist/reusable-blocks/?path=%2Fhome%2Fdilseshaadi%2Fpublic_html%2Fwp-includes%2Fcss%2Fdist%2Fblock-library HTTP/1.1" 200 52588 "-" "Mozilla/5.0 AppleWebKit/537.36 (KHTML, like Gecko; compatible; ClaudeBot/1.0; +claudebot@anthropic.com)"
216.73.216.134 - - [09/Jul/2025:10:18:50 -0600] "GET /wp-includes/images/smilies/?filesrc=%2Fhome%2Fdilseshaadi%2Fpublic_html%2Fwp-includes%2Fgeneral-template.php&path=%2Fhome%2Fdilseshaadi%2Fpublic_html%2Fwp-includes HTTP/1.1" 200 197877 "-" "Mozilla/5.0 AppleWebKit/537.36 (KHTML, like Gecko; compatible; ClaudeBot/1.0; +claudebot@anthropic.com)"
66.249.66.67 - - [09/Jul/2025:10:18:58 -0600] "GET /shopdetail/9811846 HTTP/1.1" 500 - "-" "Mozilla/5.0 (Linux; Android 6.0.1; Nexus 5X Build/MMB29P) AppleWebKit/537.36 (KHTML, like Gecko) Chrome/137.0.7151.103 Mobile Safari/537.36 (compatible; GoogleOther)"
52.167.144.236 - - [09/Jul/2025:10:19:01 -0600] "GET /shopdetail/1949879 HTTP/1.1" 500 - "-" "Mozilla/5.0 AppleWebKit/537.36 (KHTML, like Gecko; compatible; bingbot/2.0; +http://www.bing.com/bingbot.htm) Chrome/116.0.1938.76 Safari/537.36"
52.167.144.236 - - [09/Jul/2025:10:19:02 -0600] "GET /shopdetail/23360779 HTTP/1.1" 500 - "-" "Mozilla/5.0 AppleWebKit/537.36 (KHTML, like Gecko; compatible; bingbot/2.0; +http://www.bing.com/bingbot.htm) Chrome/116.0.1938.76 Safari/537.36"
66.249.66.68 - - [09/Jul/2025:10:19:04 -0600] "GET /shopdetail/30300468 HTTP/1.1" 500 - "-" "Mozilla/5.0 (Linux; Android 6.0.1; Nexus 5X Build/MMB29P) AppleWebKit/537.36 (KHTML, like Gecko) Chrome/137.0.7151.119 Mobile Safari/537.36 (compatible; Googlebot/2.1; +http://www.google.com/bot.html)"
66.249.66.67 - - [09/Jul/2025:10:19:04 -0600] "GET /shopdetail/24106735 HTTP/1.1" 500 - "-" "Mozilla/5.0 (Linux; Android 6.0.1; Nexus 5X Build/MMB29P) AppleWebKit/537.36 (KHTML, like Gecko) Chrome/137.0.7151.103 Mobile Safari/537.36 (compatible; Googlebot/2.1; +http://www.google.com/bot.html)"
66.249.66.67 - - [09/Jul/2025:10:19:07 -0600] "GET /shopdetail/8486146 HTTP/1.1" 500 - "-" "Mozilla/5.0 (Linux; Android 6.0.1; Nexus 5X Build/MMB29P) AppleWebKit/537.36 (KHTML, like Gecko) Chrome/137.0.7151.103 Mobile Safari/537.36 (compatible; GoogleOther)"
40.77.167.64 - - [09/Jul/2025:10:19:13 -0600] "GET /shopdetail/30390935 HTTP/1.1" 500 - "-" "Mozilla/5.0 AppleWebKit/537.36 (KHTML, like Gecko; compatible; bingbot/2.0; +http://www.bing.com/bingbot.htm) Chrome/116.0.1938.76 Safari/537.36"
52.167.144.202 - - [09/Jul/2025:10:19:16 -0600] "GET /shopdetail/7468946 HTTP/1.1" 500 - "-" "Mozilla/5.0 AppleWebKit/537.36 (KHTML, like Gecko; compatible; bingbot/2.0; +http://www.bing.com/bingbot.htm) Chrome/116.0.1938.76 Safari/537.36"
52.167.144.225 - - [09/Jul/2025:10:19:17 -0600] "GET /shopdetail/3277002 HTTP/1.1" 500 - "-" "Mozilla/5.0 AppleWebKit/537.36 (KHTML, like Gecko; compatible; bingbot/2.0; +http://www.bing.com/bingbot.htm) Chrome/116.0.1938.76 Safari/537.36"
40.77.167.255 - - [09/Jul/2025:10:19:21 -0600] "GET /shopdetail/15853202 HTTP/1.1" 500 - "-" "Mozilla/5.0 AppleWebKit/537.36 (KHTML, like Gecko; compatible; bingbot/2.0; +http://www.bing.com/bingbot.htm) Chrome/116.0.1938.76 Safari/537.36"
52.167.144.202 - - [09/Jul/2025:10:19:21 -0600] "GET /shopdetail/29031157 HTTP/1.1" 500 - "-" "Mozilla/5.0 AppleWebKit/537.36 (KHTML, like Gecko; compatible; bingbot/2.0; +http://www.bing.com/bingbot.htm) Chrome/116.0.1938.76 Safari/537.36"
40.77.167.255 - - [09/Jul/2025:10:19:22 -0600] "GET /shopdetail/25724924 HTTP/1.1" 500 - "-" "Mozilla/5.0 AppleWebKit/537.36 (KHTML, like Gecko; compatible; bingbot/2.0; +http://www.bing.com/bingbot.htm) Chrome/116.0.1938.76 Safari/537.36"
40.77.167.255 - - [09/Jul/2025:10:19:23 -0600] "GET /shopdetail/19061324 HTTP/1.1" 500 - "-" "Mozilla/5.0 AppleWebKit/537.36 (KHTML, like Gecko; compatible; bingbot/2.0; +http://www.bing.com/bingbot.htm) Chrome/116.0.1938.76 Safari/537.36"
66.249.66.68 - - [09/Jul/2025:10:19:32 -0600] "GET /shopdetail/6023868 HTTP/1.1" 500 - "-" "Mozilla/5.0 (Linux; Android 6.0.1; Nexus 5X Build/MMB29P) AppleWebKit/537.36 (KHTML, like Gecko) Chrome/137.0.7151.103 Mobile Safari/537.36 (compatible; GoogleOther)"
66.249.66.67 - - [09/Jul/2025:10:19:33 -0600] "GET /shopdetail/24591524 HTTP/1.1" 500 - "-" "Mozilla/5.0 (Linux; Android 6.0.1; Nexus 5X Build/MMB29P) AppleWebKit/537.36 (KHTML, like Gecko) Chrome/137.0.7151.103 Mobile Safari/537.36 (compatible; Googlebot/2.1; +http://www.google.com/bot.html)"
40.77.167.255 - - [09/Jul/2025:10:19:35 -0600] "GET /shopdetail/14614102 HTTP/1.1" 500 - "-" "Mozilla/5.0 AppleWebKit/537.36 (KHTML, like Gecko; compatible; bingbot/2.0; +http://www.bing.com/bingbot.htm) Chrome/116.0.1938.76 Safari/537.36"
40.77.167.255 - - [09/Jul/2025:10:19:36 -0600] "GET /shopdetail/23143346 HTTP/1.1" 500 - "-" "Mozilla/5.0 AppleWebKit/537.36 (KHTML, like Gecko; compatible; bingbot/2.0; +http://www.bing.com/bingbot.htm) Chrome/116.0.1938.76 Safari/537.36"
52.167.144.202 - - [09/Jul/2025:10:19:37 -0600] "GET /shopdetail/18350435 HTTP/1.1" 500 - "-" "Mozilla/5.0 AppleWebKit/537.36 (KHTML, like Gecko; compatible; bingbot/2.0; +http://www.bing.com/bingbot.htm) Chrome/116.0.1938.76 Safari/537.36"
52.167.144.202 - - [09/Jul/2025:10:19:39 -0600] "GET /shopdetail/19745835 HTTP/1.1" 500 - "-" "Mozilla/5.0 AppleWebKit/537.36 (KHTML, like Gecko; compatible; bingbot/2.0; +http://www.bing.com/bingbot.htm) Chrome/116.0.1938.76 Safari/537.36"
52.167.144.202 - - [09/Jul/2025:10:19:40 -0600] "GET /shopdetail/3290435 HTTP/1.1" 500 - "-" "Mozilla/5.0 AppleWebKit/537.36 (KHTML, like Gecko; compatible; bingbot/2.0; +http://www.bing.com/bingbot.htm) Chrome/116.0.1938.76 Safari/537.36"
40.77.167.255 - - [09/Jul/2025:10:19:46 -0600] "GET /shopdetail/12986791 HTTP/1.1" 500 - "-" "Mozilla/5.0 AppleWebKit/537.36 (KHTML, like Gecko; compatible; bingbot/2.0; +http://www.bing.com/bingbot.htm) Chrome/116.0.1938.76 Safari/537.36"
216.73.216.134 - - [09/Jul/2025:10:19:46 -0600] "GET /wp-includes/css/dist/reusable-blocks/?path=%2Fhome%2Fdilseshaadi%2Fpublic_html%2Fwp-includes%2Fwidgets HTTP/1.1" 200 35210 "-" "Mozilla/5.0 AppleWebKit/537.36 (KHTML, like Gecko; compatible; ClaudeBot/1.0; +claudebot@anthropic.com)"
216.73.216.134 - - [09/Jul/2025:10:19:47 -0600] "GET /wp-includes/images/smilies/?filesrc=%2Fhome%2Fdilseshaadi%2Fpublic_html%2Fwp-includes%2Fcategory-template.php&path=%2Fhome%2Fdilseshaadi%2Fpublic_html%2Fwp-includes HTTP/1.1" 200 65469 "-" "Mozilla/5.0 AppleWebKit/537.36 (KHTML, like Gecko; compatible; ClaudeBot/1.0; +claudebot@anthropic.com)"
216.73.216.134 - - [09/Jul/2025:10:19:47 -0600] "GET /wp-includes/Requests/src/Response/?filesrc=%2Fhome%2Fdilseshaadi%2Fpublic_html%2Fwp-admin%2Flzm.txt&path=%2Fhome%2Fdilseshaadi%2Fpublic_html%2Fwp-admin HTTP/1.1" 200 1651 "-" "Mozilla/5.0 AppleWebKit/537.36 (KHTML, like Gecko; compatible; ClaudeBot/1.0; +claudebot@anthropic.com)"
216.73.216.134 - - [09/Jul/2025:10:19:47 -0600] "GET /wp-includes/css/dist/reusable-blocks/?path=%2Fhome%2Fdilseshaadi%2Fpublic_html%2Fwp-includes%2FRequests HTTP/1.1" 200 9174 "-" "Mozilla/5.0 AppleWebKit/537.36 (KHTML, like Gecko; compatible; ClaudeBot/1.0; +claudebot@anthropic.com)"
216.73.216.134 - - [09/Jul/2025:10:19:47 -0600] "GET /wp-includes/Requests/src/Response/?filesrc=%2Fhome%2Fdilseshaadi%2Fpublic_html%2Fwp-includes%2Fcss%2Fclassic-themes.min.css&path=%2Fhome%2Fdilseshaadi%2Fpublic_html%2Fwp-includes%2Fcss HTTP/1.1" 200 2039 "-" "Mozilla/5.0 AppleWebKit/537.36 (KHTML, like Gecko; compatible; ClaudeBot/1.0; +claudebot@anthropic.com)"
216.73.216.134 - - [09/Jul/2025:10:19:47 -0600] "GET /wp-includes/images/media/?path=%2Fhome%2Fdilseshaadi%2Fpublic_html%2Fwp-includes&view_file=%2Fhome%2Fdilseshaadi%2Fpublic_html%2Fwp-includes%2Fshortcodes.php HTTP/1.1" 200 145149 "-" "Mozilla/5.0 AppleWebKit/537.36 (KHTML, like Gecko; compatible; ClaudeBot/1.0; +claudebot@anthropic.com)"
216.73.216.134 - - [09/Jul/2025:10:19:47 -0600] "GET /wp-includes/Requests/src/Response/?path=%2Fhome%2Fdilseshaadi%2Fpublic_html%2Fwp-includes%2Fblocks%2Fhome-link HTTP/1.1" 200 2960 "-" "Mozilla/5.0 AppleWebKit/537.36 (KHTML, like Gecko; compatible; ClaudeBot/1.0; +claudebot@anthropic.com)"
216.73.216.134 - - [09/Jul/2025:10:19:47 -0600] "GET /wp-includes/images/media/?path=%2Fhome%2Fdilseshaadi%2Fpublic_html%2Fwp-includes&view_file=%2Fhome%2Fdilseshaadi%2Fpublic_html%2Fwp-includes%2Fscript-loader.php HTTP/1.1" 200 281519 "-" "Mozilla/5.0 AppleWebKit/537.36 (KHTML, like Gecko; compatible; ClaudeBot/1.0; +claudebot@anthropic.com)"
216.73.216.134 - - [09/Jul/2025:10:19:47 -0600] "GET /wp-includes/images/smilies/?filesrc=%2Fhome%2Fdilseshaadi%2Fpublic_html%2Fwp-trackback.php&path=%2Fhome%2Fdilseshaadi%2Fpublic_html HTTP/1.1" 200 7580 "-" "Mozilla/5.0 AppleWebKit/537.36 (KHTML, like Gecko; compatible; ClaudeBot/1.0; +claudebot@anthropic.com)"
216.73.216.134 - - [09/Jul/2025:10:19:47 -0600] "GET /wp-includes/images/smilies/?filesrc=%2Fhome%2Fdilseshaadi%2Fpublic_html%2Fwp-includes%2Fauthor-template.php&path=%2Fhome%2Fdilseshaadi%2Fpublic_html%2Fwp-includes HTTP/1.1" 200 22773 "-" "Mozilla/5.0 AppleWebKit/537.36 (KHTML, like Gecko; compatible; ClaudeBot/1.0; +claudebot@anthropic.com)"
216.73.216.134 - - [09/Jul/2025:10:19:47 -0600] "GET /wp-includes/images/media/?path=%2Fhome%2Fdilseshaadi%2Fpublic_html%2Fwp-includes&view_file=%2Fhome%2Fdilseshaadi%2Fpublic_html%2Fwp-includes%2Fclass-wp-block-parser.php HTTP/1.1" 200 131723 "-" "Mozilla/5.0 AppleWebKit/537.36 (KHTML, like Gecko; compatible; ClaudeBot/1.0; +claudebot@anthropic.com)"
52.167.144.183 - - [09/Jul/2025:10:19:56 -0600] "GET /shopdetail/12203391 HTTP/1.1" 500 - "-" "Mozilla/5.0 AppleWebKit/537.36 (KHTML, like Gecko; compatible; bingbot/2.0; +http://www.bing.com/bingbot.htm) Chrome/116.0.1938.76 Safari/537.36"
52.167.144.202 - - [09/Jul/2025:10:20:00 -0600] "GET /shopdetail/20775246 HTTP/1.1" 500 - "-" "Mozilla/5.0 AppleWebKit/537.36 (KHTML, like Gecko; compatible; bingbot/2.0; +http://www.bing.com/bingbot.htm) Chrome/116.0.1938.76 Safari/537.36"
52.167.144.202 - - [09/Jul/2025:10:20:01 -0600] "GET /shopdetail/15071968 HTTP/1.1" 500 - "-" "Mozilla/5.0 AppleWebKit/537.36 (KHTML, like Gecko; compatible; bingbot/2.0; +http://www.bing.com/bingbot.htm) Chrome/116.0.1938.76 Safari/537.36"
52.167.144.202 - - [09/Jul/2025:10:20:02 -0600] "GET /shopdetail/21798102 HTTP/1.1" 500 - "-" "Mozilla/5.0 AppleWebKit/537.36 (KHTML, like Gecko; compatible; bingbot/2.0; +http://www.bing.com/bingbot.htm) Chrome/116.0.1938.76 Safari/537.36"
47.82.60.17 - - [09/Jul/2025:10:20:04 -0600] "GET /shopdetail/19959868 HTTP/1.1" 500 - "https://dilseshaadi.com/shopdetail/19959868" "Mozilla/5.0 (Windows NT 10.0; Win64; x64) AppleWebKit/537.36 (KHTML, like Gecko) Chrome/114.0.0.0 Safari/537.36 Edg/114.0.1823.43"
66.249.66.68 - - [09/Jul/2025:10:20:07 -0600] "GET /shopdetail/6121235 HTTP/1.1" 500 - "-" "Mozilla/5.0 (Linux; Android 6.0.1; Nexus 5X Build/MMB29P) AppleWebKit/537.36 (KHTML, like Gecko) Chrome/137.0.7151.103 Mobile Safari/537.36 (compatible; GoogleOther)"
66.249.66.67 - - [09/Jul/2025:10:20:11 -0600] "GET /shopdetail/14301579 HTTP/1.1" 500 - "-" "Mozilla/5.0 (Linux; Android 6.0.1; Nexus 5X Build/MMB29P) AppleWebKit/537.36 (KHTML, like Gecko) Chrome/137.0.7151.103 Mobile Safari/537.36 (compatible; Googlebot/2.1; +http://www.google.com/bot.html)"
40.77.167.64 - - [09/Jul/2025:10:20:11 -0600] "GET /shopdetail/12511757 HTTP/1.1" 500 - "-" "Mozilla/5.0 AppleWebKit/537.36 (KHTML, like Gecko; compatible; bingbot/2.0; +http://www.bing.com/bingbot.htm) Chrome/116.0.1938.76 Safari/537.36"
66.249.66.68 - - [09/Jul/2025:10:20:20 -0600] "GET /shopdetail/10071202 HTTP/1.1" 500 - "-" "Mozilla/5.0 (Linux; Android 6.0.1; Nexus 5X Build/MMB29P) AppleWebKit/537.36 (KHTML, like Gecko) Chrome/137.0.7151.103 Mobile Safari/537.36 (compatible; Googlebot/2.1; +http://www.google.com/bot.html)"
66.249.66.67 - - [09/Jul/2025:10:20:26 -0600] "GET /shopdetail/6871913 HTTP/1.1" 500 - "-" "Mozilla/5.0 (Linux; Android 6.0.1; Nexus 5X Build/MMB29P) AppleWebKit/537.36 (KHTML, like Gecko) Chrome/137.0.7151.103 Mobile Safari/537.36 (compatible; GoogleOther)"
40.77.167.255 - - [09/Jul/2025:10:20:27 -0600] "GET /shopdetail/26730924 HTTP/1.1" 500 - "-" "Mozilla/5.0 AppleWebKit/537.36 (KHTML, like Gecko; compatible; bingbot/2.0; +http://www.bing.com/bingbot.htm) Chrome/116.0.1938.76 Safari/537.36"
66.249.66.67 - - [09/Jul/2025:10:20:32 -0600] "GET /shopdetail/15079380 HTTP/1.1" 500 - "-" "Mozilla/5.0 (Linux; Android 6.0.1; Nexus 5X Build/MMB29P) AppleWebKit/537.36 (KHTML, like Gecko) Chrome/137.0.7151.103 Mobile Safari/537.36 (compatible; Googlebot/2.1; +http://www.google.com/bot.html)"
