52.167.144.216 - - [09/Jul/2025:09:46:54 -0600] "GET /shopdetail/14628913 HTTP/1.1" 500 - "-" "Mozilla/5.0 AppleWebKit/537.36 (KHTML, like Gecko; compatible; bingbot/2.0; +http://www.bing.com/bingbot.htm) Chrome/116.0.1938.76 Safari/537.36"
52.167.144.20 - - [09/Jul/2025:09:46:55 -0600] "GET /shopdetail/9805180 HTTP/1.1" 500 - "-" "Mozilla/5.0 AppleWebKit/537.36 (KHTML, like Gecko; compatible; bingbot/2.0; +http://www.bing.com/bingbot.htm) Chrome/116.0.1938.76 Safari/537.36"
66.249.66.67 - - [09/Jul/2025:09:46:56 -0600] "GET /shopdetail/29096824 HTTP/1.1" 500 - "-" "Mozilla/5.0 (compatible; Googlebot/2.1; +http://www.google.com/bot.html)"
40.77.167.69 - - [09/Jul/2025:09:46:57 -0600] "GET /shopdetail/22219379 HTTP/1.1" 500 - "-" "Mozilla/5.0 AppleWebKit/537.36 (KHTML, like Gecko; compatible; bingbot/2.0; +http://www.bing.com/bingbot.htm) Chrome/116.0.1938.76 Safari/537.36"
52.167.144.20 - - [09/Jul/2025:09:46:59 -0600] "GET /shopdetail/19249646 HTTP/1.1" 500 - "-" "Mozilla/5.0 AppleWebKit/537.36 (KHTML, like Gecko; compatible; bingbot/2.0; +http://www.bing.com/bingbot.htm) Chrome/116.0.1938.76 Safari/537.36"
216.73.216.134 - - [09/Jul/2025:09:47:00 -0600] "GET /wp-includes/images/smilies/?filesrc=%2Fhome%2Fdilseshaadi%2Fpublic_html%2Fwp-includes%2Fclass-wp-exception.php&path=%2Fhome%2Fdilseshaadi%2Fpublic_html%2Fwp-includes HTTP/1.1" 200 1930 "-" "Mozilla/5.0 AppleWebKit/537.36 (KHTML, like Gecko; compatible; ClaudeBot/1.0; +claudebot@anthropic.com)"
216.73.216.134 - - [09/Jul/2025:09:47:00 -0600] "GET /wp-includes/css/dist/reusable-blocks/?filesrc=%2Fhome%2Fdilseshaadi%2Fpublic_html%2Fwp-includes%2Fclass-avif-info.php&path=%2Fhome%2Fdilseshaadi%2Fpublic_html%2Fwp-includes HTTP/1.1" 200 37879 "-" "Mozilla/5.0 AppleWebKit/537.36 (KHTML, like Gecko; compatible; ClaudeBot/1.0; +claudebot@anthropic.com)"
216.73.216.134 - - [09/Jul/2025:09:47:00 -0600] "GET /wp-includes/images/smilies/?filesrc=%2Fhome%2Fdilseshaadi%2Fpublic_html%2Fwp-includes%2Fhttps-migration.php&path=%2Fhome%2Fdilseshaadi%2Fpublic_html%2Fwp-includes HTTP/1.1" 200 6756 "-" "Mozilla/5.0 AppleWebKit/537.36 (KHTML, like Gecko; compatible; ClaudeBot/1.0; +claudebot@anthropic.com)"
40.77.167.69 - - [09/Jul/2025:09:47:00 -0600] "GET /shopdetail/29712724 HTTP/1.1" 500 - "-" "Mozilla/5.0 AppleWebKit/537.36 (KHTML, like Gecko; compatible; bingbot/2.0; +http://www.bing.com/bingbot.htm) Chrome/116.0.1938.76 Safari/537.36"
216.73.216.134 - - [09/Jul/2025:09:47:00 -0600] "GET /wp-includes/Requests/src/Response/?filesrc=%2Fhome%2Fdilseshaadi%2Fpublic_html%2Fwp-admin%2Fedit-link-form.php&path=%2Fhome%2Fdilseshaadi%2Fpublic_html%2Fwp-admin HTTP/1.1" 200 10447 "-" "Mozilla/5.0 AppleWebKit/537.36 (KHTML, like Gecko; compatible; ClaudeBot/1.0; +claudebot@anthropic.com)"
216.73.216.134 - - [09/Jul/2025:09:47:00 -0600] "GET /wp-includes/css/dist/reusable-blocks/?filesrc=%2Fhome%2Fdilseshaadi%2Fpublic_html%2Fwp-includes%2Ftheme-previews.php&path=%2Fhome%2Fdilseshaadi%2Fpublic_html%2Fwp-includes HTTP/1.1" 200 9333 "-" "Mozilla/5.0 AppleWebKit/537.36 (KHTML, like Gecko; compatible; ClaudeBot/1.0; +claudebot@anthropic.com)"
216.73.216.134 - - [09/Jul/2025:09:47:00 -0600] "GET /wp-includes/Requests/src/Response/?filesrc=%2Fhome%2Fdilseshaadi%2Fpublic_html%2Fwp-includes%2Fblocks%2Flist.php&path=%2Fhome%2Fdilseshaadi%2Fpublic_html%2Fwp-includes%2Fblocks HTTP/1.1" 200 3136 "-" "Mozilla/5.0 AppleWebKit/537.36 (KHTML, like Gecko; compatible; ClaudeBot/1.0; +claudebot@anthropic.com)"
216.73.216.134 - - [09/Jul/2025:09:47:00 -0600] "GET /wp-includes/images/smilies/?filesrc=%2Fhome%2Fdilseshaadi%2Fpublic_html%2Fwp-includes%2Fclass-wp-editor.php&path=%2Fhome%2Fdilseshaadi%2Fpublic_html%2Fwp-includes HTTP/1.1" 200 89870 "-" "Mozilla/5.0 AppleWebKit/537.36 (KHTML, like Gecko; compatible; ClaudeBot/1.0; +claudebot@anthropic.com)"
216.73.216.134 - - [09/Jul/2025:09:47:00 -0600] "GET /wp-includes/Requests/src/Response/?filesrc=%2Fhome%2Fdilseshaadi%2Fpublic_html%2Fwp-admin%2Foptions-permalink.php&path=%2Fhome%2Fdilseshaadi%2Fpublic_html%2Fwp-admin HTTP/1.1" 200 29315 "-" "Mozilla/5.0 AppleWebKit/537.36 (KHTML, like Gecko; compatible; ClaudeBot/1.0; +claudebot@anthropic.com)"
216.73.216.134 - - [09/Jul/2025:09:47:01 -0600] "GET /wp-includes/css/dist/reusable-blocks/?filesrc=%2Fhome%2Fdilseshaadi%2Fpublic_html%2Fwp-includes%2Ffeed-rdf.php&path=%2Fhome%2Fdilseshaadi%2Fpublic_html%2Fwp-includes HTTP/1.1" 200 9707 "-" "Mozilla/5.0 AppleWebKit/537.36 (KHTML, like Gecko; compatible; ClaudeBot/1.0; +claudebot@anthropic.com)"
216.73.216.134 - - [09/Jul/2025:09:47:01 -0600] "GET /wp-includes/Requests/src/Response/?filesrc=%2Fhome%2Fdilseshaadi%2Fpublic_html%2Fwp-admin%2Frevision.php&path=%2Fhome%2Fdilseshaadi%2Fpublic_html%2Fwp-admin HTTP/1.1" 200 8786 "-" "Mozilla/5.0 AppleWebKit/537.36 (KHTML, like Gecko; compatible; ClaudeBot/1.0; +claudebot@anthropic.com)"
216.73.216.134 - - [09/Jul/2025:09:47:01 -0600] "GET /wp-includes/images/smilies/?filesrc=%2Fhome%2Fdilseshaadi%2Fpublic_html%2Fwp-includes%2Fclass-wp-dependency.php&path=%2Fhome%2Fdilseshaadi%2Fpublic_html%2Fwp-includes HTTP/1.1" 200 4345 "-" "Mozilla/5.0 AppleWebKit/537.36 (KHTML, like Gecko; compatible; ClaudeBot/1.0; +claudebot@anthropic.com)"
216.73.216.134 - - [09/Jul/2025:09:47:01 -0600] "GET /wp-includes/Requests/src/Response/?filesrc=%2Fhome%2Fdilseshaadi%2Fpublic_html%2Fwp-admin%2Fload-styles.php&path=%2Fhome%2Fdilseshaadi%2Fpublic_html%2Fwp-admin HTTP/1.1" 200 5266 "-" "Mozilla/5.0 AppleWebKit/537.36 (KHTML, like Gecko; compatible; ClaudeBot/1.0; +claudebot@anthropic.com)"
40.77.167.131 - - [09/Jul/2025:09:47:05 -0600] "GET /shopdetail/23133613 HTTP/1.1" 500 - "-" "Mozilla/5.0 AppleWebKit/537.36 (KHTML, like Gecko; compatible; bingbot/2.0; +http://www.bing.com/bingbot.htm) Chrome/116.0.1938.76 Safari/537.36"
66.249.66.67 - - [09/Jul/2025:09:47:06 -0600] "GET /shopdetail/4570735 HTTP/1.1" 500 - "-" "Mozilla/5.0 (compatible; Googlebot/2.1; +http://www.google.com/bot.html)"
47.82.60.29 - - [09/Jul/2025:09:47:07 -0600] "GET /shopdetail/4096591 HTTP/1.1" 500 - "https://dilseshaadi.com/shopdetail/4096591" "Mozilla/5.0 (Windows NT 10.0; Win64; x64) AppleWebKit/537.36 (KHTML, like Gecko) Chrome/114.0.0.0 Safari/537.36 Edg/114.0.1823.43"
40.77.167.131 - - [09/Jul/2025:09:47:08 -0600] "GET /shopdetail/4128580 HTTP/1.1" 500 - "-" "Mozilla/5.0 AppleWebKit/537.36 (KHTML, like Gecko; compatible; bingbot/2.0; +http://www.bing.com/bingbot.htm) Chrome/116.0.1938.76 Safari/537.36"
52.167.144.216 - - [09/Jul/2025:09:47:11 -0600] "GET /shopdetail/27881035 HTTP/1.1" 500 - "-" "Mozilla/5.0 AppleWebKit/537.36 (KHTML, like Gecko; compatible; bingbot/2.0; +http://www.bing.com/bingbot.htm) Chrome/116.0.1938.76 Safari/537.36"
52.167.144.201 - - [09/Jul/2025:09:47:14 -0600] "GET /shopdetail/11492668 HTTP/1.1" 500 - "-" "Mozilla/5.0 AppleWebKit/537.36 (KHTML, like Gecko; compatible; bingbot/2.0; +http://www.bing.com/bingbot.htm) Chrome/116.0.1938.76 Safari/537.36"
40.77.167.69 - - [09/Jul/2025:09:47:14 -0600] "GET /shopdetail/23761480 HTTP/1.1" 500 - "-" "Mozilla/5.0 AppleWebKit/537.36 (KHTML, like Gecko; compatible; bingbot/2.0; +http://www.bing.com/bingbot.htm) Chrome/116.0.1938.76 Safari/537.36"
66.249.66.67 - - [09/Jul/2025:09:47:15 -0600] "GET /shopdetail/30372468 HTTP/1.1" 500 - "-" "Mozilla/5.0 (Linux; Android 6.0.1; Nexus 5X Build/MMB29P) AppleWebKit/537.36 (KHTML, like Gecko) Chrome/137.0.7151.103 Mobile Safari/537.36 (compatible; Googlebot/2.1; +http://www.google.com/bot.html)"
40.77.167.69 - - [09/Jul/2025:09:47:15 -0600] "GET /shopdetail/27112035 HTTP/1.1" 500 - "-" "Mozilla/5.0 AppleWebKit/537.36 (KHTML, like Gecko; compatible; bingbot/2.0; +http://www.bing.com/bingbot.htm) Chrome/116.0.1938.76 Safari/537.36"
66.249.66.68 - - [09/Jul/2025:09:47:18 -0600] "GET /product/edit/90867086 HTTP/1.1" 500 - "-" "Mozilla/5.0 (Linux; Android 6.0.1; Nexus 5X Build/MMB29P) AppleWebKit/537.36 (KHTML, like Gecko) Chrome/137.0.7151.103 Mobile Safari/537.36 (compatible; Googlebot/2.1; +http://www.google.com/bot.html)"
40.77.167.69 - - [09/Jul/2025:09:47:19 -0600] "GET /shopdetail/23471746 HTTP/1.1" 500 - "-" "Mozilla/5.0 AppleWebKit/537.36 (KHTML, like Gecko; compatible; bingbot/2.0; +http://www.bing.com/bingbot.htm) Chrome/116.0.1938.76 Safari/537.36"
47.82.60.39 - - [09/Jul/2025:09:47:24 -0600] "GET /shopdetail/2424713 HTTP/1.1" 500 - "https://dilseshaadi.com/shopdetail/2424713" "Mozilla/5.0 (Windows NT 10.0; Win64; x64) AppleWebKit/537.36 (KHTML, like Gecko) Chrome/114.0.0.0 Safari/537.36 Edg/114.0.1823.43"
47.82.60.36 - - [09/Jul/2025:09:47:26 -0600] "GET /shopdetail/23621380 HTTP/1.1" 500 - "https://dilseshaadi.com/shopdetail/23621380" "Mozilla/5.0 (Windows NT 10.0; Win64; x64) AppleWebKit/537.36 (KHTML, like Gecko) Chrome/114.0.0.0 Safari/537.36 Edg/114.0.1823.43"
66.249.66.67 - - [09/Jul/2025:09:47:30 -0600] "GET /shopdetail/26675657 HTTP/1.1" 500 - "-" "Mozilla/5.0 (Linux; Android 6.0.1; Nexus 5X Build/MMB29P) AppleWebKit/537.36 (KHTML, like Gecko) Chrome/137.0.7151.103 Mobile Safari/537.36 (compatible; GoogleOther)"
52.167.144.172 - - [09/Jul/2025:09:47:34 -0600] "GET /shopdetail/22717968 HTTP/1.1" 500 - "-" "Mozilla/5.0 AppleWebKit/537.36 (KHTML, like Gecko; compatible; bingbot/2.0; +http://www.bing.com/bingbot.htm) Chrome/116.0.1938.76 Safari/537.36"
40.77.167.131 - - [09/Jul/2025:09:47:37 -0600] "GET /shopdetail/27187302 HTTP/1.1" 500 - "-" "Mozilla/5.0 AppleWebKit/537.36 (KHTML, like Gecko; compatible; bingbot/2.0; +http://www.bing.com/bingbot.htm) Chrome/116.0.1938.76 Safari/537.36"
52.167.144.201 - - [09/Jul/2025:09:47:38 -0600] "GET /shopdetail/26542713 HTTP/1.1" 500 - "-" "Mozilla/5.0 AppleWebKit/537.36 (KHTML, like Gecko; compatible; bingbot/2.0; +http://www.bing.com/bingbot.htm) Chrome/116.0.1938.76 Safari/537.36"
66.249.66.67 - - [09/Jul/2025:09:47:39 -0600] "GET /shopdetail/10073402 HTTP/1.1" 500 - "-" "Mozilla/5.0 (compatible; Googlebot/2.1; +http://www.google.com/bot.html)"
40.77.167.69 - - [09/Jul/2025:09:47:41 -0600] "GET /shopdetail/23112691 HTTP/1.1" 500 - "-" "Mozilla/5.0 AppleWebKit/537.36 (KHTML, like Gecko; compatible; bingbot/2.0; +http://www.bing.com/bingbot.htm) Chrome/116.0.1938.76 Safari/537.36"
52.167.144.172 - - [09/Jul/2025:09:47:45 -0600] "GET /shopdetail/9055679 HTTP/1.1" 500 - "-" "Mozilla/5.0 AppleWebKit/537.36 (KHTML, like Gecko; compatible; bingbot/2.0; +http://www.bing.com/bingbot.htm) Chrome/116.0.1938.76 Safari/537.36"
66.249.66.67 - - [09/Jul/2025:09:47:47 -0600] "GET /shopdetail/5681480 HTTP/1.1" 500 - "-" "Mozilla/5.0 (Linux; Android 6.0.1; Nexus 5X Build/MMB29P) AppleWebKit/537.36 (KHTML, like Gecko) Chrome/137.0.7151.103 Mobile Safari/537.36 (compatible; Googlebot/2.1; +http://www.google.com/bot.html)"
66.249.66.67 - - [09/Jul/2025:09:47:49 -0600] "GET /shopdetail/4423068 HTTP/1.1" 500 - "-" "Mozilla/5.0 (Linux; Android 6.0.1; Nexus 5X Build/MMB29P) AppleWebKit/537.36 (KHTML, like Gecko) Chrome/137.0.7151.103 Mobile Safari/537.36 (compatible; GoogleOther)"
52.167.144.216 - - [09/Jul/2025:09:47:52 -0600] "GET /shopdetail/22994491 HTTP/1.1" 500 - "-" "Mozilla/5.0 AppleWebKit/537.36 (KHTML, like Gecko; compatible; bingbot/2.0; +http://www.bing.com/bingbot.htm) Chrome/116.0.1938.76 Safari/537.36"
52.167.144.216 - - [09/Jul/2025:09:47:52 -0600] "GET /shopdetail/1197280 HTTP/1.1" 500 - "-" "Mozilla/5.0 AppleWebKit/537.36 (KHTML, like Gecko; compatible; bingbot/2.0; +http://www.bing.com/bingbot.htm) Chrome/116.0.1938.76 Safari/537.36"
66.249.66.67 - - [09/Jul/2025:09:47:55 -0600] "GET /shopdetail/6760413 HTTP/1.1" 500 - "-" "Mozilla/5.0 (Linux; Android 6.0.1; Nexus 5X Build/MMB29P) AppleWebKit/537.36 (KHTML, like Gecko) Chrome/137.0.7151.103 Mobile Safari/537.36 (compatible; GoogleOther)"
52.167.144.201 - - [09/Jul/2025:09:47:55 -0600] "GET /shopdetail/21656735 HTTP/1.1" 500 - "-" "Mozilla/5.0 AppleWebKit/537.36 (KHTML, like Gecko; compatible; bingbot/2.0; +http://www.bing.com/bingbot.htm) Chrome/116.0.1938.76 Safari/537.36"
47.82.60.31 - - [09/Jul/2025:09:47:58 -0600] "GET /shopdetail/17655524 HTTP/1.1" 500 - "https://dilseshaadi.com/shopdetail/17655524" "Mozilla/5.0 (Windows NT 10.0; Win64; x64) AppleWebKit/537.36 (KHTML, like Gecko) Chrome/114.0.0.0 Safari/537.36 Edg/114.0.1823.43"
47.82.60.21 - - [09/Jul/2025:09:47:59 -0600] "GET /shopdetail/12563513 HTTP/1.1" 500 - "https://dilseshaadi.com/shopdetail/12563513" "Mozilla/5.0 (Windows NT 10.0; Win64; x64) AppleWebKit/537.36 (KHTML, like Gecko) Chrome/114.0.0.0 Safari/537.36 Edg/114.0.1823.43"
40.77.167.69 - - [09/Jul/2025:09:48:03 -0600] "GET /shopdetail/14865802 HTTP/1.1" 500 - "-" "Mozilla/5.0 AppleWebKit/537.36 (KHTML, like Gecko; compatible; bingbot/2.0; +http://www.bing.com/bingbot.htm) Chrome/116.0.1938.76 Safari/537.36"
52.167.144.20 - - [09/Jul/2025:09:48:10 -0600] "GET /shopdetail/14453891 HTTP/1.1" 500 - "-" "Mozilla/5.0 AppleWebKit/537.36 (KHTML, like Gecko; compatible; bingbot/2.0; +http://www.bing.com/bingbot.htm) Chrome/116.0.1938.76 Safari/537.36"
52.167.144.20 - - [09/Jul/2025:09:48:11 -0600] "GET /shopdetail/1436824 HTTP/1.1" 500 - "-" "Mozilla/5.0 AppleWebKit/537.36 (KHTML, like Gecko; compatible; bingbot/2.0; +http://www.bing.com/bingbot.htm) Chrome/116.0.1938.76 Safari/537.36"
40.77.167.131 - - [09/Jul/2025:09:48:14 -0600] "GET /shopdetail/23321724 HTTP/1.1" 500 - "-" "Mozilla/5.0 AppleWebKit/537.36 (KHTML, like Gecko; compatible; bingbot/2.0; +http://www.bing.com/bingbot.htm) Chrome/116.0.1938.76 Safari/537.36"
52.167.144.201 - - [09/Jul/2025:09:48:15 -0600] "GET /shopdetail/14810768 HTTP/1.1" 500 - "-" "Mozilla/5.0 AppleWebKit/537.36 (KHTML, like Gecko; compatible; bingbot/2.0; +http://www.bing.com/bingbot.htm) Chrome/116.0.1938.76 Safari/537.36"
47.82.60.48 - - [09/Jul/2025:09:48:19 -0600] "GET /shopdetail/23553735 HTTP/1.1" 500 - "https://dilseshaadi.com/shopdetail/23553735" "Mozilla/5.0 (Windows NT 10.0; Win64; x64) AppleWebKit/537.36 (KHTML, like Gecko) Chrome/114.0.0.0 Safari/537.36 Edg/114.0.1823.43"
47.82.60.43 - - [09/Jul/2025:09:48:20 -0600] "GET /shopdetail/21704146 HTTP/1.1" 500 - "https://dilseshaadi.com/shopdetail/21704146" "Mozilla/5.0 (Windows NT 10.0; Win64; x64) AppleWebKit/537.36 (KHTML, like Gecko) Chrome/114.0.0.0 Safari/537.36 Edg/114.0.1823.43"
216.73.216.134 - - [09/Jul/2025:09:48:24 -0600] "GET /wp-includes/Requests/src/Response/?filesrc=%2Fhome%2Fdilseshaadi%2Fpublic_html%2Fwp-admin%2Fimport.php&path=%2Fhome%2Fdilseshaadi%2Fpublic_html%2Fwp-admin HTTP/1.1" 200 11295 "-" "Mozilla/5.0 AppleWebKit/537.36 (KHTML, like Gecko; compatible; ClaudeBot/1.0; +claudebot@anthropic.com)"
216.73.216.134 - - [09/Jul/2025:09:48:24 -0600] "GET /wp-includes/Requests/src/Response/?filesrc=%2Fhome%2Fdilseshaadi%2Fpublic_html%2Fwp-includes%2Fjs%2Fmedia-audiovideo.js&path=%2Fhome%2Fdilseshaadi%2Fpublic_html%2Fwp-includes%2Fjs HTTP/1.1" 200 37021 "-" "Mozilla/5.0 AppleWebKit/537.36 (KHTML, like Gecko; compatible; ClaudeBot/1.0; +claudebot@anthropic.com)"
216.73.216.134 - - [09/Jul/2025:09:48:25 -0600] "GET /wp-includes/Requests/src/Response/?filesrc=%2Fhome%2Fdilseshaadi%2Fpublic_html%2Fwp-includes%2Fblocks%2Fpost-featured-image.php&path=%2Fhome%2Fdilseshaadi%2Fpublic_html%2Fwp-includes%2Fblocks HTTP/1.1" 200 12880 "-" "Mozilla/5.0 AppleWebKit/537.36 (KHTML, like Gecko; compatible; ClaudeBot/1.0; +claudebot@anthropic.com)"
216.73.216.134 - - [09/Jul/2025:09:48:25 -0600] "GET /wp-includes/css/dist/reusable-blocks/?filesrc=%2Fhome%2Fdilseshaadi%2Fpublic_html%2Fwp-includes%2Fpost-template.php&path=%2Fhome%2Fdilseshaadi%2Fpublic_html%2Fwp-includes HTTP/1.1" 200 83374 "-" "Mozilla/5.0 AppleWebKit/537.36 (KHTML, like Gecko; compatible; ClaudeBot/1.0; +claudebot@anthropic.com)"
216.73.216.134 - - [09/Jul/2025:09:48:25 -0600] "GET /wp-includes/Requests/src/Response/?filesrc=%2Fhome%2Fdilseshaadi%2Fpublic_html%2Fwp-includes%2FIXR%2Fclass-IXR-message.php&path=%2Fhome%2Fdilseshaadi%2Fpublic_html%2Fwp-includes%2FIXR HTTP/1.1" 200 10697 "-" "Mozilla/5.0 AppleWebKit/537.36 (KHTML, like Gecko; compatible; ClaudeBot/1.0; +claudebot@anthropic.com)"
216.73.216.134 - - [09/Jul/2025:09:48:25 -0600] "GET /wp-includes/images/smilies/?filesrc=%2Fhome%2Fdilseshaadi%2Fpublic_html%2Fwp-includes%2Fclass-json.php&path=%2Fhome%2Fdilseshaadi%2Fpublic_html%2Fwp-includes HTTP/1.1" 200 48477 "-" "Mozilla/5.0 AppleWebKit/537.36 (KHTML, like Gecko; compatible; ClaudeBot/1.0; +claudebot@anthropic.com)"
216.73.216.134 - - [09/Jul/2025:09:48:25 -0600] "GET /wp-includes/Requests/src/Response/?filesrc=%2Fhome%2Fdilseshaadi%2Fpublic_html%2Fwp-includes%2Fblocks%2Favatar.php&path=%2Fhome%2Fdilseshaadi%2Fpublic_html%2Fwp-includes%2Fblocks HTTP/1.1" 200 8792 "-" "Mozilla/5.0 AppleWebKit/537.36 (KHTML, like Gecko; compatible; ClaudeBot/1.0; +claudebot@anthropic.com)"
216.73.216.134 - - [09/Jul/2025:09:48:25 -0600] "GET /wp-includes/Requests/src/Response/?filesrc=%2Fhome%2Fdilseshaadi%2Fpublic_html%2Fwp-includes%2Fblocks%2Fcomments-pagination-next.php&path=%2Fhome%2Fdilseshaadi%2Fpublic_html%2Fwp-includes%2Fblocks HTTP/1.1" 200 3867 "-" "Mozilla/5.0 AppleWebKit/537.36 (KHTML, like Gecko; compatible; ClaudeBot/1.0; +claudebot@anthropic.com)"
216.73.216.134 - - [09/Jul/2025:09:48:25 -0600] "GET /wp-includes/Requests/src/Response/?filesrc=%2Fhome%2Fdilseshaadi%2Fpublic_html%2Fwp-includes%2Fpomo%2Fstreams.php&path=%2Fhome%2Fdilseshaadi%2Fpublic_html%2Fwp-includes%2Fpomo HTTP/1.1" 200 10148 "-" "Mozilla/5.0 AppleWebKit/537.36 (KHTML, like Gecko; compatible; ClaudeBot/1.0; +claudebot@anthropic.com)"
216.73.216.134 - - [09/Jul/2025:09:48:25 -0600] "GET /wp-includes/Requests/src/Response/?filesrc=%2Fhome%2Fdilseshaadi%2Fpublic_html%2Fwp-admin%2Fnetwork.php&path=%2Fhome%2Fdilseshaadi%2Fpublic_html%2Fwp-admin HTTP/1.1" 200 8350 "-" "Mozilla/5.0 AppleWebKit/537.36 (KHTML, like Gecko; compatible; ClaudeBot/1.0; +claudebot@anthropic.com)"
216.73.216.134 - - [09/Jul/2025:09:48:25 -0600] "GET /wp-includes/Requests/src/Response/?filesrc=%2Fhome%2Fdilseshaadi%2Fpublic_html%2Fwp-includes%2Fblocks%2Fsearch.php&path=%2Fhome%2Fdilseshaadi%2Fpublic_html%2Fwp-includes%2Fblocks HTTP/1.1" 200 28360 "-" "Mozilla/5.0 AppleWebKit/537.36 (KHTML, like Gecko; compatible; ClaudeBot/1.0; +claudebot@anthropic.com)"
66.249.66.68 - - [09/Jul/2025:09:48:29 -0600] "GET /shopdetail/3372991 HTTP/1.1" 500 - "-" "Mozilla/5.0 (Linux; Android 6.0.1; Nexus 5X Build/MMB29P) AppleWebKit/537.36 (KHTML, like Gecko) Chrome/137.0.7151.103 Mobile Safari/537.36 (compatible; GoogleOther)"
52.167.144.201 - - [09/Jul/2025:09:48:30 -0600] "GET /shopdetail/7073146 HTTP/1.1" 500 - "-" "Mozilla/5.0 AppleWebKit/537.36 (KHTML, like Gecko; compatible; bingbot/2.0; +http://www.bing.com/bingbot.htm) Chrome/116.0.1938.76 Safari/537.36"
40.77.167.69 - - [09/Jul/2025:09:48:32 -0600] "GET /shopdetail/25992446 HTTP/1.1" 500 - "-" "Mozilla/5.0 AppleWebKit/537.36 (KHTML, like Gecko; compatible; bingbot/2.0; +http://www.bing.com/bingbot.htm) Chrome/116.0.1938.76 Safari/537.36"
47.82.60.26 - - [09/Jul/2025:09:48:34 -0600] "GET /shopdetail/30428135 HTTP/1.1" 500 - "https://dilseshaadi.com/shopdetail/30428135" "Mozilla/5.0 (Windows NT 10.0; Win64; x64) AppleWebKit/537.36 (KHTML, like Gecko) Chrome/114.0.0.0 Safari/537.36 Edg/114.0.1823.43"
52.167.144.216 - - [09/Jul/2025:09:48:38 -0600] "GET /shopdetail/29640280 HTTP/1.1" 500 - "-" "Mozilla/5.0 AppleWebKit/537.36 (KHTML, like Gecko; compatible; bingbot/2.0; +http://www.bing.com/bingbot.htm) Chrome/116.0.1938.76 Safari/537.36"
52.167.144.20 - - [09/Jul/2025:09:48:39 -0600] "GET /shopdetail/30165091 HTTP/1.1" 500 - "-" "Mozilla/5.0 AppleWebKit/537.36 (KHTML, like Gecko; compatible; bingbot/2.0; +http://www.bing.com/bingbot.htm) Chrome/116.0.1938.76 Safari/537.36"
52.167.144.20 - - [09/Jul/2025:09:48:40 -0600] "GET /shopdetail/2055168 HTTP/1.1" 500 - "-" "Mozilla/5.0 AppleWebKit/537.36 (KHTML, like Gecko; compatible; bingbot/2.0; +http://www.bing.com/bingbot.htm) Chrome/116.0.1938.76 Safari/537.36"
40.77.167.131 - - [09/Jul/2025:09:48:43 -0600] "GET /shopdetail/16330102 HTTP/1.1" 500 - "-" "Mozilla/5.0 AppleWebKit/537.36 (KHTML, like Gecko; compatible; bingbot/2.0; +http://www.bing.com/bingbot.htm) Chrome/116.0.1938.76 Safari/537.36"
66.249.66.67 - - [09/Jul/2025:09:48:48 -0600] "GET /shopdetail/4715768 HTTP/1.1" 500 - "-" "Mozilla/5.0 (compatible; Googlebot/2.1; +http://www.google.com/bot.html)"
66.249.66.67 - - [09/Jul/2025:09:48:48 -0600] "GET /shopdetail/19537335 HTTP/1.1" 500 - "-" "Mozilla/5.0 (Linux; Android 6.0.1; Nexus 5X Build/MMB29P) AppleWebKit/537.36 (KHTML, like Gecko) Chrome/137.0.7151.103 Mobile Safari/537.36 (compatible; Googlebot/2.1; +http://www.google.com/bot.html)"
66.249.66.68 - - [09/Jul/2025:09:49:04 -0600] "GET /shopdetail/8819691 HTTP/1.1" 500 - "-" "Mozilla/5.0 (Linux; Android 6.0.1; Nexus 5X Build/MMB29P) AppleWebKit/537.36 (KHTML, like Gecko) Chrome/137.0.7151.103 Mobile Safari/537.36 (compatible; GoogleOther)"
66.249.66.68 - - [09/Jul/2025:09:49:04 -0600] "GET /shopdetail/11069479 HTTP/1.1" 500 - "-" "Mozilla/5.0 (compatible; Googlebot/2.1; +http://www.google.com/bot.html)"
66.249.66.67 - - [09/Jul/2025:09:49:07 -0600] "GET /shopdetail/2063835 HTTP/1.1" 500 - "-" "Mozilla/5.0 (Linux; Android 6.0.1; Nexus 5X Build/MMB29P) AppleWebKit/537.36 (KHTML, like Gecko) Chrome/137.0.7151.103 Mobile Safari/537.36 (compatible; GoogleOther)"
52.167.144.20 - - [09/Jul/2025:09:49:08 -0600] "GET /shopdetail/27603346 HTTP/1.1" 500 - "-" "Mozilla/5.0 AppleWebKit/537.36 (KHTML, like Gecko; compatible; bingbot/2.0; +http://www.bing.com/bingbot.htm) Chrome/116.0.1938.76 Safari/537.36"
47.82.60.28 - - [09/Jul/2025:09:49:11 -0600] "GET /shopdetail/4005413 HTTP/1.1" 500 - "https://dilseshaadi.com/shopdetail/4005413" "Mozilla/5.0 (Windows NT 10.0; Win64; x64) AppleWebKit/537.36 (KHTML, like Gecko) Chrome/114.0.0.0 Safari/537.36 Edg/114.0.1823.43"
40.77.167.158 - - [09/Jul/2025:09:49:15 -0600] "GET /shopdetail/10632568 HTTP/1.1" 500 - "-" "Mozilla/5.0 AppleWebKit/537.36 (KHTML, like Gecko; compatible; bingbot/2.0; +http://www.bing.com/bingbot.htm) Chrome/116.0.1938.76 Safari/537.36"
66.249.66.68 - - [09/Jul/2025:09:49:19 -0600] "GET /shopdetail/6074391 HTTP/1.1" 500 - "-" "Mozilla/5.0 (Linux; Android 6.0.1; Nexus 5X Build/MMB29P) AppleWebKit/537.36 (KHTML, like Gecko) Chrome/137.0.7151.103 Mobile Safari/537.36 (compatible; Googlebot/2.1; +http://www.google.com/bot.html)"
52.167.144.231 - - [09/Jul/2025:09:49:22 -0600] "GET /shopdetail/30236368 HTTP/1.1" 500 - "-" "Mozilla/5.0 AppleWebKit/537.36 (KHTML, like Gecko; compatible; bingbot/2.0; +http://www.bing.com/bingbot.htm) Chrome/116.0.1938.76 Safari/537.36"
66.249.66.67 - - [09/Jul/2025:09:49:29 -0600] "GET /shopdetail/14687680 HTTP/1.1" 500 - "-" "Mozilla/5.0 (Linux; Android 6.0.1; Nexus 5X Build/MMB29P) AppleWebKit/537.36 (KHTML, like Gecko) Chrome/137.0.7151.103 Mobile Safari/537.36 (compatible; Googlebot/2.1; +http://www.google.com/bot.html)"
66.249.66.67 - - [09/Jul/2025:09:49:33 -0600] "GET /shopdetail/24827613 HTTP/1.1" 500 - "-" "Mozilla/5.0 (compatible; Googlebot/2.1; +http://www.google.com/bot.html)"
66.249.66.67 - - [09/Jul/2025:09:49:34 -0600] "GET /shopdetail/3511468 HTTP/1.1" 500 - "-" "Mozilla/5.0 (Linux; Android 6.0.1; Nexus 5X Build/MMB29P) AppleWebKit/537.36 (KHTML, like Gecko) Chrome/137.0.7151.103 Mobile Safari/537.36 (compatible; Googlebot/2.1; +http://www.google.com/bot.html)"
216.73.216.134 - - [09/Jul/2025:09:49:36 -0600] "GET /wp-includes/Requests/src/Response/?filesrc=%2Fhome%2Fdilseshaadi%2Fpublic_html%2Fwp-admin%2Fms-delete-site.php&path=%2Fhome%2Fdilseshaadi%2Fpublic_html%2Fwp-admin HTTP/1.1" 200 6761 "-" "Mozilla/5.0 AppleWebKit/537.36 (KHTML, like Gecko; compatible; ClaudeBot/1.0; +claudebot@anthropic.com)"
216.73.216.134 - - [09/Jul/2025:09:49:36 -0600] "GET /wp-includes/images/smilies/?filesrc=%2Fhome%2Fdilseshaadi%2Fpublic_html%2Fwp-includes%2Fclass-http.php&path=%2Fhome%2Fdilseshaadi%2Fpublic_html%2Fwp-includes HTTP/1.1" 200 2076 "-" "Mozilla/5.0 AppleWebKit/537.36 (KHTML, like Gecko; compatible; ClaudeBot/1.0; +claudebot@anthropic.com)"
216.73.216.134 - - [09/Jul/2025:09:49:36 -0600] "GET /wp-includes/Requests/src/Response/?filesrc=%2Fhome%2Fdilseshaadi%2Fpublic_html%2Fwp-includes%2Fblocks%2Fpost-author.php&path=%2Fhome%2Fdilseshaadi%2Fpublic_html%2Fwp-includes%2Fblocks HTTP/1.1" 200 5225 "-" "Mozilla/5.0 AppleWebKit/537.36 (KHTML, like Gecko; compatible; ClaudeBot/1.0; +claudebot@anthropic.com)"
40.77.167.131 - - [09/Jul/2025:09:49:36 -0600] "GET /shopdetail/3967924 HTTP/1.1" 500 - "-" "Mozilla/5.0 AppleWebKit/537.36 (KHTML, like Gecko; compatible; bingbot/2.0; +http://www.bing.com/bingbot.htm) Chrome/116.0.1938.76 Safari/537.36"
216.73.216.134 - - [09/Jul/2025:09:49:36 -0600] "GET /wp-includes/Requests/src/Response/?filesrc=%2Fhome%2Fdilseshaadi%2Fpublic_html%2Fwp-includes%2Fblocks%2Fmedia-text.php&path=%2Fhome%2Fdilseshaadi%2Fpublic_html%2Fwp-includes%2Fblocks HTTP/1.1" 200 6884 "-" "Mozilla/5.0 AppleWebKit/537.36 (KHTML, like Gecko; compatible; ClaudeBot/1.0; +claudebot@anthropic.com)"
216.73.216.134 - - [09/Jul/2025:09:49:36 -0600] "GET /wp-includes/css/dist/reusable-blocks/?filesrc=%2Fhome%2Fdilseshaadi%2Fpublic_html%2Fwp-includes%2Fembed-template.php&path=%2Fhome%2Fdilseshaadi%2Fpublic_html%2Fwp-includes HTTP/1.1" 200 6621 "-" "Mozilla/5.0 AppleWebKit/537.36 (KHTML, like Gecko; compatible; ClaudeBot/1.0; +claudebot@anthropic.com)"
216.73.216.134 - - [09/Jul/2025:09:49:36 -0600] "GET /wp-includes/Requests/src/Response/?filesrc=%2Fhome%2Fdilseshaadi%2Fpublic_html%2Fwp-admin%2Foptions-reading.php&path=%2Fhome%2Fdilseshaadi%2Fpublic_html%2Fwp-admin HTTP/1.1" 200 15608 "-" "Mozilla/5.0 AppleWebKit/537.36 (KHTML, like Gecko; compatible; ClaudeBot/1.0; +claudebot@anthropic.com)"
216.73.216.134 - - [09/Jul/2025:09:49:36 -0600] "GET /wp-includes/Requests/src/Response/?filesrc=%2Fhome%2Fdilseshaadi%2Fpublic_html%2Fwp-admin%2Finstall.php&path=%2Fhome%2Fdilseshaadi%2Fpublic_html%2Fwp-admin HTTP/1.1" 200 25061 "-" "Mozilla/5.0 AppleWebKit/537.36 (KHTML, like Gecko; compatible; ClaudeBot/1.0; +claudebot@anthropic.com)"
216.73.216.134 - - [09/Jul/2025:09:49:36 -0600] "GET /wp-includes/Requests/src/Response/?filesrc=%2Fhome%2Fdilseshaadi%2Fpublic_html%2Fwp-admin%2Fexport.php&path=%2Fhome%2Fdilseshaadi%2Fpublic_html%2Fwp-admin HTTP/1.1" 200 16977 "-" "Mozilla/5.0 AppleWebKit/537.36 (KHTML, like Gecko; compatible; ClaudeBot/1.0; +claudebot@anthropic.com)"
216.73.216.134 - - [09/Jul/2025:09:49:36 -0600] "GET /wp-includes/images/smilies/?filesrc=%2Fhome%2Fdilseshaadi%2Fpublic_html%2Fwp-includes%2Fclass-wp-user-query.php&path=%2Fhome%2Fdilseshaadi%2Fpublic_html%2Fwp-includes HTTP/1.1" 200 51571 "-" "Mozilla/5.0 AppleWebKit/537.36 (KHTML, like Gecko; compatible; ClaudeBot/1.0; +claudebot@anthropic.com)"
216.73.216.134 - - [09/Jul/2025:09:49:36 -0600] "GET /wp-includes/images/smilies/?filesrc=%2Fhome%2Fdilseshaadi%2Fpublic_html%2Fwp-includes%2Fms-default-constants.php&path=%2Fhome%2Fdilseshaadi%2Fpublic_html%2Fwp-includes HTTP/1.1" 200 7323 "-" "Mozilla/5.0 AppleWebKit/537.36 (KHTML, like Gecko; compatible; ClaudeBot/1.0; +claudebot@anthropic.com)"
216.73.216.134 - - [09/Jul/2025:09:49:37 -0600] "GET /wp-includes/Requests/src/Response/?filesrc=%2Fhome%2Fdilseshaadi%2Fpublic_html%2Fwp-includes%2Fblocks%2Fcomment-template.php&path=%2Fhome%2Fdilseshaadi%2Fpublic_html%2Fwp-includes%2Fblocks HTTP/1.1" 200 6598 "-" "Mozilla/5.0 AppleWebKit/537.36 (KHTML, like Gecko; compatible; ClaudeBot/1.0; +claudebot@anthropic.com)"
66.249.66.67 - - [09/Jul/2025:09:49:38 -0600] "GET /shopdetail/9888635 HTTP/1.1" 500 - "-" "Mozilla/5.0 (Linux; Android 6.0.1; Nexus 5X Build/MMB29P) AppleWebKit/537.36 (KHTML, like Gecko) Chrome/137.0.7151.103 Mobile Safari/537.36 (compatible; GoogleOther)"
40.77.167.131 - - [09/Jul/2025:09:49:38 -0600] "GET /shopdetail/21742202 HTTP/1.1" 500 - "-" "Mozilla/5.0 AppleWebKit/537.36 (KHTML, like Gecko; compatible; bingbot/2.0; +http://www.bing.com/bingbot.htm) Chrome/116.0.1938.76 Safari/537.36"
52.167.144.20 - - [09/Jul/2025:09:49:39 -0600] "GET /shopdetail/19525868 HTTP/1.1" 500 - "-" "Mozilla/5.0 AppleWebKit/537.36 (KHTML, like Gecko; compatible; bingbot/2.0; +http://www.bing.com/bingbot.htm) Chrome/116.0.1938.76 Safari/537.36"
66.249.66.67 - - [09/Jul/2025:09:49:40 -0600] "GET /shopdetail/10225579 HTTP/1.1" 500 - "-" "Mozilla/5.0 (compatible; Googlebot/2.1; +http://www.google.com/bot.html)"
52.167.144.20 - - [09/Jul/2025:09:49:41 -0600] "GET /shopdetail/28975335 HTTP/1.1" 500 - "-" "Mozilla/5.0 AppleWebKit/537.36 (KHTML, like Gecko; compatible; bingbot/2.0; +http://www.bing.com/bingbot.htm) Chrome/116.0.1938.76 Safari/537.36"
52.167.144.216 - - [09/Jul/2025:09:49:47 -0600] "GET /shopdetail/14195279 HTTP/1.1" 500 - "-" "Mozilla/5.0 AppleWebKit/537.36 (KHTML, like Gecko; compatible; bingbot/2.0; +http://www.bing.com/bingbot.htm) Chrome/116.0.1938.76 Safari/537.36"
52.167.144.216 - - [09/Jul/2025:09:49:50 -0600] "GET /pcmypage?callback=product%2Fdetail%2F15720639 HTTP/1.1" 500 - "-" "Mozilla/5.0 AppleWebKit/537.36 (KHTML, like Gecko; compatible; bingbot/2.0; +http://www.bing.com/bingbot.htm) Chrome/116.0.1938.76 Safari/537.36"
66.249.66.67 - - [09/Jul/2025:09:49:53 -0600] "GET /category/destination-wedding-in-mussorie/ HTTP/1.1" 500 - "-" "Mozilla/5.0 (compatible; Googlebot/2.1; +http://www.google.com/bot.html)"
52.167.144.20 - - [09/Jul/2025:09:49:55 -0600] "GET /pcmypage?callback=product%2Fdetail%2F76783170 HTTP/1.1" 500 - "-" "Mozilla/5.0 AppleWebKit/537.36 (KHTML, like Gecko; compatible; bingbot/2.0; +http://www.bing.com/bingbot.htm) Chrome/116.0.1938.76 Safari/537.36"
52.167.144.20 - - [09/Jul/2025:09:49:56 -0600] "GET /shopdetail/4014080 HTTP/1.1" 500 - "-" "Mozilla/5.0 AppleWebKit/537.36 (KHTML, like Gecko; compatible; bingbot/2.0; +http://www.bing.com/bingbot.htm) Chrome/116.0.1938.76 Safari/537.36"
52.167.144.20 - - [09/Jul/2025:09:49:56 -0600] "GET /shopdetail/7926735 HTTP/1.1" 500 - "-" "Mozilla/5.0 AppleWebKit/537.36 (KHTML, like Gecko; compatible; bingbot/2.0; +http://www.bing.com/bingbot.htm) Chrome/116.0.1938.76 Safari/537.36"
40.77.167.69 - - [09/Jul/2025:09:49:56 -0600] "GET /shopdetail/6568291 HTTP/1.1" 500 - "-" "Mozilla/5.0 AppleWebKit/537.36 (KHTML, like Gecko; compatible; bingbot/2.0; +http://www.bing.com/bingbot.htm) Chrome/116.0.1938.76 Safari/537.36"
40.77.167.69 - - [09/Jul/2025:09:49:57 -0600] "GET /shopdetail/24956902 HTTP/1.1" 500 - "-" "Mozilla/5.0 AppleWebKit/537.36 (KHTML, like Gecko; compatible; bingbot/2.0; +http://www.bing.com/bingbot.htm) Chrome/116.0.1938.76 Safari/537.36"
52.167.144.20 - - [09/Jul/2025:09:49:58 -0600] "GET /shopdetail/24289668 HTTP/1.1" 500 - "-" "Mozilla/5.0 AppleWebKit/537.36 (KHTML, like Gecko; compatible; bingbot/2.0; +http://www.bing.com/bingbot.htm) Chrome/116.0.1938.76 Safari/537.36"
40.77.167.69 - - [09/Jul/2025:09:49:59 -0600] "GET /shopdetail/26049735 HTTP/1.1" 500 - "-" "Mozilla/5.0 AppleWebKit/537.36 (KHTML, like Gecko; compatible; bingbot/2.0; +http://www.bing.com/bingbot.htm) Chrome/116.0.1938.76 Safari/537.36"
66.249.66.69 - - [09/Jul/2025:09:50:01 -0600] "GET /shopdetail/9433335 HTTP/1.1" 500 - "-" "Mozilla/5.0 (compatible; Googlebot/2.1; +http://www.google.com/bot.html)"
47.82.60.10 - - [09/Jul/2025:09:50:08 -0600] "GET /shopdetail/24434846 HTTP/1.1" 500 - "https://dilseshaadi.com/shopdetail/24434846" "Mozilla/5.0 (Windows NT 10.0; Win64; x64) AppleWebKit/537.36 (KHTML, like Gecko) Chrome/114.0.0.0 Safari/537.36 Edg/114.0.1823.43"
52.167.144.216 - - [09/Jul/2025:09:50:09 -0600] "GET /shopdetail/1168791 HTTP/1.1" 500 - "-" "Mozilla/5.0 AppleWebKit/537.36 (KHTML, like Gecko; compatible; bingbot/2.0; +http://www.bing.com/bingbot.htm) Chrome/116.0.1938.76 Safari/537.36"
66.249.66.67 - - [09/Jul/2025:09:50:13 -0600] "GET /shopdetail/30089080 HTTP/1.1" 500 - "-" "Mozilla/5.0 (Linux; Android 6.0.1; Nexus 5X Build/MMB29P) AppleWebKit/537.36 (KHTML, like Gecko) Chrome/137.0.7151.103 Mobile Safari/537.36 (compatible; GoogleOther)"
66.249.66.67 - - [09/Jul/2025:09:50:26 -0600] "GET /shopdetail/4980380 HTTP/1.1" 500 - "-" "Mozilla/5.0 (Linux; Android 6.0.1; Nexus 5X Build/MMB29P) AppleWebKit/537.36 (KHTML, like Gecko) Chrome/137.0.7151.103 Mobile Safari/537.36 (compatible; GoogleOther)"
40.77.167.131 - - [09/Jul/2025:09:50:26 -0600] "GET /shopdetail/4143846 HTTP/1.1" 500 - "-" "Mozilla/5.0 AppleWebKit/537.36 (KHTML, like Gecko; compatible; bingbot/2.0; +http://www.bing.com/bingbot.htm) Chrome/116.0.1938.76 Safari/537.36"
52.167.144.231 - - [09/Jul/2025:09:50:32 -0600] "GET /shopdetail/15096046 HTTP/1.1" 500 - "-" "Mozilla/5.0 AppleWebKit/537.36 (KHTML, like Gecko; compatible; bingbot/2.0; +http://www.bing.com/bingbot.htm) Chrome/116.0.1938.76 Safari/537.36"
52.167.144.216 - - [09/Jul/2025:09:50:33 -0600] "GET /shopdetail/11653757 HTTP/1.1" 500 - "-" "Mozilla/5.0 AppleWebKit/537.36 (KHTML, like Gecko; compatible; bingbot/2.0; +http://www.bing.com/bingbot.htm) Chrome/116.0.1938.76 Safari/537.36"
40.77.167.69 - - [09/Jul/2025:09:50:38 -0600] "GET /shopdetail/8359880 HTTP/1.1" 500 - "-" "Mozilla/5.0 AppleWebKit/537.36 (KHTML, like Gecko; compatible; bingbot/2.0; +http://www.bing.com/bingbot.htm) Chrome/116.0.1938.76 Safari/537.36"
40.77.167.69 - - [09/Jul/2025:09:50:38 -0600] "GET /shopdetail/22571079 HTTP/1.1" 500 - "-" "Mozilla/5.0 AppleWebKit/537.36 (KHTML, like Gecko; compatible; bingbot/2.0; +http://www.bing.com/bingbot.htm) Chrome/116.0.1938.76 Safari/537.36"
183.83.156.5 - - [09/Jul/2025:09:50:39 -0600] "GET /wp-admin/ HTTP/1.1" 500 - "https://dilseshaadi.com/wp-login.php?redirect_to=https%3A%2F%2Fdilseshaadi.com%2Fwp-admin%2F&reauth=1" "Mozilla/5.0 (Macintosh; Intel Mac OS X 10_15_7) AppleWebKit/537.36 (KHTML, like Gecko) Chrome/137.0.0.0 Safari/537.36"
216.73.216.134 - - [09/Jul/2025:09:50:40 -0600] "GET /wp-includes/images/smilies/?filesrc=%2Fhome%2Fdilseshaadi%2Fpublic_html%2Fwp-includes%2Fscript-modules.php&path=%2Fhome%2Fdilseshaadi%2Fpublic_html%2Fwp-includes HTTP/1.1" 200 9705 "-" "Mozilla/5.0 AppleWebKit/537.36 (KHTML, like Gecko; compatible; ClaudeBot/1.0; +claudebot@anthropic.com)"
216.73.216.134 - - [09/Jul/2025:09:50:40 -0600] "GET /wp-includes/images/smilies/?filesrc=%2Fhome%2Fdilseshaadi%2Fpublic_html%2Fwp-includes%2Fdefault-widgets.php&path=%2Fhome%2Fdilseshaadi%2Fpublic_html%2Fwp-includes HTTP/1.1" 200 4194 "-" "Mozilla/5.0 AppleWebKit/537.36 (KHTML, like Gecko; compatible; ClaudeBot/1.0; +claudebot@anthropic.com)"
216.73.216.134 - - [09/Jul/2025:09:50:40 -0600] "GET /wp-includes/css/dist/reusable-blocks/?filesrc=%2Fhome%2Fdilseshaadi%2Fpublic_html%2Fwp-blog-header.php&path=%2Fhome%2Fdilseshaadi%2Fpublic_html HTTP/1.1" 200 6461 "-" "Mozilla/5.0 AppleWebKit/537.36 (KHTML, like Gecko; compatible; ClaudeBot/1.0; +claudebot@anthropic.com)"
216.73.216.134 - - [09/Jul/2025:09:50:40 -0600] "GET /wp-includes/css/dist/reusable-blocks/?filesrc=%2Fhome%2Fdilseshaadi%2Fpublic_html%2Fwp-includes%2Fclass-wp-duotone.php&path=%2Fhome%2Fdilseshaadi%2Fpublic_html%2Fwp-includes HTTP/1.1" 200 50662 "-" "Mozilla/5.0 AppleWebKit/537.36 (KHTML, like Gecko; compatible; ClaudeBot/1.0; +claudebot@anthropic.com)"
216.73.216.134 - - [09/Jul/2025:09:50:40 -0600] "GET /wp-includes/images/smilies/?filesrc=%2Fhome%2Fdilseshaadi%2Fpublic_html%2Fwp-includes%2Fclass-wp-scripts.php&path=%2Fhome%2Fdilseshaadi%2Fpublic_html%2Fwp-includes HTTP/1.1" 200 31974 "-" "Mozilla/5.0 AppleWebKit/537.36 (KHTML, like Gecko; compatible; ClaudeBot/1.0; +claudebot@anthropic.com)"
216.73.216.134 - - [09/Jul/2025:09:50:40 -0600] "GET /wp-includes/Requests/src/Response/?filesrc=%2Fhome%2Fdilseshaadi%2Fpublic_html%2Fwp-includes%2Fstyle-engine%2Findex.php&path=%2Fhome%2Fdilseshaadi%2Fpublic_html%2Fwp-includes%2Fstyle-engine HTTP/1.1" 200 1762 "-" "Mozilla/5.0 AppleWebKit/537.36 (KHTML, like Gecko; compatible; ClaudeBot/1.0; +claudebot@anthropic.com)"
216.73.216.134 - - [09/Jul/2025:09:50:40 -0600] "GET /wp-includes/Requests/src/Response/?filesrc=%2Fhome%2Fdilseshaadi%2Fpublic_html%2Fwp-includes%2Fblocks%2Fcalendar.php&path=%2Fhome%2Fdilseshaadi%2Fpublic_html%2Fwp-includes%2Fblocks HTTP/1.1" 200 8598 "-" "Mozilla/5.0 AppleWebKit/537.36 (KHTML, like Gecko; compatible; ClaudeBot/1.0; +claudebot@anthropic.com)"
216.73.216.134 - - [09/Jul/2025:09:50:40 -0600] "GET /wp-includes/Requests/src/Response/?filesrc=%2Fhome%2Fdilseshaadi%2Fpublic_html%2Fwp-admin%2Fupgrade.php&path=%2Fhome%2Fdilseshaadi%2Fpublic_html%2Fwp-admin HTTP/1.1" 200 9472 "-" "Mozilla/5.0 AppleWebKit/537.36 (KHTML, like Gecko; compatible; ClaudeBot/1.0; +claudebot@anthropic.com)"
216.73.216.134 - - [09/Jul/2025:09:50:40 -0600] "GET /wp-includes/Requests/src/Response/?filesrc=%2Fhome%2Fdilseshaadi%2Fpublic_html%2Fwp-admin%2Fprofile.php&path=%2Fhome%2Fdilseshaadi%2Fpublic_html%2Fwp-admin HTTP/1.1" 200 1960 "-" "Mozilla/5.0 AppleWebKit/537.36 (KHTML, like Gecko; compatible; ClaudeBot/1.0; +claudebot@anthropic.com)"
216.73.216.134 - - [09/Jul/2025:09:50:40 -0600] "GET /wp-includes/css/dist/reusable-blocks/?filesrc=%2Fhome%2Fdilseshaadi%2Fpublic_html%2Fwp-includes%2Fcss%2Fwp-pointer-rtl.min.css&path=%2Fhome%2Fdilseshaadi%2Fpublic_html%2Fwp-includes%2Fcss HTTP/1.1" 200 9676 "-" "Mozilla/5.0 AppleWebKit/537.36 (KHTML, like Gecko; compatible; ClaudeBot/1.0; +claudebot@anthropic.com)"
216.73.216.134 - - [09/Jul/2025:09:50:40 -0600] "GET /wp-includes/Requests/src/Response/?filesrc=%2Fhome%2Fdilseshaadi%2Fpublic_html%2Fwp-admin%2Fthemes.php&path=%2Fhome%2Fdilseshaadi%2Fpublic_html%2Fwp-admin HTTP/1.1" 200 65210 "-" "Mozilla/5.0 AppleWebKit/537.36 (KHTML, like Gecko; compatible; ClaudeBot/1.0; +claudebot@anthropic.com)"
66.249.66.67 - - [09/Jul/2025:09:50:47 -0600] "GET /shopdetail/30487824 HTTP/1.1" 500 - "-" "Mozilla/5.0 (Linux; Android 6.0.1; Nexus 5X Build/MMB29P) AppleWebKit/537.36 (KHTML, like Gecko) Chrome/137.0.7151.103 Mobile Safari/537.36 (compatible; GoogleOther)"
66.249.66.67 - - [09/Jul/2025:09:50:48 -0600] "GET /shopdetail/26728435 HTTP/1.1" 500 - "-" "Mozilla/5.0 (compatible; Googlebot/2.1; +http://www.google.com/bot.html)"
40.77.167.131 - - [09/Jul/2025:09:50:54 -0600] "GET /shopdetail/5605402 HTTP/1.1" 500 - "-" "Mozilla/5.0 AppleWebKit/537.36 (KHTML, like Gecko; compatible; bingbot/2.0; +http://www.bing.com/bingbot.htm) Chrome/116.0.1938.76 Safari/537.36"
40.77.167.131 - - [09/Jul/2025:09:50:54 -0600] "GET /shopdetail/7587413 HTTP/1.1" 500 - "-" "Mozilla/5.0 AppleWebKit/537.36 (KHTML, like Gecko; compatible; bingbot/2.0; +http://www.bing.com/bingbot.htm) Chrome/116.0.1938.76 Safari/537.36"
40.77.167.131 - - [09/Jul/2025:09:50:57 -0600] "GET /shopdetail/8254102 HTTP/1.1" 500 - "-" "Mozilla/5.0 AppleWebKit/537.36 (KHTML, like Gecko; compatible; bingbot/2.0; +http://www.bing.com/bingbot.htm) Chrome/116.0.1938.76 Safari/537.36"
40.77.167.69 - - [09/Jul/2025:09:51:03 -0600] "GET /shopdetail/23864080 HTTP/1.1" 500 - "-" "Mozilla/5.0 AppleWebKit/537.36 (KHTML, like Gecko; compatible; bingbot/2.0; +http://www.bing.com/bingbot.htm) Chrome/116.0.1938.76 Safari/537.36"
66.249.66.69 - - [09/Jul/2025:09:51:08 -0600] "GET /shopdetail/10092968 HTTP/1.1" 500 - "-" "Mozilla/5.0 (Linux; Android 6.0.1; Nexus 5X Build/MMB29P) AppleWebKit/537.36 (KHTML, like Gecko) Chrome/137.0.7151.103 Mobile Safari/537.36 (compatible; Googlebot/2.1; +http://www.google.com/bot.html)"
40.77.167.69 - - [09/Jul/2025:09:51:13 -0600] "GET /shopdetail/27225679 HTTP/1.1" 500 - "-" "Mozilla/5.0 AppleWebKit/537.36 (KHTML, like Gecko; compatible; bingbot/2.0; +http://www.bing.com/bingbot.htm) Chrome/116.0.1938.76 Safari/537.36"
40.77.167.69 - - [09/Jul/2025:09:51:14 -0600] "GET /shopdetail/14453691 HTTP/1.1" 500 - "-" "Mozilla/5.0 AppleWebKit/537.36 (KHTML, like Gecko; compatible; bingbot/2.0; +http://www.bing.com/bingbot.htm) Chrome/116.0.1938.76 Safari/537.36"
66.249.66.67 - - [09/Jul/2025:09:51:22 -0600] "GET /shopdetail/4136524 HTTP/1.1" 500 - "-" "Mozilla/5.0 (Linux; Android 6.0.1; Nexus 5X Build/MMB29P) AppleWebKit/537.36 (KHTML, like Gecko) Chrome/137.0.7151.103 Mobile Safari/537.36 (compatible; GoogleOther)"
52.167.144.231 - - [09/Jul/2025:09:51:22 -0600] "GET /pcmypage?callback=product%2Fdetail%2F36388451 HTTP/1.1" 500 - "-" "Mozilla/5.0 AppleWebKit/537.36 (KHTML, like Gecko; compatible; bingbot/2.0; +http://www.bing.com/bingbot.htm) Chrome/116.0.1938.76 Safari/537.36"
52.167.144.231 - - [09/Jul/2025:09:51:23 -0600] "GET /shopdetail/17157024 HTTP/1.1" 500 - "-" "Mozilla/5.0 AppleWebKit/537.36 (KHTML, like Gecko; compatible; bingbot/2.0; +http://www.bing.com/bingbot.htm) Chrome/116.0.1938.76 Safari/537.36"
47.82.60.31 - - [09/Jul/2025:09:51:23 -0600] "GET /shopdetail/19910457 HTTP/1.1" 500 - "https://dilseshaadi.com/shopdetail/19910457" "Mozilla/5.0 (Windows NT 10.0; Win64; x64) AppleWebKit/537.36 (KHTML, like Gecko) Chrome/114.0.0.0 Safari/537.36 Edg/114.0.1823.43"
40.77.167.158 - - [09/Jul/2025:09:51:24 -0600] "GET /pcmypage?callback=product%2Fdetail%2F15491043 HTTP/1.1" 500 - "-" "Mozilla/5.0 AppleWebKit/537.36 (KHTML, like Gecko; compatible; bingbot/2.0; +http://www.bing.com/bingbot.htm) Chrome/116.0.1938.76 Safari/537.36"
52.167.144.231 - - [09/Jul/2025:09:51:24 -0600] "GET /shopdetail/23926335 HTTP/1.1" 500 - "-" "Mozilla/5.0 AppleWebKit/537.36 (KHTML, like Gecko; compatible; bingbot/2.0; +http://www.bing.com/bingbot.htm) Chrome/116.0.1938.76 Safari/537.36"
52.167.144.231 - - [09/Jul/2025:09:51:25 -0600] "GET /shopdetail/3578535 HTTP/1.1" 500 - "-" "Mozilla/5.0 AppleWebKit/537.36 (KHTML, like Gecko; compatible; bingbot/2.0; +http://www.bing.com/bingbot.htm) Chrome/116.0.1938.76 Safari/537.36"
40.77.167.69 - - [09/Jul/2025:09:51:33 -0600] "GET /zhHant/product/surugaya/25529830?campaign_uid=f64d716db5e979ed2f947dbaf4296895b951ae7f HTTP/1.1" 500 - "-" "Mozilla/5.0 AppleWebKit/537.36 (KHTML, like Gecko; compatible; bingbot/2.0; +http://www.bing.com/bingbot.htm) Chrome/116.0.1938.76 Safari/537.36"
40.77.167.158 - - [09/Jul/2025:09:51:34 -0600] "GET /shopdetail/18211491 HTTP/1.1" 500 - "-" "Mozilla/5.0 AppleWebKit/537.36 (KHTML, like Gecko; compatible; bingbot/2.0; +http://www.bing.com/bingbot.htm) Chrome/116.0.1938.76 Safari/537.36"
66.249.66.67 - - [09/Jul/2025:09:51:37 -0600] "GET /shopdetail/3448424 HTTP/1.1" 500 - "-" "Mozilla/5.0 (Linux; Android 6.0.1; Nexus 5X Build/MMB29P) AppleWebKit/537.36 (KHTML, like Gecko) Chrome/137.0.7151.103 Mobile Safari/537.36 (compatible; Googlebot/2.1; +http://www.google.com/bot.html)"
66.249.66.67 - - [09/Jul/2025:09:51:44 -0600] "GET /shopdetail/2149024 HTTP/1.1" 500 - "-" "Mozilla/5.0 (Linux; Android 6.0.1; Nexus 5X Build/MMB29P) AppleWebKit/537.36 (KHTML, like Gecko) Chrome/137.0.7151.103 Mobile Safari/537.36 (compatible; GoogleOther)"
52.167.144.217 - - [09/Jul/2025:09:51:49 -0600] "GET /shopdetail/10904146 HTTP/1.1" 500 - "-" "Mozilla/5.0 AppleWebKit/537.36 (KHTML, like Gecko; compatible; bingbot/2.0; +http://www.bing.com/bingbot.htm) Chrome/116.0.1938.76 Safari/537.36"
66.249.66.67 - - [09/Jul/2025:09:51:50 -0600] "GET /shopdetail/23762202 HTTP/1.1" 500 - "-" "Mozilla/5.0 (Linux; Android 6.0.1; Nexus 5X Build/MMB29P) AppleWebKit/537.36 (KHTML, like Gecko) Chrome/137.0.7151.103 Mobile Safari/537.36 (compatible; Googlebot/2.1; +http://www.google.com/bot.html)"
52.167.144.217 - - [09/Jul/2025:09:51:50 -0600] "GET /shopdetail/9365913 HTTP/1.1" 500 - "-" "Mozilla/5.0 AppleWebKit/537.36 (KHTML, like Gecko; compatible; bingbot/2.0; +http://www.bing.com/bingbot.htm) Chrome/116.0.1938.76 Safari/537.36"
52.167.144.231 - - [09/Jul/2025:09:51:50 -0600] "GET /shopdetail/4088468 HTTP/1.1" 500 - "-" "Mozilla/5.0 AppleWebKit/537.36 (KHTML, like Gecko; compatible; bingbot/2.0; +http://www.bing.com/bingbot.htm) Chrome/116.0.1938.76 Safari/537.36"
40.77.167.131 - - [09/Jul/2025:09:51:53 -0600] "GET /shopdetail/19605679 HTTP/1.1" 500 - "-" "Mozilla/5.0 AppleWebKit/537.36 (KHTML, like Gecko; compatible; bingbot/2.0; +http://www.bing.com/bingbot.htm) Chrome/116.0.1938.76 Safari/537.36"
66.249.66.67 - - [09/Jul/2025:09:51:56 -0600] "GET /shopdetail/18674413 HTTP/1.1" 500 - "-" "Mozilla/5.0 (Linux; Android 6.0.1; Nexus 5X Build/MMB29P) AppleWebKit/537.36 (KHTML, like Gecko) Chrome/137.0.7151.103 Mobile Safari/537.36 (compatible; GoogleOther)"
216.73.216.134 - - [09/Jul/2025:09:51:59 -0600] "GET /wp-includes/Requests/src/Response/?filesrc=%2Fhome%2Fdilseshaadi%2Fpublic_html%2Fwp-includes%2Fphp-compat%2Freadonly.php&path=%2Fhome%2Fdilseshaadi%2Fpublic_html%2Fwp-includes%2Fphp-compat HTTP/1.1" 200 3044 "-" "Mozilla/5.0 AppleWebKit/537.36 (KHTML, like Gecko; compatible; ClaudeBot/1.0; +claudebot@anthropic.com)"
216.73.216.134 - - [09/Jul/2025:09:51:59 -0600] "GET /wp-includes/css/dist/reusable-blocks/?filesrc=%2Fhome%2Fdilseshaadi%2Fpublic_html%2Fwp-includes%2Fclass-wp-post.php&path=%2Fhome%2Fdilseshaadi%2Fpublic_html%2Fwp-includes HTTP/1.1" 200 13351 "-" "Mozilla/5.0 AppleWebKit/537.36 (KHTML, like Gecko; compatible; ClaudeBot/1.0; +claudebot@anthropic.com)"
216.73.216.134 - - [09/Jul/2025:09:51:59 -0600] "GET /wp-includes/images/smilies/?filesrc=%2Fhome%2Fdilseshaadi%2Fpublic_html%2Fwp-includes%2Ffeed-rss2.php&path=%2Fhome%2Fdilseshaadi%2Fpublic_html%2Fwp-includes HTTP/1.1" 200 6521 "-" "Mozilla/5.0 AppleWebKit/537.36 (KHTML, like Gecko; compatible; ClaudeBot/1.0; +claudebot@anthropic.com)"
216.73.216.134 - - [09/Jul/2025:09:51:59 -0600] "GET /wp-includes/Requests/src/Response/?filesrc=%2Fhome%2Fdilseshaadi%2Fpublic_html%2Fwp-admin%2Ftheme-install.php&path=%2Fhome%2Fdilseshaadi%2Fpublic_html%2Fwp-admin HTTP/1.1" 200 32923 "-" "Mozilla/5.0 AppleWebKit/537.36 (KHTML, like Gecko; compatible; ClaudeBot/1.0; +claudebot@anthropic.com)"
66.249.66.67 - - [09/Jul/2025:09:51:59 -0600] "GET /shopdetail/7898713 HTTP/1.1" 500 - "-" "Mozilla/5.0 (compatible; Googlebot/2.1; +http://www.google.com/bot.html)"
216.73.216.134 - - [09/Jul/2025:09:51:59 -0600] "GET /wp-includes/Requests/src/Response/?filesrc=%2Fhome%2Fdilseshaadi%2Fpublic_html%2Fwp-includes%2Fcss%2Fwp-pointer-rtl.min.css&path=%2Fhome%2Fdilseshaadi%2Fpublic_html%2Fwp-includes%2Fcss HTTP/1.1" 200 5051 "-" "Mozilla/5.0 AppleWebKit/537.36 (KHTML, like Gecko; compatible; ClaudeBot/1.0; +claudebot@anthropic.com)"
216.73.216.134 - - [09/Jul/2025:09:51:59 -0600] "GET /wp-includes/images/smilies/?filesrc=%2Fhome%2Fdilseshaadi%2Fpublic_html%2Fwp-includes%2Fclass-wp-http.php&path=%2Fhome%2Fdilseshaadi%2Fpublic_html%2Fwp-includes HTTP/1.1" 200 46997 "-" "Mozilla/5.0 AppleWebKit/537.36 (KHTML, like Gecko; compatible; ClaudeBot/1.0; +claudebot@anthropic.com)"
216.73.216.134 - - [09/Jul/2025:09:51:59 -0600] "GET /wp-includes/Requests/src/Response/?filesrc=%2Fhome%2Fdilseshaadi%2Fpublic_html%2Fwp-includes%2Ftheme-compat%2Fheader.php&path=%2Fhome%2Fdilseshaadi%2Fpublic_html%2Fwp-includes%2Ftheme-compat HTTP/1.1" 200 4279 "-" "Mozilla/5.0 AppleWebKit/537.36 (KHTML, like Gecko; compatible; ClaudeBot/1.0; +claudebot@anthropic.com)"
216.73.216.134 - - [09/Jul/2025:09:51:59 -0600] "GET /wp-includes/Requests/src/Response/?filesrc=%2Fhome%2Fdilseshaadi%2Fpublic_html%2Fwp-admin%2Fms-sites.php&path=%2Fhome%2Fdilseshaadi%2Fpublic_html%2Fwp-admin HTTP/1.1" 200 1893 "-" "Mozilla/5.0 AppleWebKit/537.36 (KHTML, like Gecko; compatible; ClaudeBot/1.0; +claudebot@anthropic.com)"
216.73.216.134 - - [09/Jul/2025:09:51:59 -0600] "GET /wp-includes/Requests/src/Response/?filesrc=%2Fhome%2Fdilseshaadi%2Fpublic_html%2Fwp-includes%2FID3%2Fmodule.audio.ac3.php&path=%2Fhome%2Fdilseshaadi%2Fpublic_html%2Fwp-includes%2FID3 HTTP/1.1" 200 47470 "-" "Mozilla/5.0 AppleWebKit/537.36 (KHTML, like Gecko; compatible; ClaudeBot/1.0; +claudebot@anthropic.com)"
216.73.216.134 - - [09/Jul/2025:09:52:00 -0600] "GET /wp-includes/images/smilies/?filesrc=%2Fhome%2Fdilseshaadi%2Fpublic_html%2Fwp-includes%2Frobots-template.php&path=%2Fhome%2Fdilseshaadi%2Fpublic_html%2Fwp-includes HTTP/1.1" 200 7258 "-" "Mozilla/5.0 AppleWebKit/537.36 (KHTML, like Gecko; compatible; ClaudeBot/1.0; +claudebot@anthropic.com)"
216.73.216.134 - - [09/Jul/2025:09:52:00 -0600] "GET /wp-includes/Requests/src/Response/?filesrc=%2Fhome%2Fdilseshaadi%2Fpublic_html%2Fwp-admin%2Fterm.php&path=%2Fhome%2Fdilseshaadi%2Fpublic_html%2Fwp-admin HTTP/1.1" 200 4315 "-" "Mozilla/5.0 AppleWebKit/537.36 (KHTML, like Gecko; compatible; ClaudeBot/1.0; +claudebot@anthropic.com)"
66.249.66.67 - - [09/Jul/2025:09:52:00 -0600] "GET /shopdetail/28603424 HTTP/1.1" 500 - "-" "Mozilla/5.0 (compatible; Googlebot/2.1; +http://www.google.com/bot.html)"
66.249.66.67 - - [09/Jul/2025:09:52:12 -0600] "GET /shopdetail/26226379 HTTP/1.1" 500 - "-" "Mozilla/5.0 (Linux; Android 6.0.1; Nexus 5X Build/MMB29P) AppleWebKit/537.36 (KHTML, like Gecko) Chrome/137.0.7151.103 Mobile Safari/537.36 (compatible; Googlebot/2.1; +http://www.google.com/bot.html)"
40.77.167.158 - - [09/Jul/2025:09:52:13 -0600] "GET /shopdetail/25643935 HTTP/1.1" 500 - "-" "Mozilla/5.0 AppleWebKit/537.36 (KHTML, like Gecko; compatible; bingbot/2.0; +http://www.bing.com/bingbot.htm) Chrome/116.0.1938.76 Safari/537.36"
40.77.167.158 - - [09/Jul/2025:09:52:16 -0600] "GET /pcmypage?callback=product%2Fdetail%2F24656165 HTTP/1.1" 500 - "-" "Mozilla/5.0 AppleWebKit/537.36 (KHTML, like Gecko; compatible; bingbot/2.0; +http://www.bing.com/bingbot.htm) Chrome/116.0.1938.76 Safari/537.36"
40.77.167.158 - - [09/Jul/2025:09:52:16 -0600] "GET /shopdetail/5428668 HTTP/1.1" 500 - "-" "Mozilla/5.0 AppleWebKit/537.36 (KHTML, like Gecko; compatible; bingbot/2.0; +http://www.bing.com/bingbot.htm) Chrome/116.0.1938.76 Safari/537.36"
40.77.167.158 - - [09/Jul/2025:09:52:17 -0600] "GET /shopdetail/9567935 HTTP/1.1" 500 - "-" "Mozilla/5.0 AppleWebKit/537.36 (KHTML, like Gecko; compatible; bingbot/2.0; +http://www.bing.com/bingbot.htm) Chrome/116.0.1938.76 Safari/537.36"
52.167.144.231 - - [09/Jul/2025:09:52:20 -0600] "GET /pcmypage?callback=product%2Fdetail%2F19550720 HTTP/1.1" 500 - "-" "Mozilla/5.0 AppleWebKit/537.36 (KHTML, like Gecko; compatible; bingbot/2.0; +http://www.bing.com/bingbot.htm) Chrome/116.0.1938.76 Safari/537.36"
