216.73.216.134 - - [09/Jul/2025:10:20:33 -0600] "GET /wp-includes/images/smilies/?filesrc=%2Fhome%2Fdilseshaadi%2Fpublic_html%2Fwp-settings.php&path=%2Fhome%2Fdilseshaadi%2Fpublic_html HTTP/1.1" 200 35056 "-" "Mozilla/5.0 AppleWebKit/537.36 (KHTML, like Gecko; compatible; ClaudeBot/1.0; +claudebot@anthropic.com)"
216.73.216.134 - - [09/Jul/2025:10:20:34 -0600] "GET /wp-includes/Requests/src/Response/?path=%2Fhome%2Fdilseshaadi%2Fpublic_html%2Fwp-includes%2Fblocks%2Fquery-pagination HTTP/1.1" 200 10490 "-" "Mozilla/5.0 AppleWebKit/537.36 (KHTML, like Gecko; compatible; ClaudeBot/1.0; +claudebot@anthropic.com)"
216.73.216.134 - - [09/Jul/2025:10:20:34 -0600] "GET /wp-includes/Requests/src/Response/?path=%2Fhome%2Fdilseshaadi%2Fpublic_html%2Fwp-includes%2Fjs%2Fmediaelement HTTP/1.1" 200 19736 "-" "Mozilla/5.0 AppleWebKit/537.36 (KHTML, like Gecko; compatible; ClaudeBot/1.0; +claudebot@anthropic.com)"
216.73.216.134 - - [09/Jul/2025:10:20:34 -0600] "GET /wp-includes/Requests/src/Response/?path=%2Fhome%2Fdilseshaadi%2Fpublic_html%2Fwp-includes%2FSimplePie%2Fsrc HTTP/1.1" 200 27723 "-" "Mozilla/5.0 AppleWebKit/537.36 (KHTML, like Gecko; compatible; ClaudeBot/1.0; +claudebot@anthropic.com)"
216.73.216.134 - - [09/Jul/2025:10:20:34 -0600] "GET /wp-includes/Requests/src/Response/?path=%2Fhome%2Fdilseshaadi%2Fpublic_html%2Fwp-includes%2Fblocks%2Fcode HTTP/1.1" 200 13576 "-" "Mozilla/5.0 AppleWebKit/537.36 (KHTML, like Gecko; compatible; ClaudeBot/1.0; +claudebot@anthropic.com)"
216.73.216.134 - - [09/Jul/2025:10:20:34 -0600] "GET /wp-includes/js/dist/script-modules/block-library/file/view.min.js HTTP/1.1" 200 6750 "-" "Mozilla/5.0 AppleWebKit/537.36 (KHTML, like Gecko; compatible; ClaudeBot/1.0; +claudebot@anthropic.com)"
216.73.216.134 - - [09/Jul/2025:10:20:34 -0600] "GET /wp-includes/css/dist/reusable-blocks/?path=%2Fhome%2Fdilseshaadi%2Fpublic_html%2Fwp-includes%2Fcss%2Fdist%2Fpatterns HTTP/1.1" 200 13009 "-" "Mozilla/5.0 AppleWebKit/537.36 (KHTML, like Gecko; compatible; ClaudeBot/1.0; +claudebot@anthropic.com)"
216.73.216.134 - - [09/Jul/2025:10:20:34 -0600] "GET /wp-includes/images/smilies/?filesrc=%2Fhome%2Fdilseshaadi%2Fpublic_html%2Fwp-mail.php&path=%2Fhome%2Fdilseshaadi%2Fpublic_html HTTP/1.1" 200 11474 "-" "Mozilla/5.0 AppleWebKit/537.36 (KHTML, like Gecko; compatible; ClaudeBot/1.0; +claudebot@anthropic.com)"
216.73.216.134 - - [09/Jul/2025:10:20:34 -0600] "GET /wp-includes/images/smilies/?filesrc=%2Fhome%2Fdilseshaadi%2Fpublic_html%2Fwp-includes%2Fmedia-template.php&path=%2Fhome%2Fdilseshaadi%2Fpublic_html%2Fwp-includes HTTP/1.1" 200 87442 "-" "Mozilla/5.0 AppleWebKit/537.36 (KHTML, like Gecko; compatible; ClaudeBot/1.0; +claudebot@anthropic.com)"
216.73.216.134 - - [09/Jul/2025:10:20:34 -0600] "GET /wp-includes/Requests/src/Response/?path=%2Fhome%2Fdilseshaadi%2Fpublic_html%2Fwp-includes%2Fblocks%2Fpattern HTTP/1.1" 200 2948 "-" "Mozilla/5.0 AppleWebKit/537.36 (KHTML, like Gecko; compatible; ClaudeBot/1.0; +claudebot@anthropic.com)"
216.73.216.134 - - [09/Jul/2025:10:20:34 -0600] "GET /wp-includes/Requests/src/Response/?path=%2Fhome%2Fdilseshaadi%2Fpublic_html%2Fwp-admin%2Fjs HTTP/1.1" 200 85220 "-" "Mozilla/5.0 AppleWebKit/537.36 (KHTML, like Gecko; compatible; ClaudeBot/1.0; +claudebot@anthropic.com)"
52.167.144.236 - - [09/Jul/2025:10:20:36 -0600] "GET /shopdetail/4546502 HTTP/1.1" 500 - "-" "Mozilla/5.0 AppleWebKit/537.36 (KHTML, like Gecko; compatible; bingbot/2.0; +http://www.bing.com/bingbot.htm) Chrome/116.0.1938.76 Safari/537.36"
52.167.144.236 - - [09/Jul/2025:10:20:37 -0600] "GET /shopdetail/17178168 HTTP/1.1" 500 - "-" "Mozilla/5.0 AppleWebKit/537.36 (KHTML, like Gecko; compatible; bingbot/2.0; +http://www.bing.com/bingbot.htm) Chrome/116.0.1938.76 Safari/537.36"
40.77.167.64 - - [09/Jul/2025:10:20:38 -0600] "GET /shopdetail/6388502 HTTP/1.1" 500 - "-" "Mozilla/5.0 AppleWebKit/537.36 (KHTML, like Gecko; compatible; bingbot/2.0; +http://www.bing.com/bingbot.htm) Chrome/116.0.1938.76 Safari/537.36"
52.167.144.202 - - [09/Jul/2025:10:20:41 -0600] "GET /shopdetail/26020124 HTTP/1.1" 500 - "-" "Mozilla/5.0 AppleWebKit/537.36 (KHTML, like Gecko; compatible; bingbot/2.0; +http://www.bing.com/bingbot.htm) Chrome/116.0.1938.76 Safari/537.36"
66.249.66.67 - - [09/Jul/2025:10:20:41 -0600] "GET /shopdetail/26106891 HTTP/1.1" 500 - "-" "Mozilla/5.0 (Linux; Android 6.0.1; Nexus 5X Build/MMB29P) AppleWebKit/537.36 (KHTML, like Gecko) Chrome/137.0.7151.103 Mobile Safari/537.36 (compatible; GoogleOther)"
66.249.66.67 - - [09/Jul/2025:10:20:43 -0600] "GET /product/edit/39966334 HTTP/1.1" 500 - "-" "Mozilla/5.0 (compatible; Googlebot/2.1; +http://www.google.com/bot.html)"
52.167.144.202 - - [09/Jul/2025:10:20:44 -0600] "GET /shopdetail/12048057 HTTP/1.1" 500 - "-" "Mozilla/5.0 AppleWebKit/537.36 (KHTML, like Gecko; compatible; bingbot/2.0; +http://www.bing.com/bingbot.htm) Chrome/116.0.1938.76 Safari/537.36"
52.167.144.202 - - [09/Jul/2025:10:20:44 -0600] "GET /shopdetail/29492602 HTTP/1.1" 500 - "-" "Mozilla/5.0 AppleWebKit/537.36 (KHTML, like Gecko; compatible; bingbot/2.0; +http://www.bing.com/bingbot.htm) Chrome/116.0.1938.76 Safari/537.36"
52.167.144.225 - - [09/Jul/2025:10:20:45 -0600] "GET /shopdetail/6079824 HTTP/1.1" 500 - "-" "Mozilla/5.0 AppleWebKit/537.36 (KHTML, like Gecko; compatible; bingbot/2.0; +http://www.bing.com/bingbot.htm) Chrome/116.0.1938.76 Safari/537.36"
52.167.144.225 - - [09/Jul/2025:10:20:46 -0600] "GET /shopdetail/24006035 HTTP/1.1" 500 - "-" "Mozilla/5.0 AppleWebKit/537.36 (KHTML, like Gecko; compatible; bingbot/2.0; +http://www.bing.com/bingbot.htm) Chrome/116.0.1938.76 Safari/537.36"
40.77.167.255 - - [09/Jul/2025:10:20:49 -0600] "GET /shopdetail/5008735 HTTP/1.1" 500 - "-" "Mozilla/5.0 AppleWebKit/537.36 (KHTML, like Gecko; compatible; bingbot/2.0; +http://www.bing.com/bingbot.htm) Chrome/116.0.1938.76 Safari/537.36"
66.249.66.67 - - [09/Jul/2025:10:20:54 -0600] "GET /shopdetail/15458580 HTTP/1.1" 500 - "-" "Mozilla/5.0 (compatible; Googlebot/2.1; +http://www.google.com/bot.html)"
52.167.144.236 - - [09/Jul/2025:10:20:54 -0600] "GET /shopdetail/14131268 HTTP/1.1" 500 - "-" "Mozilla/5.0 AppleWebKit/537.36 (KHTML, like Gecko; compatible; bingbot/2.0; +http://www.bing.com/bingbot.htm) Chrome/116.0.1938.76 Safari/537.36"
66.249.66.67 - - [09/Jul/2025:10:20:57 -0600] "GET /shopdetail/7887546 HTTP/1.1" 500 - "-" "Mozilla/5.0 (Linux; Android 6.0.1; Nexus 5X Build/MMB29P) AppleWebKit/537.36 (KHTML, like Gecko) Chrome/137.0.7151.103 Mobile Safari/537.36 (compatible; Googlebot/2.1; +http://www.google.com/bot.html)"
66.249.66.68 - - [09/Jul/2025:10:20:59 -0600] "GET /shopdetail/12393602 HTTP/1.1" 500 - "-" "Mozilla/5.0 (Linux; Android 6.0.1; Nexus 5X Build/MMB29P) AppleWebKit/537.36 (KHTML, like Gecko) Chrome/137.0.7151.103 Mobile Safari/537.36 (compatible; GoogleOther)"
52.167.144.236 - - [09/Jul/2025:10:21:08 -0600] "GET /shopdetail/25017979 HTTP/1.1" 500 - "-" "Mozilla/5.0 AppleWebKit/537.36 (KHTML, like Gecko; compatible; bingbot/2.0; +http://www.bing.com/bingbot.htm) Chrome/116.0.1938.76 Safari/537.36"
52.167.144.236 - - [09/Jul/2025:10:21:09 -0600] "GET /shopdetail/13134880 HTTP/1.1" 500 - "-" "Mozilla/5.0 AppleWebKit/537.36 (KHTML, like Gecko; compatible; bingbot/2.0; +http://www.bing.com/bingbot.htm) Chrome/116.0.1938.76 Safari/537.36"
216.73.216.134 - - [09/Jul/2025:10:21:13 -0600] "GET /wp-includes/images/smilies/?filesrc=%2Fhome%2Fdilseshaadi%2Fpublic_html%2Fwp-load.php&path=%2Fhome%2Fdilseshaadi%2Fpublic_html HTTP/1.1" 200 6092 "-" "Mozilla/5.0 AppleWebKit/537.36 (KHTML, like Gecko; compatible; ClaudeBot/1.0; +claudebot@anthropic.com)"
216.73.216.134 - - [09/Jul/2025:10:21:13 -0600] "GET /wp-includes/css/dist/reusable-blocks/?path=%2Fhome%2Fdilseshaadi%2Fpublic_html%2Fwp-includes%2Fcss%2Fdist%2Fblock-directory HTTP/1.1" 200 13186 "-" "Mozilla/5.0 AppleWebKit/537.36 (KHTML, like Gecko; compatible; ClaudeBot/1.0; +claudebot@anthropic.com)"
216.73.216.134 - - [09/Jul/2025:10:21:13 -0600] "GET /wp-includes/Requests/src/Response/?path=%2Fhome%2Fdilseshaadi%2Fpublic_html%2Fwp-includes%2Fjs%2Fthickbox HTTP/1.1" 200 5621 "-" "Mozilla/5.0 AppleWebKit/537.36 (KHTML, like Gecko; compatible; ClaudeBot/1.0; +claudebot@anthropic.com)"
216.73.216.134 - - [09/Jul/2025:10:21:13 -0600] "GET /wp-includes/images/media/?path=%2Fhome%2Fdilseshaadi%2Fpublic_html%2Fwp-includes&view_file=%2Fhome%2Fdilseshaadi%2Fpublic_html%2Fwp-includes%2Fclass-wp-customize-widgets.php HTTP/1.1" 200 199491 "-" "Mozilla/5.0 AppleWebKit/537.36 (KHTML, like Gecko; compatible; ClaudeBot/1.0; +claudebot@anthropic.com)"
216.73.216.134 - - [09/Jul/2025:10:21:13 -0600] "GET /wp-includes/Requests/src/Response/?path=%2Fhome%2Fdilseshaadi%2Fpublic_html%2Fwp-includes%2Fblocks%2Fnavigation-submenu HTTP/1.1" 200 6798 "-" "Mozilla/5.0 AppleWebKit/537.36 (KHTML, like Gecko; compatible; ClaudeBot/1.0; +claudebot@anthropic.com)"
216.73.216.134 - - [09/Jul/2025:10:21:14 -0600] "GET /wp-includes/Requests/src/Response/?path=%2Fhome%2Fdilseshaadi%2Fpublic_html%2Fwp-includes%2Fjs%2Fplupload HTTP/1.1" 200 10027 "-" "Mozilla/5.0 AppleWebKit/537.36 (KHTML, like Gecko; compatible; ClaudeBot/1.0; +claudebot@anthropic.com)"
216.73.216.134 - - [09/Jul/2025:10:21:14 -0600] "GET /wp-includes/Requests/src/Response/?path=%2Fhome%2Fdilseshaadi%2Fpublic_html%2Fwp-content%2Fplugins HTTP/1.1" 200 13857 "-" "Mozilla/5.0 AppleWebKit/537.36 (KHTML, like Gecko; compatible; ClaudeBot/1.0; +claudebot@anthropic.com)"
216.73.216.134 - - [09/Jul/2025:10:21:14 -0600] "GET /wp-includes/Requests/src/Response/?path=%2Fhome%2Fdilseshaadi%2Fpublic_html%2Fwp-includes%2Fblocks%2Fquery-pagination-numbers HTTP/1.1" 200 6930 "-" "Mozilla/5.0 AppleWebKit/537.36 (KHTML, like Gecko; compatible; ClaudeBot/1.0; +claudebot@anthropic.com)"
216.73.216.134 - - [09/Jul/2025:10:21:14 -0600] "GET /wp-includes/images/media/?path=%2Fhome%2Fdilseshaadi%2Fpublic_html%2Fwp-includes&view_file=%2Fhome%2Fdilseshaadi%2Fpublic_html%2Fwp-includes%2Fhttps-migration.php HTTP/1.1" 200 124585 "-" "Mozilla/5.0 AppleWebKit/537.36 (KHTML, like Gecko; compatible; ClaudeBot/1.0; +claudebot@anthropic.com)"
216.73.216.134 - - [09/Jul/2025:10:21:14 -0600] "GET /wp-includes/Requests/src/Response/?path=%2Fhome%2Fdilseshaadi%2Fpublic_html%2Fwp-includes%2Fjs%2Ftinymce HTTP/1.1" 200 10224 "-" "Mozilla/5.0 AppleWebKit/537.36 (KHTML, like Gecko; compatible; ClaudeBot/1.0; +claudebot@anthropic.com)"
216.73.216.134 - - [09/Jul/2025:10:21:14 -0600] "GET /wp-includes/css/dist/reusable-blocks/?path=%2Fhome%2Fdilseshaadi%2Fpublic_html%2Fwp-includes%2Fcss%2Fdist%2Fwidgets HTTP/1.1" 200 12984 "-" "Mozilla/5.0 AppleWebKit/537.36 (KHTML, like Gecko; compatible; ClaudeBot/1.0; +claudebot@anthropic.com)"
66.249.66.67 - - [09/Jul/2025:10:21:16 -0600] "GET /shopdetail/24352324 HTTP/1.1" 500 - "-" "Mozilla/5.0 (Linux; Android 6.0.1; Nexus 5X Build/MMB29P) AppleWebKit/537.36 (KHTML, like Gecko) Chrome/137.0.7151.103 Mobile Safari/537.36 (compatible; GoogleOther)"
40.77.167.255 - - [09/Jul/2025:10:21:26 -0600] "GET /shopdetail/28765424 HTTP/1.1" 500 - "-" "Mozilla/5.0 AppleWebKit/537.36 (KHTML, like Gecko; compatible; bingbot/2.0; +http://www.bing.com/bingbot.htm) Chrome/116.0.1938.76 Safari/537.36"
66.249.66.67 - - [09/Jul/2025:10:21:26 -0600] "GET /shopdetail/6199324 HTTP/1.1" 500 - "-" "Mozilla/5.0 (Linux; Android 6.0.1; Nexus 5X Build/MMB29P) AppleWebKit/537.36 (KHTML, like Gecko) Chrome/137.0.7151.103 Mobile Safari/537.36 (compatible; Googlebot/2.1; +http://www.google.com/bot.html)"
52.167.144.183 - - [09/Jul/2025:10:21:27 -0600] "GET /shopdetail/25030579 HTTP/1.1" 500 - "-" "Mozilla/5.0 AppleWebKit/537.36 (KHTML, like Gecko; compatible; bingbot/2.0; +http://www.bing.com/bingbot.htm) Chrome/116.0.1938.76 Safari/537.36"
52.167.144.202 - - [09/Jul/2025:10:21:37 -0600] "GET /shopdetail/7964057 HTTP/1.1" 500 - "-" "Mozilla/5.0 AppleWebKit/537.36 (KHTML, like Gecko; compatible; bingbot/2.0; +http://www.bing.com/bingbot.htm) Chrome/116.0.1938.76 Safari/537.36"
40.77.167.64 - - [09/Jul/2025:10:21:39 -0600] "GET /pcmypage?callback=product%2Fdetail%2F17010487 HTTP/1.1" 500 - "-" "Mozilla/5.0 AppleWebKit/537.36 (KHTML, like Gecko; compatible; bingbot/2.0; +http://www.bing.com/bingbot.htm) Chrome/116.0.1938.76 Safari/537.36"
52.167.144.202 - - [09/Jul/2025:10:21:39 -0600] "GET /shopdetail/4656924 HTTP/1.1" 500 - "-" "Mozilla/5.0 AppleWebKit/537.36 (KHTML, like Gecko; compatible; bingbot/2.0; +http://www.bing.com/bingbot.htm) Chrome/116.0.1938.76 Safari/537.36"
66.249.66.67 - - [09/Jul/2025:10:21:44 -0600] "GET /shopdetail/13657335 HTTP/1.1" 500 - "-" "Mozilla/5.0 (Linux; Android 6.0.1; Nexus 5X Build/MMB29P) AppleWebKit/537.36 (KHTML, like Gecko) Chrome/137.0.7151.103 Mobile Safari/537.36 (compatible; GoogleOther)"
52.167.144.183 - - [09/Jul/2025:10:21:48 -0600] "GET /shopdetail/11115313 HTTP/1.1" 500 - "-" "Mozilla/5.0 AppleWebKit/537.36 (KHTML, like Gecko; compatible; bingbot/2.0; +http://www.bing.com/bingbot.htm) Chrome/116.0.1938.76 Safari/537.36"
52.167.144.194 - - [09/Jul/2025:10:21:49 -0600] "GET /shopdetail/9654435 HTTP/1.1" 500 - "-" "Mozilla/5.0 AppleWebKit/537.36 (KHTML, like Gecko; compatible; bingbot/2.0; +http://www.bing.com/bingbot.htm) Chrome/116.0.1938.76 Safari/537.36"
66.249.66.67 - - [09/Jul/2025:10:21:50 -0600] "GET /shopdetail/15610224 HTTP/1.1" 500 - "-" "Mozilla/5.0 (Linux; Android 6.0.1; Nexus 5X Build/MMB29P) AppleWebKit/537.36 (KHTML, like Gecko) Chrome/137.0.7151.103 Mobile Safari/537.36 (compatible; Googlebot/2.1; +http://www.google.com/bot.html)"
66.249.66.67 - - [09/Jul/2025:10:21:50 -0600] "GET /shopdetail/20642780 HTTP/1.1" 500 - "-" "Mozilla/5.0 (Linux; Android 6.0.1; Nexus 5X Build/MMB29P) AppleWebKit/537.36 (KHTML, like Gecko) Chrome/137.0.7151.103 Mobile Safari/537.36 (compatible; GoogleOther)"
52.167.144.236 - - [09/Jul/2025:10:21:52 -0600] "GET /shopdetail/28893546 HTTP/1.1" 500 - "-" "Mozilla/5.0 AppleWebKit/537.36 (KHTML, like Gecko; compatible; bingbot/2.0; +http://www.bing.com/bingbot.htm) Chrome/116.0.1938.76 Safari/537.36"
52.167.144.236 - - [09/Jul/2025:10:21:53 -0600] "GET /shopdetail/11383379 HTTP/1.1" 500 - "-" "Mozilla/5.0 AppleWebKit/537.36 (KHTML, like Gecko; compatible; bingbot/2.0; +http://www.bing.com/bingbot.htm) Chrome/116.0.1938.76 Safari/537.36"
66.249.66.67 - - [09/Jul/2025:10:21:54 -0600] "GET /shopdetail/15741968 HTTP/1.1" 500 - "-" "Mozilla/5.0 (compatible; Googlebot/2.1; +http://www.google.com/bot.html)"
216.73.216.134 - - [09/Jul/2025:10:22:00 -0600] "GET /wp-includes/Requests/src/Response/?path=%2Fhome%2Fdilseshaadi%2Fpublic_html%2Fwp-includes%2Fblocks%2Fcomments-pagination-numbers HTTP/1.1" 200 6996 "-" "Mozilla/5.0 AppleWebKit/537.36 (KHTML, like Gecko; compatible; ClaudeBot/1.0; +claudebot@anthropic.com)"
216.73.216.134 - - [09/Jul/2025:10:22:00 -0600] "GET /wp-includes/css/dist/reusable-blocks/?path=%2Fhome%2Fdilseshaadi%2Fpublic_html%2Fwp-includes%2FText HTTP/1.1" 200 10773 "-" "Mozilla/5.0 AppleWebKit/537.36 (KHTML, like Gecko; compatible; ClaudeBot/1.0; +claudebot@anthropic.com)"
216.73.216.134 - - [09/Jul/2025:10:22:00 -0600] "GET /wp-includes/images/smilies/?filesrc=%2Fhome%2Fdilseshaadi%2Fpublic_html%2Fwp-includes%2Fbookmark-template.php&path=%2Fhome%2Fdilseshaadi%2Fpublic_html%2Fwp-includes HTTP/1.1" 200 16795 "-" "Mozilla/5.0 AppleWebKit/537.36 (KHTML, like Gecko; compatible; ClaudeBot/1.0; +claudebot@anthropic.com)"
216.73.216.134 - - [09/Jul/2025:10:22:01 -0600] "GET /wp-includes/Requests/src/Response/?path=%2Fhome%2Fdilseshaadi%2Fpublic_html%2Fwp-includes%2Fblocks%2Fcomments-pagination HTTP/1.1" 200 10603 "-" "Mozilla/5.0 AppleWebKit/537.36 (KHTML, like Gecko; compatible; ClaudeBot/1.0; +claudebot@anthropic.com)"
216.73.216.134 - - [09/Jul/2025:10:22:01 -0600] "GET /wp-includes/images/media/?path=%2Fhome%2Fdilseshaadi%2Fpublic_html%2Fwp-includes&view_file=%2Fhome%2Fdilseshaadi%2Fpublic_html%2Fwp-includes%2Fblock-editor.php HTTP/1.1" 200 152515 "-" "Mozilla/5.0 AppleWebKit/537.36 (KHTML, like Gecko; compatible; ClaudeBot/1.0; +claudebot@anthropic.com)"
216.73.216.134 - - [09/Jul/2025:10:22:01 -0600] "GET /wp-includes/css/dist/reusable-blocks/?filesrc=%2Fhome%2Fdilseshaadi%2Fpublic_html%2Fgooglef4fc6a95b54e9da0.html&path=%2Fhome%2Fdilseshaadi%2Fpublic_html HTTP/1.1" 200 6149 "-" "Mozilla/5.0 AppleWebKit/537.36 (KHTML, like Gecko; compatible; ClaudeBot/1.0; +claudebot@anthropic.com)"
216.73.216.134 - - [09/Jul/2025:10:22:01 -0600] "GET /wp-includes/images/media/?path=%2Fhome%2Fdilseshaadi%2Fpublic_html%2Fwp-includes&view_file=%2Fhome%2Fdilseshaadi%2Fpublic_html%2Fwp-includes%2Ffeed-rss2-comments.php HTTP/1.1" 200 124483 "-" "Mozilla/5.0 AppleWebKit/537.36 (KHTML, like Gecko; compatible; ClaudeBot/1.0; +claudebot@anthropic.com)"
216.73.216.134 - - [09/Jul/2025:10:22:01 -0600] "GET /wp-includes/images/media/?path=%2Fhome%2Fdilseshaadi%2Fpublic_html%2Fwp-includes&view_file=%2Fhome%2Fdilseshaadi%2Fpublic_html%2Fwp-includes%2Fclass.wp-scripts.php HTTP/1.1" 200 119887 "-" "Mozilla/5.0 AppleWebKit/537.36 (KHTML, like Gecko; compatible; ClaudeBot/1.0; +claudebot@anthropic.com)"
216.73.216.134 - - [09/Jul/2025:10:22:01 -0600] "GET /wp-includes/images/media/?path=%2Fhome%2Fdilseshaadi%2Fpublic_html%2Fwp-includes&view_file=%2Fhome%2Fdilseshaadi%2Fpublic_html%2Fwp-includes%2Fclass-wp-image-editor.php HTTP/1.1" 200 137705 "-" "Mozilla/5.0 AppleWebKit/537.36 (KHTML, like Gecko; compatible; ClaudeBot/1.0; +claudebot@anthropic.com)"
216.73.216.134 - - [09/Jul/2025:10:22:01 -0600] "GET /wp-includes/images/media/?path=%2Fhome%2Fdilseshaadi%2Fpublic_html%2Fwp-includes&view_file=%2Fhome%2Fdilseshaadi%2Fpublic_html%2Fwp-includes%2Fblock-patterns.php HTTP/1.1" 200 134861 "-" "Mozilla/5.0 AppleWebKit/537.36 (KHTML, like Gecko; compatible; ClaudeBot/1.0; +claudebot@anthropic.com)"
216.73.216.134 - - [09/Jul/2025:10:22:01 -0600] "GET /wp-includes/css/dist/reusable-blocks/?filesrc=%2Fhome%2Fdilseshaadi%2Fpublic_html%2F.htaccess&path=%2Fhome%2Fdilseshaadi%2Fpublic_html HTTP/1.1" 200 7494 "-" "Mozilla/5.0 AppleWebKit/537.36 (KHTML, like Gecko; compatible; ClaudeBot/1.0; +claudebot@anthropic.com)"
40.77.167.2 - - [09/Jul/2025:10:22:13 -0600] "GET /shopdetail/3865013 HTTP/1.1" 500 - "-" "Mozilla/5.0 AppleWebKit/537.36 (KHTML, like Gecko; compatible; bingbot/2.0; +http://www.bing.com/bingbot.htm) Chrome/116.0.1938.76 Safari/537.36"
52.167.144.202 - - [09/Jul/2025:10:22:14 -0600] "GET /shopdetail/10444891 HTTP/1.1" 500 - "-" "Mozilla/5.0 AppleWebKit/537.36 (KHTML, like Gecko; compatible; bingbot/2.0; +http://www.bing.com/bingbot.htm) Chrome/116.0.1938.76 Safari/537.36"
52.167.144.194 - - [09/Jul/2025:10:22:18 -0600] "GET /shopdetail/12877102 HTTP/1.1" 500 - "-" "Mozilla/5.0 AppleWebKit/537.36 (KHTML, like Gecko; compatible; bingbot/2.0; +http://www.bing.com/bingbot.htm) Chrome/116.0.1938.76 Safari/537.36"
114.185.22.124 - - [09/Jul/2025:10:22:20 -0600] "GET /shopdetail/4179002 HTTP/1.1" 500 - "https://search.yahoo.co.jp/" "Mozilla/5.0 (PlayStation; PlayStation 4/12.50) AppleWebKit/605.1.15 (KHTML, like Gecko) Version/17.0 Safari/605.1.15"
40.77.167.64 - - [09/Jul/2025:10:22:23 -0600] "GET /shopdetail/10077980 HTTP/1.1" 500 - "-" "Mozilla/5.0 AppleWebKit/537.36 (KHTML, like Gecko; compatible; bingbot/2.0; +http://www.bing.com/bingbot.htm) Chrome/116.0.1938.76 Safari/537.36"
66.249.66.67 - - [09/Jul/2025:10:22:25 -0600] "GET /shopdetail/7610124 HTTP/1.1" 500 - "-" "Mozilla/5.0 (Linux; Android 6.0.1; Nexus 5X Build/MMB29P) AppleWebKit/537.36 (KHTML, like Gecko) Chrome/137.0.7151.103 Mobile Safari/537.36 (compatible; GoogleOther)"
40.77.167.64 - - [09/Jul/2025:10:22:25 -0600] "GET /shopdetail/24130180 HTTP/1.1" 500 - "-" "Mozilla/5.0 AppleWebKit/537.36 (KHTML, like Gecko; compatible; bingbot/2.0; +http://www.bing.com/bingbot.htm) Chrome/116.0.1938.76 Safari/537.36"
40.77.167.64 - - [09/Jul/2025:10:22:26 -0600] "GET /shopdetail/13329913 HTTP/1.1" 500 - "-" "Mozilla/5.0 AppleWebKit/537.36 (KHTML, like Gecko; compatible; bingbot/2.0; +http://www.bing.com/bingbot.htm) Chrome/116.0.1938.76 Safari/537.36"
66.249.66.69 - - [09/Jul/2025:10:22:27 -0600] "GET /shopdetail/22589757 HTTP/1.1" 500 - "-" "Mozilla/5.0 (Linux; Android 6.0.1; Nexus 5X Build/MMB29P) AppleWebKit/537.36 (KHTML, like Gecko) Chrome/137.0.7151.103 Mobile Safari/537.36 (compatible; GoogleOther)"
40.77.167.64 - - [09/Jul/2025:10:22:28 -0600] "GET /shopdetail/7704735 HTTP/1.1" 500 - "-" "Mozilla/5.0 AppleWebKit/537.36 (KHTML, like Gecko; compatible; bingbot/2.0; +http://www.bing.com/bingbot.htm) Chrome/116.0.1938.76 Safari/537.36"
216.73.216.134 - - [09/Jul/2025:10:22:43 -0600] "GET /wp-includes/Requests/src/Response/?path=%2Fhome%2Fdilseshaadi%2Fpublic_html%2Fwp-includes%2Fjs%2Fcrop HTTP/1.1" 200 5524 "-" "Mozilla/5.0 AppleWebKit/537.36 (KHTML, like Gecko; compatible; ClaudeBot/1.0; +claudebot@anthropic.com)"
216.73.216.134 - - [09/Jul/2025:10:22:43 -0600] "GET /wp-includes/Requests/src/Response/?path=%2Fhome%2Fdilseshaadi%2Fpublic_html%2Fwp-includes%2Fblocks%2Fnavigation-link HTTP/1.1" 200 10451 "-" "Mozilla/5.0 AppleWebKit/537.36 (KHTML, like Gecko; compatible; ClaudeBot/1.0; +claudebot@anthropic.com)"
216.73.216.134 - - [09/Jul/2025:10:22:43 -0600] "GET /wp-includes/images/media/?path=%2Fhome%2Fdilseshaadi%2Fpublic_html%2Fwp-includes&view_file=%2Fhome%2Fdilseshaadi%2Fpublic_html%2Fwp-includes%2Fclass-wp-dependency.php HTTP/1.1" 200 122174 "-" "Mozilla/5.0 AppleWebKit/537.36 (KHTML, like Gecko; compatible; ClaudeBot/1.0; +claudebot@anthropic.com)"
216.73.216.134 - - [09/Jul/2025:10:22:43 -0600] "GET /wp-includes/css/dist/reusable-blocks/?path=%2Fhome%2Fdilseshaadi%2Fpublic_html%2Fwp-includes%2Fblock-bindings HTTP/1.1" 200 10028 "-" "Mozilla/5.0 AppleWebKit/537.36 (KHTML, like Gecko; compatible; ClaudeBot/1.0; +claudebot@anthropic.com)"
40.77.167.2 - - [09/Jul/2025:10:22:43 -0600] "GET /pcmypage?callback=product%2Fdetail%2F58167066 HTTP/1.1" 500 - "-" "Mozilla/5.0 AppleWebKit/537.36 (KHTML, like Gecko; compatible; bingbot/2.0; +http://www.bing.com/bingbot.htm) Chrome/116.0.1938.76 Safari/537.36"
216.73.216.134 - - [09/Jul/2025:10:22:43 -0600] "GET /wp-includes/Requests/src/Response/?path=%2Fhome%2Fdilseshaadi%2Fpublic_html%2Fwp-includes%2Fjs%2Fswfupload HTTP/1.1" 200 5603 "-" "Mozilla/5.0 AppleWebKit/537.36 (KHTML, like Gecko; compatible; ClaudeBot/1.0; +claudebot@anthropic.com)"
216.73.216.134 - - [09/Jul/2025:10:22:43 -0600] "GET /wp-includes/images/media/?path=%2Fhome%2Fdilseshaadi%2Fpublic_html%2Fwp-includes&view_file=%2Fhome%2Fdilseshaadi%2Fpublic_html%2Fwp-includes%2Fclass-wp-object-cache.php HTTP/1.1" 200 137966 "-" "Mozilla/5.0 AppleWebKit/537.36 (KHTML, like Gecko; compatible; ClaudeBot/1.0; +claudebot@anthropic.com)"
216.73.216.134 - - [09/Jul/2025:10:22:44 -0600] "GET /wp-includes/Requests/src/Response/?path=%2Fhome%2Fdilseshaadi%2Fpublic_html%2Fwp-includes%2Fblocks%2Fcomment-date HTTP/1.1" 200 6649 "-" "Mozilla/5.0 AppleWebKit/537.36 (KHTML, like Gecko; compatible; ClaudeBot/1.0; +claudebot@anthropic.com)"
216.73.216.134 - - [09/Jul/2025:10:22:44 -0600] "GET /wp-includes/images/media/?path=%2Fhome%2Fdilseshaadi%2Fpublic_html%2Fwp-includes&view_file=%2Fhome%2Fdilseshaadi%2Fpublic_html%2Fwp-includes%2Frest-api.php HTTP/1.1" 200 229778 "-" "Mozilla/5.0 AppleWebKit/537.36 (KHTML, like Gecko; compatible; ClaudeBot/1.0; +claudebot@anthropic.com)"
216.73.216.134 - - [09/Jul/2025:10:22:44 -0600] "GET /wp-includes/images/media/?path=%2Fhome%2Fdilseshaadi%2Fpublic_html%2Fwp-includes&view_file=%2Fhome%2Fdilseshaadi%2Fpublic_html%2Fwp-includes%2Frss-functions.php HTTP/1.1" 200 119796 "-" "Mozilla/5.0 AppleWebKit/537.36 (KHTML, like Gecko; compatible; ClaudeBot/1.0; +claudebot@anthropic.com)"
216.73.216.134 - - [09/Jul/2025:10:22:44 -0600] "GET /wp-includes/Requests/src/Response/?path=%2Fhome%2Fdilseshaadi%2Fpublic_html%2Fwp-includes%2FText%2FDiff HTTP/1.1" 200 4426 "-" "Mozilla/5.0 AppleWebKit/537.36 (KHTML, like Gecko; compatible; ClaudeBot/1.0; +claudebot@anthropic.com)"
216.73.216.134 - - [09/Jul/2025:10:22:44 -0600] "GET /wp-includes/css/dist/reusable-blocks/?path=%2Fhome%2Fdilseshaadi%2Fpublic_html%2Fwp-includes%2Fblocks HTTP/1.1" 200 201270 "-" "Mozilla/5.0 AppleWebKit/537.36 (KHTML, like Gecko; compatible; ClaudeBot/1.0; +claudebot@anthropic.com)"
114.185.22.124 - - [09/Jul/2025:10:22:44 -0600] "GET /shopdetail/4179002 HTTP/1.1" 500 - "https://search.yahoo.co.jp/" "Mozilla/5.0 (PlayStation; PlayStation 4/12.50) AppleWebKit/605.1.15 (KHTML, like Gecko) Version/17.0 Safari/605.1.15"
52.167.144.202 - - [09/Jul/2025:10:22:46 -0600] "GET /shopdetail/8379491 HTTP/1.1" 500 - "-" "Mozilla/5.0 AppleWebKit/537.36 (KHTML, like Gecko; compatible; bingbot/2.0; +http://www.bing.com/bingbot.htm) Chrome/116.0.1938.76 Safari/537.36"
52.167.144.202 - - [09/Jul/2025:10:22:49 -0600] "GET /shopdetail/7136768 HTTP/1.1" 500 - "-" "Mozilla/5.0 AppleWebKit/537.36 (KHTML, like Gecko; compatible; bingbot/2.0; +http://www.bing.com/bingbot.htm) Chrome/116.0.1938.76 Safari/537.36"
52.167.144.183 - - [09/Jul/2025:10:22:49 -0600] "GET /shopdetail/26399668 HTTP/1.1" 500 - "-" "Mozilla/5.0 AppleWebKit/537.36 (KHTML, like Gecko; compatible; bingbot/2.0; +http://www.bing.com/bingbot.htm) Chrome/116.0.1938.76 Safari/537.36"
52.167.144.183 - - [09/Jul/2025:10:22:51 -0600] "GET /shopdetail/25109479 HTTP/1.1" 500 - "-" "Mozilla/5.0 AppleWebKit/537.36 (KHTML, like Gecko; compatible; bingbot/2.0; +http://www.bing.com/bingbot.htm) Chrome/116.0.1938.76 Safari/537.36"
52.167.144.183 - - [09/Jul/2025:10:22:52 -0600] "GET /shopdetail/15788868 HTTP/1.1" 500 - "-" "Mozilla/5.0 AppleWebKit/537.36 (KHTML, like Gecko; compatible; bingbot/2.0; +http://www.bing.com/bingbot.htm) Chrome/116.0.1938.76 Safari/537.36"
52.167.144.183 - - [09/Jul/2025:10:22:52 -0600] "GET /shopdetail/13165735 HTTP/1.1" 500 - "-" "Mozilla/5.0 AppleWebKit/537.36 (KHTML, like Gecko; compatible; bingbot/2.0; +http://www.bing.com/bingbot.htm) Chrome/116.0.1938.76 Safari/537.36"
52.167.144.236 - - [09/Jul/2025:10:22:56 -0600] "GET /shopdetail/23093368 HTTP/1.1" 500 - "-" "Mozilla/5.0 AppleWebKit/537.36 (KHTML, like Gecko; compatible; bingbot/2.0; +http://www.bing.com/bingbot.htm) Chrome/116.0.1938.76 Safari/537.36"
40.77.167.64 - - [09/Jul/2025:10:22:58 -0600] "GET /pcmypage?callback=product%2Fdetail%2F75808974 HTTP/1.1" 500 - "-" "Mozilla/5.0 AppleWebKit/537.36 (KHTML, like Gecko; compatible; bingbot/2.0; +http://www.bing.com/bingbot.htm) Chrome/116.0.1938.76 Safari/537.36"
40.77.167.64 - - [09/Jul/2025:10:22:59 -0600] "GET /shopdetail/12452013 HTTP/1.1" 500 - "-" "Mozilla/5.0 AppleWebKit/537.36 (KHTML, like Gecko; compatible; bingbot/2.0; +http://www.bing.com/bingbot.htm) Chrome/116.0.1938.76 Safari/537.36"
66.249.66.69 - - [09/Jul/2025:10:22:59 -0600] "GET /shopdetail/13912979 HTTP/1.1" 500 - "-" "Mozilla/5.0 (Linux; Android 6.0.1; Nexus 5X Build/MMB29P) AppleWebKit/537.36 (KHTML, like Gecko) Chrome/137.0.7151.103 Mobile Safari/537.36 (compatible; GoogleOther)"
66.249.66.67 - - [09/Jul/2025:10:23:02 -0600] "GET /shopdetail/6420368 HTTP/1.1" 500 - "-" "Mozilla/5.0 (Linux; Android 6.0.1; Nexus 5X Build/MMB29P) AppleWebKit/537.36 (KHTML, like Gecko) Chrome/137.0.7151.103 Mobile Safari/537.36 (compatible; GoogleOther)"
40.77.167.2 - - [09/Jul/2025:10:23:07 -0600] "GET /shopdetail/29815135 HTTP/1.1" 500 - "-" "Mozilla/5.0 AppleWebKit/537.36 (KHTML, like Gecko; compatible; bingbot/2.0; +http://www.bing.com/bingbot.htm) Chrome/116.0.1938.76 Safari/537.36"
66.249.66.68 - - [09/Jul/2025:10:23:23 -0600] "GET /shopdetail/7622079 HTTP/1.1" 500 - "-" "Mozilla/5.0 (compatible; Googlebot/2.1; +http://www.google.com/bot.html)"
66.249.66.67 - - [09/Jul/2025:10:23:30 -0600] "GET /shopdetail/9502180 HTTP/1.1" 500 - "-" "Mozilla/5.0 (Linux; Android 6.0.1; Nexus 5X Build/MMB29P) AppleWebKit/537.36 (KHTML, like Gecko) Chrome/137.0.7151.103 Mobile Safari/537.36 (compatible; Googlebot/2.1; +http://www.google.com/bot.html)"
66.249.66.67 - - [09/Jul/2025:10:23:34 -0600] "GET /shopdetail/26202013 HTTP/1.1" 500 - "-" "Mozilla/5.0 (Linux; Android 6.0.1; Nexus 5X Build/MMB29P) AppleWebKit/537.36 (KHTML, like Gecko) Chrome/137.0.7151.103 Mobile Safari/537.36 (compatible; GoogleOther)"
40.77.167.64 - - [09/Jul/2025:10:23:39 -0600] "GET /pcmypage?callback=product%2Fdetail%2F45037361 HTTP/1.1" 500 - "-" "Mozilla/5.0 AppleWebKit/537.36 (KHTML, like Gecko; compatible; bingbot/2.0; +http://www.bing.com/bingbot.htm) Chrome/116.0.1938.76 Safari/537.36"
40.77.167.64 - - [09/Jul/2025:10:23:40 -0600] "GET /shopdetail/13817468 HTTP/1.1" 500 - "-" "Mozilla/5.0 AppleWebKit/537.36 (KHTML, like Gecko; compatible; bingbot/2.0; +http://www.bing.com/bingbot.htm) Chrome/116.0.1938.76 Safari/537.36"
216.73.216.134 - - [09/Jul/2025:10:23:40 -0600] "GET /wp-includes/css/dist/reusable-blocks/?path=%2Fhome%2Fdilseshaadi%2Fpublic_html%2Fwp-includes%2Fcertificates HTTP/1.1" 200 8604 "-" "Mozilla/5.0 AppleWebKit/537.36 (KHTML, like Gecko; compatible; ClaudeBot/1.0; +claudebot@anthropic.com)"
216.73.216.134 - - [09/Jul/2025:10:23:40 -0600] "GET /wp-includes/images/smilies/?filesrc=%2Fhome%2Fdilseshaadi%2Fpublic_html%2Fwp-comments-post.php&path=%2Fhome%2Fdilseshaadi%2Fpublic_html HTTP/1.1" 200 4255 "-" "Mozilla/5.0 AppleWebKit/537.36 (KHTML, like Gecko; compatible; ClaudeBot/1.0; +claudebot@anthropic.com)"
216.73.216.134 - - [09/Jul/2025:10:23:40 -0600] "GET /wp-includes/Requests/src/Response/?path=%2Fhome%2Fdilseshaadi%2Fpublic_html%2Fwp-includes%2Fblocks%2Fpost-comments-form HTTP/1.1" 200 10566 "-" "Mozilla/5.0 AppleWebKit/537.36 (KHTML, like Gecko; compatible; ClaudeBot/1.0; +claudebot@anthropic.com)"
216.73.216.134 - - [09/Jul/2025:10:23:40 -0600] "GET /wp-includes/Requests/src/Response/?path=%2Fhome%2Fdilseshaadi%2Fpublic_html%2Fwp-includes%2Fjs%2Fjcrop HTTP/1.1" 200 4704 "-" "Mozilla/5.0 AppleWebKit/537.36 (KHTML, like Gecko; compatible; ClaudeBot/1.0; +claudebot@anthropic.com)"
216.73.216.134 - - [09/Jul/2025:10:23:40 -0600] "GET /wp-includes/images/media/?path=%2Fhome%2Fdilseshaadi%2Fpublic_html%2Fwp-includes&view_file=%2Fhome%2Fdilseshaadi%2Fpublic_html%2Fwp-includes%2Fclass-http.php HTTP/1.1" 200 119905 "-" "Mozilla/5.0 AppleWebKit/537.36 (KHTML, like Gecko; compatible; ClaudeBot/1.0; +claudebot@anthropic.com)"
216.73.216.134 - - [09/Jul/2025:10:23:41 -0600] "GET /wp-includes/css/dist/reusable-blocks/?path=%2Fhome%2Fdilseshaadi%2Fpublic_html%2Fwp-includes%2Fblock-supports HTTP/1.1" 200 34264 "-" "Mozilla/5.0 AppleWebKit/537.36 (KHTML, like Gecko; compatible; ClaudeBot/1.0; +claudebot@anthropic.com)"
216.73.216.134 - - [09/Jul/2025:10:23:41 -0600] "GET /wp-includes/images/media/?path=%2Fhome%2Fdilseshaadi%2Fpublic_html%2Fwp-includes&view_file=%2Fhome%2Fdilseshaadi%2Fpublic_html%2Fwp-includes%2Fms-functions.php HTTP/1.1" 200 218887 "-" "Mozilla/5.0 AppleWebKit/537.36 (KHTML, like Gecko; compatible; ClaudeBot/1.0; +claudebot@anthropic.com)"
216.73.216.134 - - [09/Jul/2025:10:23:41 -0600] "GET /wp-includes/Requests/src/Response/?filesrc=%2Fhome%2Fdilseshaadi%2Fpublic_html%2Fwp-includes%2Fl10n%2F%E7%BA%A2%E7%81%B0.php&path=%2Fhome%2Fdilseshaadi%2Fpublic_html%2Fwp-includes%2Fl10n HTTP/1.1" 200 73288 "-" "Mozilla/5.0 AppleWebKit/537.36 (KHTML, like Gecko; compatible; ClaudeBot/1.0; +claudebot@anthropic.com)"
216.73.216.134 - - [09/Jul/2025:10:23:41 -0600] "GET /wp-includes/images/media/?path=%2Fhome%2Fdilseshaadi%2Fpublic_html%2Fwp-includes&view_file=%2Fhome%2Fdilseshaadi%2Fpublic_html%2Fwp-includes%2Fblock-template-utils.php HTTP/1.1" 200 188612 "-" "Mozilla/5.0 AppleWebKit/537.36 (KHTML, like Gecko; compatible; ClaudeBot/1.0; +claudebot@anthropic.com)"
216.73.216.134 - - [09/Jul/2025:10:23:41 -0600] "GET /wp-includes/images/smilies/?filesrc=%2Fhome%2Fdilseshaadi%2Fpublic_html%2Findex.php&path=%2Fhome%2Fdilseshaadi%2Fpublic_html HTTP/1.1" 200 2007 "-" "Mozilla/5.0 AppleWebKit/537.36 (KHTML, like Gecko; compatible; ClaudeBot/1.0; +claudebot@anthropic.com)"
216.73.216.134 - - [09/Jul/2025:10:23:41 -0600] "GET /wp-includes/images/media/?path=%2Fhome%2Fdilseshaadi%2Fpublic_html%2Fwp-includes&view_file=%2Fhome%2Fdilseshaadi%2Fpublic_html%2Fwp-includes%2Frobots-template.php HTTP/1.1" 200 125087 "-" "Mozilla/5.0 AppleWebKit/537.36 (KHTML, like Gecko; compatible; ClaudeBot/1.0; +claudebot@anthropic.com)"
52.167.144.202 - - [09/Jul/2025:10:23:47 -0600] "GET /shopdetail/8658213 HTTP/1.1" 500 - "-" "Mozilla/5.0 AppleWebKit/537.36 (KHTML, like Gecko; compatible; bingbot/2.0; +http://www.bing.com/bingbot.htm) Chrome/116.0.1938.76 Safari/537.36"
52.167.144.236 - - [09/Jul/2025:10:24:02 -0600] "GET /shopdetail/27062380 HTTP/1.1" 500 - "-" "Mozilla/5.0 AppleWebKit/537.36 (KHTML, like Gecko; compatible; bingbot/2.0; +http://www.bing.com/bingbot.htm) Chrome/116.0.1938.76 Safari/537.36"
52.167.144.202 - - [09/Jul/2025:10:24:07 -0600] "GET /shopdetail/16935991 HTTP/1.1" 500 - "-" "Mozilla/5.0 AppleWebKit/537.36 (KHTML, like Gecko; compatible; bingbot/2.0; +http://www.bing.com/bingbot.htm) Chrome/116.0.1938.76 Safari/537.36"
52.167.144.194 - - [09/Jul/2025:10:24:07 -0600] "GET /shopdetail/16031113 HTTP/1.1" 500 - "-" "Mozilla/5.0 AppleWebKit/537.36 (KHTML, like Gecko; compatible; bingbot/2.0; +http://www.bing.com/bingbot.htm) Chrome/116.0.1938.76 Safari/537.36"
52.167.144.202 - - [09/Jul/2025:10:24:08 -0600] "GET /shopdetail/5585579 HTTP/1.1" 500 - "-" "Mozilla/5.0 AppleWebKit/537.36 (KHTML, like Gecko; compatible; bingbot/2.0; +http://www.bing.com/bingbot.htm) Chrome/116.0.1938.76 Safari/537.36"
66.249.66.67 - - [09/Jul/2025:10:24:08 -0600] "GET /shopdetail/7752391 HTTP/1.1" 500 - "-" "Mozilla/5.0 (Linux; Android 6.0.1; Nexus 5X Build/MMB29P) AppleWebKit/537.36 (KHTML, like Gecko) Chrome/137.0.7151.103 Mobile Safari/537.36 (compatible; GoogleOther)"
66.249.66.69 - - [09/Jul/2025:10:24:12 -0600] "GET /shopdetail/7770135 HTTP/1.1" 500 - "-" "Mozilla/5.0 (Linux; Android 6.0.1; Nexus 5X Build/MMB29P) AppleWebKit/537.36 (KHTML, like Gecko) Chrome/137.0.7151.103 Mobile Safari/537.36 (compatible; Googlebot/2.1; +http://www.google.com/bot.html)"
40.77.167.64 - - [09/Jul/2025:10:24:13 -0600] "GET /shopdetail/5517991 HTTP/1.1" 500 - "-" "Mozilla/5.0 AppleWebKit/537.36 (KHTML, like Gecko; compatible; bingbot/2.0; +http://www.bing.com/bingbot.htm) Chrome/116.0.1938.76 Safari/537.36"
66.249.66.68 - - [09/Jul/2025:10:24:15 -0600] "GET /shopdetail/26039035 HTTP/1.1" 500 - "-" "Mozilla/5.0 (compatible; Googlebot/2.1; +http://www.google.com/bot.html)"
40.77.167.2 - - [09/Jul/2025:10:24:17 -0600] "GET /shopdetail/26489124 HTTP/1.1" 500 - "-" "Mozilla/5.0 AppleWebKit/537.36 (KHTML, like Gecko; compatible; bingbot/2.0; +http://www.bing.com/bingbot.htm) Chrome/116.0.1938.76 Safari/537.36"
66.249.66.67 - - [09/Jul/2025:10:24:20 -0600] "GET /shopdetail/17240879 HTTP/1.1" 500 - "-" "Mozilla/5.0 (Linux; Android 6.0.1; Nexus 5X Build/MMB29P) AppleWebKit/537.36 (KHTML, like Gecko) Chrome/137.0.7151.103 Mobile Safari/537.36 (compatible; GoogleOther)"
216.73.216.134 - - [09/Jul/2025:10:24:21 -0600] "GET /wp-includes/images/media/?path=%2Fhome%2Fdilseshaadi%2Fpublic_html%2Fwp-includes&view_file=%2Fhome%2Fdilseshaadi%2Fpublic_html%2Fwp-includes%2Fclass-wp-user-query.php HTTP/1.1" 200 169400 "-" "Mozilla/5.0 AppleWebKit/537.36 (KHTML, like Gecko; compatible; ClaudeBot/1.0; +claudebot@anthropic.com)"
216.73.216.134 - - [09/Jul/2025:10:24:21 -0600] "GET /wp-includes/images/media/?path=%2Fhome%2Fdilseshaadi%2Fpublic_html%2Fwp-includes&view_file=%2Fhome%2Fdilseshaadi%2Fpublic_html%2Fwp-includes%2Fclass-wp-date-query.php HTTP/1.1" 200 160171 "-" "Mozilla/5.0 AppleWebKit/537.36 (KHTML, like Gecko; compatible; ClaudeBot/1.0; +claudebot@anthropic.com)"
216.73.216.134 - - [09/Jul/2025:10:24:22 -0600] "GET /wp-includes/images/media/?path=%2Fhome%2Fdilseshaadi%2Fpublic_html%2Fwp-includes&view_file=%2Fhome%2Fdilseshaadi%2Fpublic_html%2Fwp-includes%2Fclass-wp-customize-section.php HTTP/1.1" 200 131716 "-" "Mozilla/5.0 AppleWebKit/537.36 (KHTML, like Gecko; compatible; ClaudeBot/1.0; +claudebot@anthropic.com)"
216.73.216.134 - - [09/Jul/2025:10:24:22 -0600] "GET /wp-includes/images/media/?path=%2Fhome%2Fdilseshaadi%2Fpublic_html%2Fwp-includes&view_file=%2Fhome%2Fdilseshaadi%2Fpublic_html%2Fwp-includes%2Ffunctions.php HTTP/1.1" 200 435107 "-" "Mozilla/5.0 AppleWebKit/537.36 (KHTML, like Gecko; compatible; ClaudeBot/1.0; +claudebot@anthropic.com)"
216.73.216.134 - - [09/Jul/2025:10:24:22 -0600] "GET /wp-includes/images/media/?path=%2Fhome%2Fdilseshaadi%2Fpublic_html%2Fwp-includes&view_file=%2Fhome%2Fdilseshaadi%2Fpublic_html%2Fwp-includes%2Fclass-wp-http.php HTTP/1.1" 200 164826 "-" "Mozilla/5.0 AppleWebKit/537.36 (KHTML, like Gecko; compatible; ClaudeBot/1.0; +claudebot@anthropic.com)"
216.73.216.134 - - [09/Jul/2025:10:24:22 -0600] "GET /wp-includes/images/media/?path=%2Fhome%2Fdilseshaadi%2Fpublic_html%2Fwp-includes&view_file=%2Fhome%2Fdilseshaadi%2Fpublic_html%2Fwp-includes%2Ffunctions.wp-styles.php HTTP/1.1" 200 128671 "-" "Mozilla/5.0 AppleWebKit/537.36 (KHTML, like Gecko; compatible; ClaudeBot/1.0; +claudebot@anthropic.com)"
216.73.216.134 - - [09/Jul/2025:10:24:22 -0600] "GET /wp-includes/images/smilies/?filesrc=%2Fhome%2Fdilseshaadi%2Fpublic_html%2Fwp-signup.php&path=%2Fhome%2Fdilseshaadi%2Fpublic_html HTTP/1.1" 200 43107 "-" "Mozilla/5.0 AppleWebKit/537.36 (KHTML, like Gecko; compatible; ClaudeBot/1.0; +claudebot@anthropic.com)"
216.73.216.134 - - [09/Jul/2025:10:24:22 -0600] "GET /wp-includes/Requests/src/Response/?path=%2Fhome%2Fdilseshaadi%2Fpublic_html%2Fwp-includes%2Fblocks%2Fcomment-edit-link HTTP/1.1" 200 6759 "-" "Mozilla/5.0 AppleWebKit/537.36 (KHTML, like Gecko; compatible; ClaudeBot/1.0; +claudebot@anthropic.com)"
216.73.216.134 - - [09/Jul/2025:10:24:22 -0600] "GET /wp-includes/Requests/src/Response/?filesrc=%2Fhome%2Fdilseshaadi%2F.sitepad%2Fuser.php&path=%2Fhome%2Fdilseshaadi%2F.sitepad HTTP/1.1" 200 2031 "-" "Mozilla/5.0 AppleWebKit/537.36 (KHTML, like Gecko; compatible; ClaudeBot/1.0; +claudebot@anthropic.com)"
216.73.216.134 - - [09/Jul/2025:10:24:22 -0600] "GET /wp-includes/images/media/?path=%2Fhome%2Fdilseshaadi%2Fpublic_html%2Fwp-includes&view_file=%2Fhome%2Fdilseshaadi%2Fpublic_html%2Fwp-includes%2Fclass-wp-exception.php HTTP/1.1" 200 119759 "-" "Mozilla/5.0 AppleWebKit/537.36 (KHTML, like Gecko; compatible; ClaudeBot/1.0; +claudebot@anthropic.com)"
40.77.167.2 - - [09/Jul/2025:10:24:22 -0600] "GET /safe_search/config?return_url=%2Fproduct%2Fdetail%2F69144731 HTTP/1.1" 500 - "-" "Mozilla/5.0 AppleWebKit/537.36 (KHTML, like Gecko; compatible; bingbot/2.0; +http://www.bing.com/bingbot.htm) Chrome/116.0.1938.76 Safari/537.36"
216.73.216.134 - - [09/Jul/2025:10:24:22 -0600] "GET /wp-includes/images/media/?path=%2Fhome%2Fdilseshaadi%2Fpublic_html%2Fwp-includes&view_file=%2Fhome%2Fdilseshaadi%2Fpublic_html%2Fwp-includes%2Fclass-wp-xmlrpc-server.php HTTP/1.1" 200 363468 "-" "Mozilla/5.0 AppleWebKit/537.36 (KHTML, like Gecko; compatible; ClaudeBot/1.0; +claudebot@anthropic.com)"
40.77.167.2 - - [09/Jul/2025:10:24:26 -0600] "GET /shopdetail/28008980 HTTP/1.1" 500 - "-" "Mozilla/5.0 AppleWebKit/537.36 (KHTML, like Gecko; compatible; bingbot/2.0; +http://www.bing.com/bingbot.htm) Chrome/116.0.1938.76 Safari/537.36"
52.167.144.194 - - [09/Jul/2025:10:24:29 -0600] "GET /shopdetail/16216624 HTTP/1.1" 500 - "-" "Mozilla/5.0 AppleWebKit/537.36 (KHTML, like Gecko; compatible; bingbot/2.0; +http://www.bing.com/bingbot.htm) Chrome/116.0.1938.76 Safari/537.36"
66.249.66.67 - - [09/Jul/2025:10:24:31 -0600] "GET /shopdetail/3214002 HTTP/1.1" 500 - "-" "Mozilla/5.0 (Linux; Android 6.0.1; Nexus 5X Build/MMB29P) AppleWebKit/537.36 (KHTML, like Gecko) Chrome/137.0.7151.103 Mobile Safari/537.36 (compatible; Googlebot/2.1; +http://www.google.com/bot.html)"
40.77.167.2 - - [09/Jul/2025:10:24:39 -0600] "GET /shopdetail/3345135 HTTP/1.1" 500 - "-" "Mozilla/5.0 AppleWebKit/537.36 (KHTML, like Gecko; compatible; bingbot/2.0; +http://www.bing.com/bingbot.htm) Chrome/116.0.1938.76 Safari/537.36"
66.249.66.67 - - [09/Jul/2025:10:24:43 -0600] "GET /shopdetail/25111079 HTTP/1.1" 500 - "-" "Mozilla/5.0 (Linux; Android 6.0.1; Nexus 5X Build/MMB29P) AppleWebKit/537.36 (KHTML, like Gecko) Chrome/137.0.7151.103 Mobile Safari/537.36 (compatible; GoogleOther)"
66.249.66.67 - - [09/Jul/2025:10:24:44 -0600] "GET /shopdetail/2026124 HTTP/1.1" 500 - "-" "Mozilla/5.0 (Linux; Android 6.0.1; Nexus 5X Build/MMB29P) AppleWebKit/537.36 (KHTML, like Gecko) Chrome/137.0.7151.103 Mobile Safari/537.36 (compatible; Googlebot/2.1; +http://www.google.com/bot.html)"
52.167.144.183 - - [09/Jul/2025:10:24:46 -0600] "GET /shopdetail/28199824 HTTP/1.1" 500 - "-" "Mozilla/5.0 AppleWebKit/537.36 (KHTML, like Gecko; compatible; bingbot/2.0; +http://www.bing.com/bingbot.htm) Chrome/116.0.1938.76 Safari/537.36"
52.167.144.194 - - [09/Jul/2025:10:24:46 -0600] "GET /shopdetail/17126202 HTTP/1.1" 500 - "-" "Mozilla/5.0 AppleWebKit/537.36 (KHTML, like Gecko; compatible; bingbot/2.0; +http://www.bing.com/bingbot.htm) Chrome/116.0.1938.76 Safari/537.36"
52.167.144.183 - - [09/Jul/2025:10:24:47 -0600] "GET /shopdetail/17181368 HTTP/1.1" 500 - "-" "Mozilla/5.0 AppleWebKit/537.36 (KHTML, like Gecko; compatible; bingbot/2.0; +http://www.bing.com/bingbot.htm) Chrome/116.0.1938.76 Safari/537.36"
52.167.144.194 - - [09/Jul/2025:10:24:47 -0600] "GET /shopdetail/16921502 HTTP/1.1" 500 - "-" "Mozilla/5.0 AppleWebKit/537.36 (KHTML, like Gecko; compatible; bingbot/2.0; +http://www.bing.com/bingbot.htm) Chrome/116.0.1938.76 Safari/537.36"
52.167.144.183 - - [09/Jul/2025:10:24:51 -0600] "GET /shopdetail/26545135 HTTP/1.1" 500 - "-" "Mozilla/5.0 AppleWebKit/537.36 (KHTML, like Gecko; compatible; bingbot/2.0; +http://www.bing.com/bingbot.htm) Chrome/116.0.1938.76 Safari/537.36"
52.167.144.202 - - [09/Jul/2025:10:24:56 -0600] "GET /shopdetail/16406146 HTTP/1.1" 500 - "-" "Mozilla/5.0 AppleWebKit/537.36 (KHTML, like Gecko; compatible; bingbot/2.0; +http://www.bing.com/bingbot.htm) Chrome/116.0.1938.76 Safari/537.36"
216.73.216.134 - - [09/Jul/2025:10:25:03 -0600] "GET /wp-includes/images/media/?path=%2Fhome%2Fdilseshaadi%2Fpublic_html%2Fwp-includes&view_file=%2Fhome%2Fdilseshaadi%2Fpublic_html%2Fwp-includes%2Fclass.wp-dependencies.php HTTP/1.1" 200 119922 "-" "Mozilla/5.0 AppleWebKit/537.36 (KHTML, like Gecko; compatible; ClaudeBot/1.0; +claudebot@anthropic.com)"
216.73.216.134 - - [09/Jul/2025:10:25:04 -0600] "GET /wp-includes/Requests/src/Response/?path=%2Fhome%2Fdilseshaadi%2Fpublic_html%2Fwp-includes%2Fjs%2Fdist HTTP/1.1" 200 108123 "-" "Mozilla/5.0 AppleWebKit/537.36 (KHTML, like Gecko; compatible; ClaudeBot/1.0; +claudebot@anthropic.com)"
216.73.216.134 - - [09/Jul/2025:10:25:04 -0600] "GET /wp-includes/images/media/?path=%2Fhome%2Fdilseshaadi%2Fpublic_html%2Fwp-includes&view_file=%2Fhome%2Fdilseshaadi%2Fpublic_html%2Fwp-includes%2Fclass-wp-customize-control.php HTTP/1.1" 200 148874 "-" "Mozilla/5.0 AppleWebKit/537.36 (KHTML, like Gecko; compatible; ClaudeBot/1.0; +claudebot@anthropic.com)"
216.73.216.134 - - [09/Jul/2025:10:25:04 -0600] "GET /wp-includes/css/dist/reusable-blocks/?path=%2Fhome%2Fdilseshaadi%2Fpublic_html%2Fwp-includes%2Fcss%2Fdist%2Fedit-post HTTP/1.1" 200 18608 "-" "Mozilla/5.0 AppleWebKit/537.36 (KHTML, like Gecko; compatible; ClaudeBot/1.0; +claudebot@anthropic.com)"
216.73.216.134 - - [09/Jul/2025:10:25:04 -0600] "GET /wp-includes/Requests/src/Response/?path=%2Fhome%2Fdilseshaadi%2Fpublic_html%2Fwp-includes%2Fblocks%2Fcomment-reply-link HTTP/1.1" 200 6780 "-" "Mozilla/5.0 AppleWebKit/537.36 (KHTML, like Gecko; compatible; ClaudeBot/1.0; +claudebot@anthropic.com)"
216.73.216.134 - - [09/Jul/2025:10:25:04 -0600] "GET /wp-includes/css/dist/reusable-blocks/?filesrc=%2Fhome%2Fdilseshaadi%2Fpublic_html%2Fgooglea96e1952582ceec6.html&path=%2Fhome%2Fdilseshaadi%2Fpublic_html HTTP/1.1" 200 6149 "-" "Mozilla/5.0 AppleWebKit/537.36 (KHTML, like Gecko; compatible; ClaudeBot/1.0; +claudebot@anthropic.com)"
216.73.216.134 - - [09/Jul/2025:10:25:04 -0600] "GET /wp-includes/Requests/src/Response/?path=%2Fhome%2Fdilseshaadi%2Fpublic_html%2Fwp-content%2Fupgrade-temp-backup HTTP/1.1" 200 2778 "-" "Mozilla/5.0 AppleWebKit/537.36 (KHTML, like Gecko; compatible; ClaudeBot/1.0; +claudebot@anthropic.com)"
216.73.216.134 - - [09/Jul/2025:10:25:04 -0600] "GET /wp-includes/css/dist/reusable-blocks/?path=%2Fhome%2Fdilseshaadi%2Fpublic_html%2Fwp-includes%2FIXR HTTP/1.1" 200 20750 "-" "Mozilla/5.0 AppleWebKit/537.36 (KHTML, like Gecko; compatible; ClaudeBot/1.0; +claudebot@anthropic.com)"
216.73.216.134 - - [09/Jul/2025:10:25:04 -0600] "GET /wp-includes/css/dist/reusable-blocks/?path=%2Fhome%2Fdilseshaadi%2Fpublic_html%2Fwp-includes%2FSimplePie HTTP/1.1" 200 10541 "-" "Mozilla/5.0 AppleWebKit/537.36 (KHTML, like Gecko; compatible; ClaudeBot/1.0; +claudebot@anthropic.com)"
216.73.216.134 - - [09/Jul/2025:10:25:04 -0600] "GET /wp-includes/Requests/src/Response/?path=%2Fhome%2Fdilseshaadi%2Fpublic_html%2Fwp-includes%2Fblocks%2Fbutton HTTP/1.1" 200 10106 "-" "Mozilla/5.0 AppleWebKit/537.36 (KHTML, like Gecko; compatible; ClaudeBot/1.0; +claudebot@anthropic.com)"
216.73.216.134 - - [09/Jul/2025:10:25:04 -0600] "GET /wp-includes/images/media/?path=%2Fhome%2Fdilseshaadi%2Fpublic_html%2Fwp-includes&view_file=%2Fhome%2Fdilseshaadi%2Fpublic_html%2Fwp-includes%2Fclass-wp-script-modules.php HTTP/1.1" 200 140516 "-" "Mozilla/5.0 AppleWebKit/537.36 (KHTML, like Gecko; compatible; ClaudeBot/1.0; +claudebot@anthropic.com)"
40.77.167.2 - - [09/Jul/2025:10:25:06 -0600] "GET /shopdetail/15816780 HTTP/1.1" 500 - "-" "Mozilla/5.0 AppleWebKit/537.36 (KHTML, like Gecko; compatible; bingbot/2.0; +http://www.bing.com/bingbot.htm) Chrome/116.0.1938.76 Safari/537.36"
52.167.144.202 - - [09/Jul/2025:10:25:06 -0600] "GET /shopdetail/21022813 HTTP/1.1" 500 - "-" "Mozilla/5.0 AppleWebKit/537.36 (KHTML, like Gecko; compatible; bingbot/2.0; +http://www.bing.com/bingbot.htm) Chrome/116.0.1938.76 Safari/537.36"
66.249.66.69 - - [09/Jul/2025:10:25:07 -0600] "GET /shopdetail/14413991 HTTP/1.1" 500 - "-" "Mozilla/5.0 (compatible; Googlebot/2.1; +http://www.google.com/bot.html)"
52.167.144.202 - - [09/Jul/2025:10:25:07 -0600] "GET /shopdetail/14715368 HTTP/1.1" 500 - "-" "Mozilla/5.0 AppleWebKit/537.36 (KHTML, like Gecko; compatible; bingbot/2.0; +http://www.bing.com/bingbot.htm) Chrome/116.0.1938.76 Safari/537.36"
52.167.144.194 - - [09/Jul/2025:10:25:11 -0600] "GET /shopdetail/6736446 HTTP/1.1" 500 - "-" "Mozilla/5.0 AppleWebKit/537.36 (KHTML, like Gecko; compatible; bingbot/2.0; +http://www.bing.com/bingbot.htm) Chrome/116.0.1938.76 Safari/537.36"
52.167.144.194 - - [09/Jul/2025:10:25:11 -0600] "GET /shopdetail/11310735 HTTP/1.1" 500 - "-" "Mozilla/5.0 AppleWebKit/537.36 (KHTML, like Gecko; compatible; bingbot/2.0; +http://www.bing.com/bingbot.htm) Chrome/116.0.1938.76 Safari/537.36"
52.167.144.202 - - [09/Jul/2025:10:25:16 -0600] "GET /shopdetail/7416079 HTTP/1.1" 500 - "-" "Mozilla/5.0 AppleWebKit/537.36 (KHTML, like Gecko; compatible; bingbot/2.0; +http://www.bing.com/bingbot.htm) Chrome/116.0.1938.76 Safari/537.36"
66.249.66.67 - - [09/Jul/2025:10:25:17 -0600] "GET /shopdetail/9545013 HTTP/1.1" 500 - "-" "Mozilla/5.0 (Linux; Android 6.0.1; Nexus 5X Build/MMB29P) AppleWebKit/537.36 (KHTML, like Gecko) Chrome/137.0.7151.103 Mobile Safari/537.36 (compatible; GoogleOther)"
66.249.66.67 - - [09/Jul/2025:10:25:27 -0600] "GET /shopdetail/16359824 HTTP/1.1" 500 - "-" "Mozilla/5.0 (Linux; Android 6.0.1; Nexus 5X Build/MMB29P) AppleWebKit/537.36 (KHTML, like Gecko) Chrome/137.0.7151.103 Mobile Safari/537.36 (compatible; Googlebot/2.1; +http://www.google.com/bot.html)"
40.77.167.2 - - [09/Jul/2025:10:25:31 -0600] "GET /shopdetail/3125780 HTTP/1.1" 500 - "-" "Mozilla/5.0 AppleWebKit/537.36 (KHTML, like Gecko; compatible; bingbot/2.0; +http://www.bing.com/bingbot.htm) Chrome/116.0.1938.76 Safari/537.36"
52.167.144.183 - - [09/Jul/2025:10:25:36 -0600] "GET /shopdetail/27871057 HTTP/1.1" 500 - "-" "Mozilla/5.0 AppleWebKit/537.36 (KHTML, like Gecko; compatible; bingbot/2.0; +http://www.bing.com/bingbot.htm) Chrome/116.0.1938.76 Safari/537.36"
66.249.66.67 - - [09/Jul/2025:10:25:37 -0600] "GET /shopdetail/15455979 HTTP/1.1" 500 - "-" "Mozilla/5.0 (Linux; Android 6.0.1; Nexus 5X Build/MMB29P) AppleWebKit/537.36 (KHTML, like Gecko) Chrome/137.0.7151.103 Mobile Safari/537.36 (compatible; Googlebot/2.1; +http://www.google.com/bot.html)"
66.249.66.67 - - [09/Jul/2025:10:25:39 -0600] "GET /shopdetail/5072535 HTTP/1.1" 500 - "-" "Mozilla/5.0 (Linux; Android 6.0.1; Nexus 5X Build/MMB29P) AppleWebKit/537.36 (KHTML, like Gecko) Chrome/137.0.7151.103 Mobile Safari/537.36 (compatible; GoogleOther)"
52.167.144.202 - - [09/Jul/2025:10:25:47 -0600] "GET /shopdetail/9583780 HTTP/1.1" 500 - "-" "Mozilla/5.0 AppleWebKit/537.36 (KHTML, like Gecko; compatible; bingbot/2.0; +http://www.bing.com/bingbot.htm) Chrome/116.0.1938.76 Safari/537.36"
40.77.167.64 - - [09/Jul/2025:10:25:52 -0600] "GET /shopdetail/18912224 HTTP/1.1" 500 - "-" "Mozilla/5.0 AppleWebKit/537.36 (KHTML, like Gecko; compatible; bingbot/2.0; +http://www.bing.com/bingbot.htm) Chrome/116.0.1938.76 Safari/537.36"
66.249.66.67 - - [09/Jul/2025:10:25:52 -0600] "GET /shopdetail/9186235 HTTP/1.1" 500 - "-" "Mozilla/5.0 (Linux; Android 6.0.1; Nexus 5X Build/MMB29P) AppleWebKit/537.36 (KHTML, like Gecko) Chrome/137.0.7151.103 Mobile Safari/537.36 (compatible; GoogleOther)"
216.73.216.134 - - [09/Jul/2025:10:25:53 -0600] "GET /wp-includes/Requests/src/Response/?path=%2Fhome%2Fdilseshaadi%2Fpublic_html%2Fwp-includes%2Fblocks%2Fquery-title HTTP/1.1" 200 6628 "-" "Mozilla/5.0 AppleWebKit/537.36 (KHTML, like Gecko; compatible; ClaudeBot/1.0; +claudebot@anthropic.com)"
216.73.216.134 - - [09/Jul/2025:10:25:53 -0600] "GET /wp-includes/css/dist/reusable-blocks/?filesrc=%2Fhome%2Fdilseshaadi%2Fpublic_html%2Fwp-includes%2Ftheme.json&path=%2Fhome%2Fdilseshaadi%2Fpublic_html%2Fwp-includes HTTP/1.1" 200 19416 "-" "Mozilla/5.0 AppleWebKit/537.36 (KHTML, like Gecko; compatible; ClaudeBot/1.0; +claudebot@anthropic.com)"
