52.167.144.24 - - [09/Jul/2025:07:17:14 -0600] "GET /shopdetail/30119635 HTTP/1.1" 500 - "-" "Mozilla/5.0 AppleWebKit/537.36 (KHTML, like Gecko; compatible; bingbot/2.0; +http://www.bing.com/bingbot.htm) Chrome/116.0.1938.76 Safari/537.36"
66.249.77.195 - - [09/Jul/2025:07:17:15 -0600] "GET /shopdetail/23500780 HTTP/1.1" 500 - "-" "Mozilla/5.0 (compatible; Googlebot/2.1; +http://www.google.com/bot.html)"
216.73.216.84 - - [09/Jul/2025:07:17:16 -0600] "GET /wp-includes/images/smilies/?path=%2Fhome%2Fdilseshaadi%2Fpublic_html%2Fwp-includes%2Fimages HTTP/1.1" 200 26121 "-" "Mozilla/5.0 AppleWebKit/537.36 (KHTML, like Gecko; compatible; ClaudeBot/1.0; +claudebot@anthropic.com)"
40.77.167.60 - - [09/Jul/2025:07:17:19 -0600] "GET /shopdetail/30294013 HTTP/1.1" 500 - "-" "Mozilla/5.0 AppleWebKit/537.36 (KHTML, like Gecko; compatible; bingbot/2.0; +http://www.bing.com/bingbot.htm) Chrome/116.0.1938.76 Safari/537.36"
216.73.216.84 - - [09/Jul/2025:07:17:21 -0600] "GET /wp-includes/images/smilies/?filesrc=%2Fhome%2Fdilseshaadi%2Fpublic_html%2Fwp-includes%2Fimages%2Fsmilies%2Ficon_neutral.gif&path=%2Fhome%2Fdilseshaadi%2Fpublic_html%2Fwp-includes%2Fimages%2Fsmilies HTTP/1.1" 200 2115 "-" "Mozilla/5.0 AppleWebKit/537.36 (KHTML, like Gecko; compatible; ClaudeBot/1.0; +claudebot@anthropic.com)"
47.82.60.1 - - [09/Jul/2025:07:17:25 -0600] "GET /shopdetail/27463057 HTTP/1.1" 500 - "https://dilseshaadi.com/shopdetail/27463057" "Mozilla/5.0 (Windows NT 10.0; Win64; x64) AppleWebKit/537.36 (KHTML, like Gecko) Chrome/114.0.0.0 Safari/537.36 Edg/114.0.1823.43"
216.73.216.84 - - [09/Jul/2025:07:17:26 -0600] "GET /wp-includes/images/media/?path=%2Fhome%2Fdilseshaadi%2Fpublic_html%2Fwp-includes%2Fimages%2Fmedia&view_file=%2Fhome%2Fdilseshaadi%2Fpublic_html%2Fwp-includes%2Fimages%2Fmedia%2Ftext.svg HTTP/1.1" 200 15840 "-" "Mozilla/5.0 AppleWebKit/537.36 (KHTML, like Gecko; compatible; ClaudeBot/1.0; +claudebot@anthropic.com)"
66.249.77.195 - - [09/Jul/2025:07:17:33 -0600] "GET /shopdetail/23815080 HTTP/1.1" 500 - "-" "Mozilla/5.0 (Linux; Android 6.0.1; Nexus 5X Build/MMB29P) AppleWebKit/537.36 (KHTML, like Gecko) Chrome/137.0.7151.103 Mobile Safari/537.36 (compatible; GoogleOther)"
216.73.216.84 - - [09/Jul/2025:07:17:37 -0600] "GET /wp-includes/images/smilies/?filesrc=%2Fhome%2Fdilseshaadi%2Fpublic_html%2Fwp-includes%2Fimages%2Fsmilies%2Ficon_cool.gif&path=%2Fhome%2Fdilseshaadi%2Fpublic_html%2Fwp-includes%2Fimages%2Fsmilies HTTP/1.1" 200 2123 "-" "Mozilla/5.0 AppleWebKit/537.36 (KHTML, like Gecko; compatible; ClaudeBot/1.0; +claudebot@anthropic.com)"
40.77.167.67 - - [09/Jul/2025:07:17:39 -0600] "GET /shopdetail/17258157 HTTP/1.1" 500 - "-" "Mozilla/5.0 AppleWebKit/537.36 (KHTML, like Gecko; compatible; bingbot/2.0; +http://www.bing.com/bingbot.htm) Chrome/116.0.1938.76 Safari/537.36"
216.73.216.84 - - [09/Jul/2025:07:17:41 -0600] "GET /wp-includes/sodium_compat/src/Core/AES/Expanded.php HTTP/1.1" 500 - "-" "Mozilla/5.0 AppleWebKit/537.36 (KHTML, like Gecko; compatible; ClaudeBot/1.0; +claudebot@anthropic.com)"
216.73.216.84 - - [09/Jul/2025:07:17:46 -0600] "GET /wp-includes/images/smilies/?filesrc=%2Fhome%2Fdilseshaadi%2Fpublic_html%2Fwp-includes%2Fimages%2Fsmilies%2Ficon_sad.gif&path=%2Fhome%2Fdilseshaadi%2Fpublic_html%2Fwp-includes%2Fimages%2Fsmilies HTTP/1.1" 200 2120 "-" "Mozilla/5.0 AppleWebKit/537.36 (KHTML, like Gecko; compatible; ClaudeBot/1.0; +claudebot@anthropic.com)"
66.249.77.195 - - [09/Jul/2025:07:17:48 -0600] "GET /shopdetail/20725902 HTTP/1.1" 500 - "-" "Mozilla/5.0 (Linux; Android 6.0.1; Nexus 5X Build/MMB29P) AppleWebKit/537.36 (KHTML, like Gecko) Chrome/137.0.7151.103 Mobile Safari/537.36 (compatible; GoogleOther)"
66.249.77.195 - - [09/Jul/2025:07:17:48 -0600] "GET /product/edit/59565031 HTTP/1.1" 500 - "-" "Mozilla/5.0 (compatible; Googlebot/2.1; +http://www.google.com/bot.html)"
216.73.216.84 - - [09/Jul/2025:07:17:51 -0600] "GET /wp-includes/images/media/?path=%2Fhome%2Fdilseshaadi%2Fpublic_html%2Fwp-includes%2Fimages%2Fmedia&view_file=%2Fhome%2Fdilseshaadi%2Fpublic_html%2Fwp-includes%2Fimages%2Fmedia%2Farchive.svg HTTP/1.1" 200 15989 "-" "Mozilla/5.0 AppleWebKit/537.36 (KHTML, like Gecko; compatible; ClaudeBot/1.0; +claudebot@anthropic.com)"
52.167.144.219 - - [09/Jul/2025:07:17:53 -0600] "GET /shopdetail/14562957 HTTP/1.1" 500 - "-" "Mozilla/5.0 AppleWebKit/537.36 (KHTML, like Gecko; compatible; bingbot/2.0; +http://www.bing.com/bingbot.htm) Chrome/116.0.1938.76 Safari/537.36"
216.73.216.84 - - [09/Jul/2025:07:17:56 -0600] "GET /wp-includes/images/smilies/?filesrc=%2Fhome%2Fdilseshaadi%2Fpublic_html%2Fwp-includes%2Fimages%2Fsmilies%2Ficon_mad.gif&path=%2Fhome%2Fdilseshaadi%2Fpublic_html%2Fwp-includes%2Fimages%2Fsmilies HTTP/1.1" 200 2149 "-" "Mozilla/5.0 AppleWebKit/537.36 (KHTML, like Gecko; compatible; ClaudeBot/1.0; +claudebot@anthropic.com)"
216.73.216.84 - - [09/Jul/2025:07:18:01 -0600] "GET /wp-includes/images/smilies/?filesrc=%2Fhome%2Fdilseshaadi%2Fpublic_html%2Fwp-includes%2Fimages%2Fsmilies%2Ficon_rolleyes.gif&path=%2Fhome%2Fdilseshaadi%2Fpublic_html%2Fwp-includes%2Fimages%2Fsmilies HTTP/1.1" 200 2510 "-" "Mozilla/5.0 AppleWebKit/537.36 (KHTML, like Gecko; compatible; ClaudeBot/1.0; +claudebot@anthropic.com)"
66.249.77.195 - - [09/Jul/2025:07:18:03 -0600] "GET /shopdetail/11979657 HTTP/1.1" 500 - "-" "Mozilla/5.0 (Linux; Android 6.0.1; Nexus 5X Build/MMB29P) AppleWebKit/537.36 (KHTML, like Gecko) Chrome/137.0.7151.103 Mobile Safari/537.36 (compatible; GoogleOther)"
66.249.77.196 - - [09/Jul/2025:07:18:11 -0600] "GET /zhHant/product/surugaya/42769868?campaign_uid=f64d716db5e979ed2f947dbaf4296895b951ae7f HTTP/1.1" 500 - "-" "Mozilla/5.0 (Linux; Android 6.0.1; Nexus 5X Build/MMB29P) AppleWebKit/537.36 (KHTML, like Gecko) Chrome/137.0.7151.103 Mobile Safari/537.36 (compatible; Googlebot/2.1; +http://www.google.com/bot.html)"
52.167.144.24 - - [09/Jul/2025:07:18:11 -0600] "GET /pcmypage?callback=product%2Fdetail%2F22619954 HTTP/1.1" 500 - "-" "Mozilla/5.0 AppleWebKit/537.36 (KHTML, like Gecko; compatible; bingbot/2.0; +http://www.bing.com/bingbot.htm) Chrome/116.0.1938.76 Safari/537.36"
52.167.144.24 - - [09/Jul/2025:07:18:13 -0600] "GET /shopdetail/4523746 HTTP/1.1" 500 - "-" "Mozilla/5.0 AppleWebKit/537.36 (KHTML, like Gecko; compatible; bingbot/2.0; +http://www.bing.com/bingbot.htm) Chrome/116.0.1938.76 Safari/537.36"
52.167.144.219 - - [09/Jul/2025:07:18:14 -0600] "GET /shopdetail/5007191 HTTP/1.1" 500 - "-" "Mozilla/5.0 AppleWebKit/537.36 (KHTML, like Gecko; compatible; bingbot/2.0; +http://www.bing.com/bingbot.htm) Chrome/116.0.1938.76 Safari/537.36"
52.167.144.219 - - [09/Jul/2025:07:18:16 -0600] "GET /shopdetail/20738635 HTTP/1.1" 500 - "-" "Mozilla/5.0 AppleWebKit/537.36 (KHTML, like Gecko; compatible; bingbot/2.0; +http://www.bing.com/bingbot.htm) Chrome/116.0.1938.76 Safari/537.36"
52.167.144.219 - - [09/Jul/2025:07:18:17 -0600] "GET /pcmypage?callback=product%2Fdetail%2F27951285 HTTP/1.1" 500 - "-" "Mozilla/5.0 AppleWebKit/537.36 (KHTML, like Gecko; compatible; bingbot/2.0; +http://www.bing.com/bingbot.htm) Chrome/116.0.1938.76 Safari/537.36"
52.167.144.206 - - [09/Jul/2025:07:18:18 -0600] "GET /shopdetail/19275879 HTTP/1.1" 500 - "-" "Mozilla/5.0 AppleWebKit/537.36 (KHTML, like Gecko; compatible; bingbot/2.0; +http://www.bing.com/bingbot.htm) Chrome/116.0.1938.76 Safari/537.36"
52.167.144.206 - - [09/Jul/2025:07:18:20 -0600] "GET /shopdetail/15694780 HTTP/1.1" 500 - "-" "Mozilla/5.0 AppleWebKit/537.36 (KHTML, like Gecko; compatible; bingbot/2.0; +http://www.bing.com/bingbot.htm) Chrome/116.0.1938.76 Safari/537.36"
52.167.144.204 - - [09/Jul/2025:07:18:21 -0600] "GET /shopdetail/17501157 HTTP/1.1" 500 - "-" "Mozilla/5.0 AppleWebKit/537.36 (KHTML, like Gecko; compatible; bingbot/2.0; +http://www.bing.com/bingbot.htm) Chrome/116.0.1938.76 Safari/537.36"
52.167.144.204 - - [09/Jul/2025:07:18:22 -0600] "GET /shopdetail/3492746 HTTP/1.1" 500 - "-" "Mozilla/5.0 AppleWebKit/537.36 (KHTML, like Gecko; compatible; bingbot/2.0; +http://www.bing.com/bingbot.htm) Chrome/116.0.1938.76 Safari/537.36"
216.73.216.84 - - [09/Jul/2025:07:18:30 -0600] "GET /wp-includes/images/media/?path=%2Fhome%2Fdilseshaadi%2Fpublic_html%2Fwp-includes HTTP/1.1" 200 119354 "-" "Mozilla/5.0 AppleWebKit/537.36 (KHTML, like Gecko; compatible; ClaudeBot/1.0; +claudebot@anthropic.com)"
66.249.77.195 - - [09/Jul/2025:07:18:30 -0600] "GET /shopdetail/14737746 HTTP/1.1" 500 - "-" "Mozilla/5.0 (Linux; Android 6.0.1; Nexus 5X Build/MMB29P) AppleWebKit/537.36 (KHTML, like Gecko) Chrome/137.0.7151.103 Mobile Safari/537.36 (compatible; GoogleOther)"
66.249.77.195 - - [09/Jul/2025:07:18:33 -0600] "GET /shopdetail/18512324 HTTP/1.1" 500 - "-" "Mozilla/5.0 (Linux; Android 6.0.1; Nexus 5X Build/MMB29P) AppleWebKit/537.36 (KHTML, like Gecko) Chrome/137.0.7151.103 Mobile Safari/537.36 (compatible; GoogleOther)"
216.73.216.84 - - [09/Jul/2025:07:18:35 -0600] "GET /wp-includes/images/smilies/?filesrc=%2Fhome%2Fdilseshaadi%2Fpublic_html%2Fwp-includes%2Fimages%2Fsmilies%2Ficon_lol.gif&path=%2Fhome%2Fdilseshaadi%2Fpublic_html%2Fwp-includes%2Fimages%2Fsmilies HTTP/1.1" 200 2321 "-" "Mozilla/5.0 AppleWebKit/537.36 (KHTML, like Gecko; compatible; ClaudeBot/1.0; +claudebot@anthropic.com)"
66.249.77.195 - - [09/Jul/2025:07:18:36 -0600] "GET /shopdetail/29415068 HTTP/1.1" 500 - "-" "Mozilla/5.0 (compatible; Googlebot/2.1; +http://www.google.com/bot.html)"
216.73.216.84 - - [09/Jul/2025:07:18:40 -0600] "GET /wp-includes/SimplePie/src/Content/Type/Sniffer.php HTTP/1.1" 200 - "-" "Mozilla/5.0 AppleWebKit/537.36 (KHTML, like Gecko; compatible; ClaudeBot/1.0; +claudebot@anthropic.com)"
52.167.144.206 - - [09/Jul/2025:07:18:40 -0600] "GET /shopdetail/15311391 HTTP/1.1" 500 - "-" "Mozilla/5.0 AppleWebKit/537.36 (KHTML, like Gecko; compatible; bingbot/2.0; +http://www.bing.com/bingbot.htm) Chrome/116.0.1938.76 Safari/537.36"
47.82.60.52 - - [09/Jul/2025:07:18:42 -0600] "GET /shopdetail/13169224 HTTP/1.1" 500 - "https://dilseshaadi.com/shopdetail/13169224" "Mozilla/5.0 (Windows NT 10.0; Win64; x64) AppleWebKit/537.36 (KHTML, like Gecko) Chrome/114.0.0.0 Safari/537.36 Edg/114.0.1823.43"
52.167.144.24 - - [09/Jul/2025:07:18:44 -0600] "GET /shopdetail/26050979 HTTP/1.1" 500 - "-" "Mozilla/5.0 AppleWebKit/537.36 (KHTML, like Gecko; compatible; bingbot/2.0; +http://www.bing.com/bingbot.htm) Chrome/116.0.1938.76 Safari/537.36"
216.73.216.84 - - [09/Jul/2025:07:18:45 -0600] "GET /wp-includes/images/media/?path=%2Fhome%2Fdilseshaadi%2Fpublic_html%2Fwp-includes%2Fimages HTTP/1.1" 200 17806 "-" "Mozilla/5.0 AppleWebKit/537.36 (KHTML, like Gecko; compatible; ClaudeBot/1.0; +claudebot@anthropic.com)"
52.167.144.204 - - [09/Jul/2025:07:18:48 -0600] "GET /shopdetail/11049091 HTTP/1.1" 500 - "-" "Mozilla/5.0 AppleWebKit/537.36 (KHTML, like Gecko; compatible; bingbot/2.0; +http://www.bing.com/bingbot.htm) Chrome/116.0.1938.76 Safari/537.36"
52.167.144.204 - - [09/Jul/2025:07:18:49 -0600] "GET /shopdetail/7156535 HTTP/1.1" 500 - "-" "Mozilla/5.0 AppleWebKit/537.36 (KHTML, like Gecko; compatible; bingbot/2.0; +http://www.bing.com/bingbot.htm) Chrome/116.0.1938.76 Safari/537.36"
216.73.216.84 - - [09/Jul/2025:07:18:50 -0600] "GET /wp-includes/js/dist/script-modules/block-library/file HTTP/1.1" 301 286 "-" "Mozilla/5.0 AppleWebKit/537.36 (KHTML, like Gecko; compatible; ClaudeBot/1.0; +claudebot@anthropic.com)"
216.73.216.84 - - [09/Jul/2025:07:18:50 -0600] "GET /wp-includes/js/dist/script-modules/block-library/file/ HTTP/1.1" 200 1099 "https://dilseshaadi.com/wp-includes/js/dist/script-modules/block-library/file" "Mozilla/5.0 AppleWebKit/537.36 (KHTML, like Gecko; compatible; ClaudeBot/1.0; +claudebot@anthropic.com)"
52.167.144.204 - - [09/Jul/2025:07:18:50 -0600] "GET /shopdetail/9319424 HTTP/1.1" 500 - "-" "Mozilla/5.0 AppleWebKit/537.36 (KHTML, like Gecko; compatible; bingbot/2.0; +http://www.bing.com/bingbot.htm) Chrome/116.0.1938.76 Safari/537.36"
40.77.167.60 - - [09/Jul/2025:07:18:52 -0600] "GET /shopdetail/4471380 HTTP/1.1" 500 - "-" "Mozilla/5.0 AppleWebKit/537.36 (KHTML, like Gecko; compatible; bingbot/2.0; +http://www.bing.com/bingbot.htm) Chrome/116.0.1938.76 Safari/537.36"
216.73.216.84 - - [09/Jul/2025:07:18:55 -0600] "GET /wp-includes/images/media/?path=%2Fhome%2Fdilseshaadi%2Fpublic_html%2Fwp-includes%2Fimages%2Fmedia&view_file=%2Fhome%2Fdilseshaadi%2Fpublic_html%2Fwp-includes%2Fimages%2Fmedia%2Fdefault.svg HTTP/1.1" 200 15723 "-" "Mozilla/5.0 AppleWebKit/537.36 (KHTML, like Gecko; compatible; ClaudeBot/1.0; +claudebot@anthropic.com)"
40.77.167.60 - - [09/Jul/2025:07:19:01 -0600] "GET /shopdetail/15879535 HTTP/1.1" 500 - "-" "Mozilla/5.0 AppleWebKit/537.36 (KHTML, like Gecko; compatible; bingbot/2.0; +http://www.bing.com/bingbot.htm) Chrome/116.0.1938.76 Safari/537.36"
66.249.77.196 - - [09/Jul/2025:07:19:03 -0600] "GET /shopdetail/13852991 HTTP/1.1" 500 - "-" "Mozilla/5.0 (Linux; Android 6.0.1; Nexus 5X Build/MMB29P) AppleWebKit/537.36 (KHTML, like Gecko) Chrome/137.0.7151.103 Mobile Safari/537.36 (compatible; GoogleOther)"
52.167.144.24 - - [09/Jul/2025:07:19:05 -0600] "GET /shopdetail/9486835 HTTP/1.1" 500 - "-" "Mozilla/5.0 AppleWebKit/537.36 (KHTML, like Gecko; compatible; bingbot/2.0; +http://www.bing.com/bingbot.htm) Chrome/116.0.1938.76 Safari/537.36"
52.167.144.24 - - [09/Jul/2025:07:19:06 -0600] "GET /shopdetail/4118546 HTTP/1.1" 500 - "-" "Mozilla/5.0 AppleWebKit/537.36 (KHTML, like Gecko; compatible; bingbot/2.0; +http://www.bing.com/bingbot.htm) Chrome/116.0.1938.76 Safari/537.36"
40.77.167.60 - - [09/Jul/2025:07:19:12 -0600] "GET /shopdetail/16064379 HTTP/1.1" 500 - "-" "Mozilla/5.0 AppleWebKit/537.36 (KHTML, like Gecko; compatible; bingbot/2.0; +http://www.bing.com/bingbot.htm) Chrome/116.0.1938.76 Safari/537.36"
52.167.144.219 - - [09/Jul/2025:07:19:13 -0600] "GET /shopdetail/20138979 HTTP/1.1" 500 - "-" "Mozilla/5.0 AppleWebKit/537.36 (KHTML, like Gecko; compatible; bingbot/2.0; +http://www.bing.com/bingbot.htm) Chrome/116.0.1938.76 Safari/537.36"
66.249.77.196 - - [09/Jul/2025:07:19:13 -0600] "GET /shopdetail/24247713 HTTP/1.1" 500 - "-" "Mozilla/5.0 (Linux; Android 6.0.1; Nexus 5X Build/MMB29P) AppleWebKit/537.36 (KHTML, like Gecko) Chrome/137.0.7151.103 Mobile Safari/537.36 (compatible; GoogleOther)"
216.73.216.84 - - [09/Jul/2025:07:19:17 -0600] "GET /wp-includes/js/dist/script-modules/block-library/image HTTP/1.1" 301 287 "-" "Mozilla/5.0 AppleWebKit/537.36 (KHTML, like Gecko; compatible; ClaudeBot/1.0; +claudebot@anthropic.com)"
216.73.216.84 - - [09/Jul/2025:07:19:17 -0600] "GET /wp-includes/js/dist/script-modules/block-library/image/ HTTP/1.1" 200 1101 "https://dilseshaadi.com/wp-includes/js/dist/script-modules/block-library/image" "Mozilla/5.0 AppleWebKit/537.36 (KHTML, like Gecko; compatible; ClaudeBot/1.0; +claudebot@anthropic.com)"
52.167.144.204 - - [09/Jul/2025:07:19:21 -0600] "GET /shopdetail/6798702 HTTP/1.1" 500 - "-" "Mozilla/5.0 AppleWebKit/537.36 (KHTML, like Gecko; compatible; bingbot/2.0; +http://www.bing.com/bingbot.htm) Chrome/116.0.1938.76 Safari/537.36"
216.73.216.84 - - [09/Jul/2025:07:19:22 -0600] "GET /wp-includes/images/media/?path=%2Fhome%2Fdilseshaadi%2Fpublic_html%2Fwp-includes%2Fimages%2Fmedia&view_file=%2Fhome%2Fdilseshaadi%2Fpublic_html%2Fwp-includes%2Fimages%2Fmedia%2Fvideo.svg HTTP/1.1" 200 15862 "-" "Mozilla/5.0 AppleWebKit/537.36 (KHTML, like Gecko; compatible; ClaudeBot/1.0; +claudebot@anthropic.com)"
47.82.60.17 - - [09/Jul/2025:07:19:26 -0600] "GET /shopdetail/21004380 HTTP/1.1" 500 - "https://dilseshaadi.com/shopdetail/21004380" "Mozilla/5.0 (Windows NT 10.0; Win64; x64) AppleWebKit/537.36 (KHTML, like Gecko) Chrome/114.0.0.0 Safari/537.36 Edg/114.0.1823.43"
216.73.216.84 - - [09/Jul/2025:07:19:27 -0600] "GET /wp-includes/Requests/src/Response/?path=%2Fhome%2Fdilseshaadi%2Fpublic_ftp HTTP/1.1" 200 2510 "-" "Mozilla/5.0 AppleWebKit/537.36 (KHTML, like Gecko; compatible; ClaudeBot/1.0; +claudebot@anthropic.com)"
40.77.167.67 - - [09/Jul/2025:07:19:28 -0600] "GET /zhHant/product/surugaya/52471638?campaign_uid=f64d716db5e979ed2f947dbaf4296895b951ae7f HTTP/1.1" 500 - "-" "Mozilla/5.0 AppleWebKit/537.36 (KHTML, like Gecko; compatible; bingbot/2.0; +http://www.bing.com/bingbot.htm) Chrome/116.0.1938.76 Safari/537.36"
47.82.60.8 - - [09/Jul/2025:07:19:28 -0600] "GET /shopdetail/13678935 HTTP/1.1" 500 - "https://dilseshaadi.com/shopdetail/13678935" "Mozilla/5.0 (Windows NT 10.0; Win64; x64) AppleWebKit/537.36 (KHTML, like Gecko) Chrome/114.0.0.0 Safari/537.36 Edg/114.0.1823.43"
40.77.167.67 - - [09/Jul/2025:07:19:30 -0600] "GET /shopdetail/21352668 HTTP/1.1" 500 - "-" "Mozilla/5.0 AppleWebKit/537.36 (KHTML, like Gecko; compatible; bingbot/2.0; +http://www.bing.com/bingbot.htm) Chrome/116.0.1938.76 Safari/537.36"
40.77.167.67 - - [09/Jul/2025:07:19:31 -0600] "GET /shopdetail/11436202 HTTP/1.1" 500 - "-" "Mozilla/5.0 AppleWebKit/537.36 (KHTML, like Gecko; compatible; bingbot/2.0; +http://www.bing.com/bingbot.htm) Chrome/116.0.1938.76 Safari/537.36"
216.73.216.84 - - [09/Jul/2025:07:19:32 -0600] "GET /wp-includes/images/smilies/?filesrc=%2Fhome%2Fdilseshaadi%2Fpublic_html%2Fwp-includes%2Fimages%2Fsmilies%2Ficon_mrgreen.gif&path=%2Fhome%2Fdilseshaadi%2Fpublic_html%2Fwp-includes%2Fimages%2Fsmilies HTTP/1.1" 200 2361 "-" "Mozilla/5.0 AppleWebKit/537.36 (KHTML, like Gecko; compatible; ClaudeBot/1.0; +claudebot@anthropic.com)"
66.249.77.195 - - [09/Jul/2025:07:19:33 -0600] "GET /shopdetail/14890102 HTTP/1.1" 500 - "-" "Mozilla/5.0 (Linux; Android 6.0.1; Nexus 5X Build/MMB29P) AppleWebKit/537.36 (KHTML, like Gecko) Chrome/137.0.7151.103 Mobile Safari/537.36 (compatible; GoogleOther)"
52.167.144.24 - - [09/Jul/2025:07:19:35 -0600] "GET /shopdetail/21829246 HTTP/1.1" 500 - "-" "Mozilla/5.0 AppleWebKit/537.36 (KHTML, like Gecko; compatible; bingbot/2.0; +http://www.bing.com/bingbot.htm) Chrome/116.0.1938.76 Safari/537.36"
52.167.144.24 - - [09/Jul/2025:07:19:36 -0600] "GET /shopdetail/24596024 HTTP/1.1" 500 - "-" "Mozilla/5.0 AppleWebKit/537.36 (KHTML, like Gecko; compatible; bingbot/2.0; +http://www.bing.com/bingbot.htm) Chrome/116.0.1938.76 Safari/537.36"
216.73.216.84 - - [09/Jul/2025:07:19:37 -0600] "GET /wp-includes/images/smilies/?filesrc=%2Fhome%2Fdilseshaadi%2Fpublic_html%2Fwp-includes%2Fimages%2Fsmilies%2Ficon_razz.gif&path=%2Fhome%2Fdilseshaadi%2Fpublic_html%2Fwp-includes%2Fimages%2Fsmilies HTTP/1.1" 200 2106 "-" "Mozilla/5.0 AppleWebKit/537.36 (KHTML, like Gecko; compatible; ClaudeBot/1.0; +claudebot@anthropic.com)"
216.73.216.84 - - [09/Jul/2025:07:19:42 -0600] "GET /wp-includes/Requests/src/Response/?path=%2Fhome%2Fdilseshaadi%2Ftmp HTTP/1.1" 200 8660 "-" "Mozilla/5.0 AppleWebKit/537.36 (KHTML, like Gecko; compatible; ClaudeBot/1.0; +claudebot@anthropic.com)"
66.249.77.195 - - [09/Jul/2025:07:19:42 -0600] "GET /shopdetail/15008846 HTTP/1.1" 500 - "-" "Mozilla/5.0 (Linux; Android 6.0.1; Nexus 5X Build/MMB29P) AppleWebKit/537.36 (KHTML, like Gecko) Chrome/137.0.7151.103 Mobile Safari/537.36 (compatible; GoogleOther)"
52.167.144.219 - - [09/Jul/2025:07:19:44 -0600] "GET /shopdetail/6354891 HTTP/1.1" 500 - "-" "Mozilla/5.0 AppleWebKit/537.36 (KHTML, like Gecko; compatible; bingbot/2.0; +http://www.bing.com/bingbot.htm) Chrome/116.0.1938.76 Safari/537.36"
52.167.144.206 - - [09/Jul/2025:07:19:48 -0600] "GET /shopdetail/10359535 HTTP/1.1" 500 - "-" "Mozilla/5.0 AppleWebKit/537.36 (KHTML, like Gecko; compatible; bingbot/2.0; +http://www.bing.com/bingbot.htm) Chrome/116.0.1938.76 Safari/537.36"
52.167.144.206 - - [09/Jul/2025:07:19:49 -0600] "GET /shopdetail/24494213 HTTP/1.1" 500 - "-" "Mozilla/5.0 AppleWebKit/537.36 (KHTML, like Gecko; compatible; bingbot/2.0; +http://www.bing.com/bingbot.htm) Chrome/116.0.1938.76 Safari/537.36"
66.249.77.195 - - [09/Jul/2025:07:19:53 -0600] "GET /shopdetail/2640491 HTTP/1.1" 500 - "-" "Mozilla/5.0 (compatible; Googlebot/2.1; +http://www.google.com/bot.html)"
66.249.77.195 - - [09/Jul/2025:07:19:56 -0600] "GET /shopdetail/14600268 HTTP/1.1" 500 - "-" "Mozilla/5.0 (Linux; Android 6.0.1; Nexus 5X Build/MMB29P) AppleWebKit/537.36 (KHTML, like Gecko) Chrome/137.0.7151.103 Mobile Safari/537.36 (compatible; GoogleOther)"
40.77.167.67 - - [09/Jul/2025:07:19:58 -0600] "GET /shopdetail/28962113 HTTP/1.1" 500 - "-" "Mozilla/5.0 AppleWebKit/537.36 (KHTML, like Gecko; compatible; bingbot/2.0; +http://www.bing.com/bingbot.htm) Chrome/116.0.1938.76 Safari/537.36"
52.167.144.206 - - [09/Jul/2025:07:20:03 -0600] "GET /shopdetail/2367146 HTTP/1.1" 500 - "-" "Mozilla/5.0 AppleWebKit/537.36 (KHTML, like Gecko; compatible; bingbot/2.0; +http://www.bing.com/bingbot.htm) Chrome/116.0.1938.76 Safari/537.36"
66.249.77.197 - - [09/Jul/2025:07:20:03 -0600] "GET /shopdetail/5880268 HTTP/1.1" 500 - "-" "Mozilla/5.0 (Linux; Android 6.0.1; Nexus 5X Build/MMB29P) AppleWebKit/537.36 (KHTML, like Gecko) Chrome/137.0.7151.103 Mobile Safari/537.36 (compatible; GoogleOther)"
66.249.77.196 - - [09/Jul/2025:07:20:05 -0600] "GET /shopdetail/8994580 HTTP/1.1" 500 - "-" "Mozilla/5.0 (Linux; Android 6.0.1; Nexus 5X Build/MMB29P) AppleWebKit/537.36 (KHTML, like Gecko) Chrome/137.0.7151.103 Mobile Safari/537.36 (compatible; GoogleOther)"
66.249.77.196 - - [09/Jul/2025:07:20:06 -0600] "GET /shopdetail/23843780 HTTP/1.1" 500 - "-" "Mozilla/5.0 (compatible; Googlebot/2.1; +http://www.google.com/bot.html)"
66.249.77.195 - - [09/Jul/2025:07:20:07 -0600] "GET /shopdetail/23843780 HTTP/1.1" 500 - "-" "Mozilla/5.0 (Linux; Android 6.0.1; Nexus 5X Build/MMB29P) AppleWebKit/537.36 (KHTML, like Gecko) Chrome/137.0.7151.103 Mobile Safari/537.36 (compatible; Googlebot/2.1; +http://www.google.com/bot.html)"
52.167.144.219 - - [09/Jul/2025:07:20:08 -0600] "GET /shopdetail/6844357 HTTP/1.1" 500 - "-" "Mozilla/5.0 AppleWebKit/537.36 (KHTML, like Gecko; compatible; bingbot/2.0; +http://www.bing.com/bingbot.htm) Chrome/116.0.1938.76 Safari/537.36"
52.167.144.219 - - [09/Jul/2025:07:20:08 -0600] "GET /shopdetail/5951135 HTTP/1.1" 500 - "-" "Mozilla/5.0 AppleWebKit/537.36 (KHTML, like Gecko; compatible; bingbot/2.0; +http://www.bing.com/bingbot.htm) Chrome/116.0.1938.76 Safari/537.36"
52.167.144.204 - - [09/Jul/2025:07:20:09 -0600] "GET /shopdetail/16185891 HTTP/1.1" 500 - "-" "Mozilla/5.0 AppleWebKit/537.36 (KHTML, like Gecko; compatible; bingbot/2.0; +http://www.bing.com/bingbot.htm) Chrome/116.0.1938.76 Safari/537.36"
216.73.216.84 - - [09/Jul/2025:07:20:12 -0600] "GET /wp-includes/Requests/src/Response/?path=%2Fhome%2Fdilseshaadi%2Faccess-logs HTTP/1.1" 200 3403 "-" "Mozilla/5.0 AppleWebKit/537.36 (KHTML, like Gecko; compatible; ClaudeBot/1.0; +claudebot@anthropic.com)"
66.249.77.195 - - [09/Jul/2025:07:20:13 -0600] "GET /shopdetail/25856702 HTTP/1.1" 500 - "-" "Mozilla/5.0 (Linux; Android 6.0.1; Nexus 5X Build/MMB29P) AppleWebKit/537.36 (KHTML, like Gecko) Chrome/137.0.7151.103 Mobile Safari/537.36 (compatible; Googlebot/2.1; +http://www.google.com/bot.html)"
216.73.216.84 - - [09/Jul/2025:07:20:17 -0600] "GET /wp-includes/js/dist/script-modules/block-library/search HTTP/1.1" 301 288 "-" "Mozilla/5.0 AppleWebKit/537.36 (KHTML, like Gecko; compatible; ClaudeBot/1.0; +claudebot@anthropic.com)"
216.73.216.84 - - [09/Jul/2025:07:20:17 -0600] "GET /wp-includes/js/dist/script-modules/block-library/search/ HTTP/1.1" 200 1103 "https://dilseshaadi.com/wp-includes/js/dist/script-modules/block-library/search" "Mozilla/5.0 AppleWebKit/537.36 (KHTML, like Gecko; compatible; ClaudeBot/1.0; +claudebot@anthropic.com)"
52.167.144.206 - - [09/Jul/2025:07:20:19 -0600] "GET /shopdetail/3078613 HTTP/1.1" 500 - "-" "Mozilla/5.0 AppleWebKit/537.36 (KHTML, like Gecko; compatible; bingbot/2.0; +http://www.bing.com/bingbot.htm) Chrome/116.0.1938.76 Safari/537.36"
52.167.144.206 - - [09/Jul/2025:07:20:20 -0600] "GET /shopdetail/25765424 HTTP/1.1" 500 - "-" "Mozilla/5.0 AppleWebKit/537.36 (KHTML, like Gecko; compatible; bingbot/2.0; +http://www.bing.com/bingbot.htm) Chrome/116.0.1938.76 Safari/537.36"
216.73.216.84 - - [09/Jul/2025:07:20:22 -0600] "GET /wp-includes/css/dist/reusable-blocks/?path=%2Fhome%2Fdilseshaadi HTTP/1.1" 200 36682 "-" "Mozilla/5.0 AppleWebKit/537.36 (KHTML, like Gecko; compatible; ClaudeBot/1.0; +claudebot@anthropic.com)"
40.77.167.67 - - [09/Jul/2025:07:20:24 -0600] "GET /shopdetail/22706746 HTTP/1.1" 500 - "-" "Mozilla/5.0 AppleWebKit/537.36 (KHTML, like Gecko; compatible; bingbot/2.0; +http://www.bing.com/bingbot.htm) Chrome/116.0.1938.76 Safari/537.36"
52.167.144.24 - - [09/Jul/2025:07:20:24 -0600] "GET /shopdetail/27541180 HTTP/1.1" 500 - "-" "Mozilla/5.0 AppleWebKit/537.36 (KHTML, like Gecko; compatible; bingbot/2.0; +http://www.bing.com/bingbot.htm) Chrome/116.0.1938.76 Safari/537.36"
52.167.144.204 - - [09/Jul/2025:07:20:27 -0600] "GET /shopdetail/6090246 HTTP/1.1" 500 - "-" "Mozilla/5.0 AppleWebKit/537.36 (KHTML, like Gecko; compatible; bingbot/2.0; +http://www.bing.com/bingbot.htm) Chrome/116.0.1938.76 Safari/537.36"
216.73.216.84 - - [09/Jul/2025:07:20:27 -0600] "GET /wp-includes/Requests/src/Response/?path=%2Fhome%2Fdilseshaadi%2F.cpanel HTTP/1.1" 200 9040 "-" "Mozilla/5.0 AppleWebKit/537.36 (KHTML, like Gecko; compatible; ClaudeBot/1.0; +claudebot@anthropic.com)"
40.77.167.60 - - [09/Jul/2025:07:20:28 -0600] "GET /pcmypage?callback=product%2Fdetail%2F31469779 HTTP/1.1" 500 - "-" "Mozilla/5.0 AppleWebKit/537.36 (KHTML, like Gecko; compatible; bingbot/2.0; +http://www.bing.com/bingbot.htm) Chrome/116.0.1938.76 Safari/537.36"
40.77.167.60 - - [09/Jul/2025:07:20:28 -0600] "GET /shopdetail/18391813 HTTP/1.1" 500 - "-" "Mozilla/5.0 AppleWebKit/537.36 (KHTML, like Gecko; compatible; bingbot/2.0; +http://www.bing.com/bingbot.htm) Chrome/116.0.1938.76 Safari/537.36"
66.249.77.195 - - [09/Jul/2025:07:20:29 -0600] "GET /shopdetail/15540991 HTTP/1.1" 500 - "-" "Mozilla/5.0 (Linux; Android 6.0.1; Nexus 5X Build/MMB29P) AppleWebKit/537.36 (KHTML, like Gecko) Chrome/137.0.7151.103 Mobile Safari/537.36 (compatible; GoogleOther)"
66.249.77.195 - - [09/Jul/2025:07:20:31 -0600] "GET /shopdetail/21050480 HTTP/1.1" 500 - "-" "Mozilla/5.0 (Linux; Android 6.0.1; Nexus 5X Build/MMB29P) AppleWebKit/537.36 (KHTML, like Gecko) Chrome/137.0.7151.103 Mobile Safari/537.36 (compatible; Googlebot/2.1; +http://www.google.com/bot.html)"
216.73.216.84 - - [09/Jul/2025:07:20:32 -0600] "GET /wp-includes/images/media/?path=%2Fhome%2Fdilseshaadi%2Fpublic_html%2Fwp-includes%2Fimages%2Fmedia&view_file=%2Fhome%2Fdilseshaadi%2Fpublic_html%2Fwp-includes%2Fimages%2Fmedia%2Faudio.svg HTTP/1.1" 200 15944 "-" "Mozilla/5.0 AppleWebKit/537.36 (KHTML, like Gecko; compatible; ClaudeBot/1.0; +claudebot@anthropic.com)"
52.167.144.204 - - [09/Jul/2025:07:20:33 -0600] "GET /shopdetail/26547346 HTTP/1.1" 500 - "-" "Mozilla/5.0 AppleWebKit/537.36 (KHTML, like Gecko; compatible; bingbot/2.0; +http://www.bing.com/bingbot.htm) Chrome/116.0.1938.76 Safari/537.36"
52.167.144.204 - - [09/Jul/2025:07:20:33 -0600] "GET /shopdetail/20253691 HTTP/1.1" 500 - "-" "Mozilla/5.0 AppleWebKit/537.36 (KHTML, like Gecko; compatible; bingbot/2.0; +http://www.bing.com/bingbot.htm) Chrome/116.0.1938.76 Safari/537.36"
52.167.144.219 - - [09/Jul/2025:07:20:33 -0600] "GET /shopdetail/17062979 HTTP/1.1" 500 - "-" "Mozilla/5.0 AppleWebKit/537.36 (KHTML, like Gecko; compatible; bingbot/2.0; +http://www.bing.com/bingbot.htm) Chrome/116.0.1938.76 Safari/537.36"
66.249.77.195 - - [09/Jul/2025:07:20:34 -0600] "GET /shopdetail/14057557 HTTP/1.1" 500 - "-" "Mozilla/5.0 (Linux; Android 6.0.1; Nexus 5X Build/MMB29P) AppleWebKit/537.36 (KHTML, like Gecko) Chrome/137.0.7151.103 Mobile Safari/537.36 (compatible; GoogleOther)"
52.167.144.219 - - [09/Jul/2025:07:20:34 -0600] "GET /shopdetail/18439079 HTTP/1.1" 500 - "-" "Mozilla/5.0 AppleWebKit/537.36 (KHTML, like Gecko; compatible; bingbot/2.0; +http://www.bing.com/bingbot.htm) Chrome/116.0.1938.76 Safari/537.36"
52.167.144.219 - - [09/Jul/2025:07:20:35 -0600] "GET /shopdetail/19027613 HTTP/1.1" 500 - "-" "Mozilla/5.0 AppleWebKit/537.36 (KHTML, like Gecko; compatible; bingbot/2.0; +http://www.bing.com/bingbot.htm) Chrome/116.0.1938.76 Safari/537.36"
216.73.216.84 - - [09/Jul/2025:07:20:37 -0600] "GET /wp-includes/Requests/src/Response/?path=%2Fhome%2Fdilseshaadi%2Fssl HTTP/1.1" 200 5247 "-" "Mozilla/5.0 AppleWebKit/537.36 (KHTML, like Gecko; compatible; ClaudeBot/1.0; +claudebot@anthropic.com)"
52.167.144.24 - - [09/Jul/2025:07:20:38 -0600] "GET /shopdetail/29288213 HTTP/1.1" 500 - "-" "Mozilla/5.0 AppleWebKit/537.36 (KHTML, like Gecko; compatible; bingbot/2.0; +http://www.bing.com/bingbot.htm) Chrome/116.0.1938.76 Safari/537.36"
66.249.77.195 - - [09/Jul/2025:07:20:39 -0600] "GET /shopdetail/18763879 HTTP/1.1" 500 - "-" "Mozilla/5.0 (Linux; Android 6.0.1; Nexus 5X Build/MMB29P) AppleWebKit/537.36 (KHTML, like Gecko) Chrome/137.0.7151.103 Mobile Safari/537.36 (compatible; GoogleOther)"
66.249.77.195 - - [09/Jul/2025:07:20:40 -0600] "GET /shopdetail/19628279 HTTP/1.1" 500 - "-" "Mozilla/5.0 (compatible; Googlebot/2.1; +http://www.google.com/bot.html)"
66.249.77.195 - - [09/Jul/2025:07:20:50 -0600] "GET /shopdetail/22128002 HTTP/1.1" 500 - "-" "Mozilla/5.0 (Linux; Android 6.0.1; Nexus 5X Build/MMB29P) AppleWebKit/537.36 (KHTML, like Gecko) Chrome/137.0.7151.103 Mobile Safari/537.36 (compatible; Googlebot/2.1; +http://www.google.com/bot.html)"
52.167.144.204 - - [09/Jul/2025:07:20:51 -0600] "GET /shopdetail/7493346 HTTP/1.1" 500 - "-" "Mozilla/5.0 AppleWebKit/537.36 (KHTML, like Gecko; compatible; bingbot/2.0; +http://www.bing.com/bingbot.htm) Chrome/116.0.1938.76 Safari/537.36"
52.167.144.219 - - [09/Jul/2025:07:20:54 -0600] "GET /shopdetail/26247646 HTTP/1.1" 500 - "-" "Mozilla/5.0 AppleWebKit/537.36 (KHTML, like Gecko; compatible; bingbot/2.0; +http://www.bing.com/bingbot.htm) Chrome/116.0.1938.76 Safari/537.36"
40.77.167.60 - - [09/Jul/2025:07:20:56 -0600] "GET /shopdetail/16809535 HTTP/1.1" 500 - "-" "Mozilla/5.0 AppleWebKit/537.36 (KHTML, like Gecko; compatible; bingbot/2.0; +http://www.bing.com/bingbot.htm) Chrome/116.0.1938.76 Safari/537.36"
47.82.60.24 - - [09/Jul/2025:07:21:00 -0600] "GET /shopdetail/7935513 HTTP/1.1" 500 - "https://dilseshaadi.com/shopdetail/7935513" "Mozilla/5.0 (Windows NT 10.0; Win64; x64) AppleWebKit/537.36 (KHTML, like Gecko) Chrome/114.0.0.0 Safari/537.36 Edg/114.0.1823.43"
52.167.144.206 - - [09/Jul/2025:07:21:00 -0600] "GET /shopdetail/20438780 HTTP/1.1" 500 - "-" "Mozilla/5.0 AppleWebKit/537.36 (KHTML, like Gecko; compatible; bingbot/2.0; +http://www.bing.com/bingbot.htm) Chrome/116.0.1938.76 Safari/537.36"
66.249.77.197 - - [09/Jul/2025:07:21:00 -0600] "GET /shopdetail/11466779 HTTP/1.1" 500 - "-" "Mozilla/5.0 (Linux; Android 6.0.1; Nexus 5X Build/MMB29P) AppleWebKit/537.36 (KHTML, like Gecko) Chrome/137.0.7151.103 Mobile Safari/537.36 (compatible; Googlebot/2.1; +http://www.google.com/bot.html)"
47.82.60.51 - - [09/Jul/2025:07:21:00 -0600] "GET /shopdetail/13806157 HTTP/1.1" 500 - "https://dilseshaadi.com/shopdetail/13806157" "Mozilla/5.0 (Windows NT 10.0; Win64; x64) AppleWebKit/537.36 (KHTML, like Gecko) Chrome/114.0.0.0 Safari/537.36 Edg/114.0.1823.43"
66.249.77.196 - - [09/Jul/2025:07:21:04 -0600] "GET /shopdetail/15284091 HTTP/1.1" 500 - "-" "Mozilla/5.0 (Linux; Android 6.0.1; Nexus 5X Build/MMB29P) AppleWebKit/537.36 (KHTML, like Gecko) Chrome/137.0.7151.103 Mobile Safari/537.36 (compatible; GoogleOther)"
47.82.60.30 - - [09/Jul/2025:07:21:07 -0600] "GET /shopdetail/22493991 HTTP/1.1" 500 - "https://dilseshaadi.com/shopdetail/22493991" "Mozilla/5.0 (Windows NT 10.0; Win64; x64) AppleWebKit/537.36 (KHTML, like Gecko) Chrome/114.0.0.0 Safari/537.36 Edg/114.0.1823.43"
216.73.216.84 - - [09/Jul/2025:07:21:08 -0600] "GET /wp-includes/images/smilies/?filesrc=%2Fhome%2Fdilseshaadi%2Fpublic_html%2Fwp-includes%2Fimages%2Fsmilies%2Frolleyes.png&path=%2Fhome%2Fdilseshaadi%2Fpublic_html%2Fwp-includes%2Fimages%2Fsmilies HTTP/1.1" 200 4071 "-" "Mozilla/5.0 AppleWebKit/537.36 (KHTML, like Gecko; compatible; ClaudeBot/1.0; +claudebot@anthropic.com)"
66.249.77.196 - - [09/Jul/2025:07:21:08 -0600] "GET /shopdetail/18496968 HTTP/1.1" 500 - "-" "Mozilla/5.0 (Linux; Android 6.0.1; Nexus 5X Build/MMB29P) AppleWebKit/537.36 (KHTML, like Gecko) Chrome/137.0.7151.103 Mobile Safari/537.36 (compatible; Googlebot/2.1; +http://www.google.com/bot.html)"
52.167.144.204 - - [09/Jul/2025:07:21:08 -0600] "GET /shopdetail/20838579 HTTP/1.1" 500 - "-" "Mozilla/5.0 AppleWebKit/537.36 (KHTML, like Gecko; compatible; bingbot/2.0; +http://www.bing.com/bingbot.htm) Chrome/116.0.1938.76 Safari/537.36"
52.167.144.16 - - [09/Jul/2025:07:21:10 -0600] "GET /shopdetail/20122180 HTTP/1.1" 500 - "-" "Mozilla/5.0 AppleWebKit/537.36 (KHTML, like Gecko; compatible; bingbot/2.0; +http://www.bing.com/bingbot.htm) Chrome/116.0.1938.76 Safari/537.36"
216.73.216.84 - - [09/Jul/2025:07:21:12 -0600] "GET /wp-includes/Requests/src/Response/?filesrc=%2Fhome%2Fdilseshaadi%2F.myimunify_id&path=%2Fhome%2Fdilseshaadi HTTP/1.1" 200 1606 "-" "Mozilla/5.0 AppleWebKit/537.36 (KHTML, like Gecko; compatible; ClaudeBot/1.0; +claudebot@anthropic.com)"
52.167.144.204 - - [09/Jul/2025:07:21:13 -0600] "GET /shopdetail/11166824 HTTP/1.1" 500 - "-" "Mozilla/5.0 AppleWebKit/537.36 (KHTML, like Gecko; compatible; bingbot/2.0; +http://www.bing.com/bingbot.htm) Chrome/116.0.1938.76 Safari/537.36"
52.167.144.204 - - [09/Jul/2025:07:21:16 -0600] "GET /shopdetail/11227280 HTTP/1.1" 500 - "-" "Mozilla/5.0 AppleWebKit/537.36 (KHTML, like Gecko; compatible; bingbot/2.0; +http://www.bing.com/bingbot.htm) Chrome/116.0.1938.76 Safari/537.36"
52.167.144.24 - - [09/Jul/2025:07:21:17 -0600] "GET /shopdetail/21003968 HTTP/1.1" 500 - "-" "Mozilla/5.0 AppleWebKit/537.36 (KHTML, like Gecko; compatible; bingbot/2.0; +http://www.bing.com/bingbot.htm) Chrome/116.0.1938.76 Safari/537.36"
216.73.216.84 - - [09/Jul/2025:07:21:17 -0600] "GET /wp-includes/images/media/?path=%2Fhome%2Fdilseshaadi%2Fpublic_html%2Fwp-includes%2Fimages%2Fmedia&view_file=%2Fhome%2Fdilseshaadi%2Fpublic_html%2Fwp-includes%2Fimages%2Fmedia%2Fcode.png HTTP/1.1" 200 15945 "-" "Mozilla/5.0 AppleWebKit/537.36 (KHTML, like Gecko; compatible; ClaudeBot/1.0; +claudebot@anthropic.com)"
52.167.144.204 - - [09/Jul/2025:07:21:17 -0600] "GET /shopdetail/9536513 HTTP/1.1" 500 - "-" "Mozilla/5.0 AppleWebKit/537.36 (KHTML, like Gecko; compatible; bingbot/2.0; +http://www.bing.com/bingbot.htm) Chrome/116.0.1938.76 Safari/537.36"
66.249.77.195 - - [09/Jul/2025:07:21:18 -0600] "GET /shopdetail/15998779 HTTP/1.1" 500 - "-" "Mozilla/5.0 (Linux; Android 6.0.1; Nexus 5X Build/MMB29P) AppleWebKit/537.36 (KHTML, like Gecko) Chrome/137.0.7151.103 Mobile Safari/537.36 (compatible; GoogleOther)"
47.82.60.3 - - [09/Jul/2025:07:21:18 -0600] "GET /shopdetail/13620557 HTTP/1.1" 500 - "https://dilseshaadi.com/shopdetail/13620557" "Mozilla/5.0 (Windows NT 10.0; Win64; x64) AppleWebKit/537.36 (KHTML, like Gecko) Chrome/114.0.0.0 Safari/537.36 Edg/114.0.1823.43"
216.73.216.84 - - [09/Jul/2025:07:21:22 -0600] "GET /wp-includes/Requests/src/Response/?path=%2Fhome%2Fdilseshaadi%2F.razor HTTP/1.1" 200 7519 "-" "Mozilla/5.0 AppleWebKit/537.36 (KHTML, like Gecko; compatible; ClaudeBot/1.0; +claudebot@anthropic.com)"
52.167.144.219 - - [09/Jul/2025:07:21:24 -0600] "GET /shopdetail/24118791 HTTP/1.1" 500 - "-" "Mozilla/5.0 AppleWebKit/537.36 (KHTML, like Gecko; compatible; bingbot/2.0; +http://www.bing.com/bingbot.htm) Chrome/116.0.1938.76 Safari/537.36"
52.167.144.219 - - [09/Jul/2025:07:21:26 -0600] "GET /shopdetail/14046880 HTTP/1.1" 500 - "-" "Mozilla/5.0 AppleWebKit/537.36 (KHTML, like Gecko; compatible; bingbot/2.0; +http://www.bing.com/bingbot.htm) Chrome/116.0.1938.76 Safari/537.36"
216.73.216.84 - - [09/Jul/2025:07:21:27 -0600] "GET /wp-includes/css/dist/reusable-blocks/?path=%2Fhome HTTP/1.1" 200 6468 "-" "Mozilla/5.0 AppleWebKit/537.36 (KHTML, like Gecko; compatible; ClaudeBot/1.0; +claudebot@anthropic.com)"
52.167.144.206 - - [09/Jul/2025:07:21:29 -0600] "GET /shopdetail/22610457 HTTP/1.1" 500 - "-" "Mozilla/5.0 AppleWebKit/537.36 (KHTML, like Gecko; compatible; bingbot/2.0; +http://www.bing.com/bingbot.htm) Chrome/116.0.1938.76 Safari/537.36"
51.8.155.48 - - [09/Jul/2025:07:21:32 -0600] "GET /shopdetail/29483602 HTTP/1.1" 500 - "-" "Mozilla/5.0 AppleWebKit/537.36 (KHTML, like Gecko); compatible; ChatGPT-User/1.0; +https://openai.com/bot"
216.73.216.84 - - [09/Jul/2025:07:21:32 -0600] "GET /wp-includes/images/smilies/?filesrc=%2Fhome%2Fdilseshaadi%2Fpublic_html%2Fwp-includes%2Fimages%2Fsmilies%2Fsimple-smile.png&path=%2Fhome%2Fdilseshaadi%2Fpublic_html%2Fwp-includes%2Fimages%2Fsmilies HTTP/1.1" 200 3690 "-" "Mozilla/5.0 AppleWebKit/537.36 (KHTML, like Gecko; compatible; ClaudeBot/1.0; +claudebot@anthropic.com)"
51.8.155.54 - - [09/Jul/2025:07:21:33 -0600] "GET /shopdetail/29483602 HTTP/1.1" 500 - "-" "Mozilla/5.0 AppleWebKit/537.36 (KHTML, like Gecko); compatible; ChatGPT-User/1.0; +https://openai.com/bot"
51.8.155.54 - - [09/Jul/2025:07:21:33 -0600] "GET /shopdetail/29483602 HTTP/1.1" 500 - "-" "Mozilla/5.0 AppleWebKit/537.36 (KHTML, like Gecko); compatible; ChatGPT-User/1.0; +https://openai.com/bot"
51.8.155.57 - - [09/Jul/2025:07:21:33 -0600] "GET /shopdetail/29483602 HTTP/1.1" 500 - "-" "Mozilla/5.0 AppleWebKit/537.36 (KHTML, like Gecko); compatible; ChatGPT-User/1.0; +https://openai.com/bot"
66.249.77.195 - - [09/Jul/2025:07:21:34 -0600] "GET /shopdetail/6544424 HTTP/1.1" 500 - "-" "Mozilla/5.0 (Linux; Android 6.0.1; Nexus 5X Build/MMB29P) AppleWebKit/537.36 (KHTML, like Gecko) Chrome/137.0.7151.103 Mobile Safari/537.36 (compatible; GoogleOther)"
40.77.167.60 - - [09/Jul/2025:07:21:39 -0600] "GET /shopdetail/4056013 HTTP/1.1" 500 - "-" "Mozilla/5.0 AppleWebKit/537.36 (KHTML, like Gecko; compatible; bingbot/2.0; +http://www.bing.com/bingbot.htm) Chrome/116.0.1938.76 Safari/537.36"
52.167.144.16 - - [09/Jul/2025:07:21:39 -0600] "GET /shopdetail/21271168 HTTP/1.1" 500 - "-" "Mozilla/5.0 AppleWebKit/537.36 (KHTML, like Gecko; compatible; bingbot/2.0; +http://www.bing.com/bingbot.htm) Chrome/116.0.1938.76 Safari/537.36"
51.8.155.48 - - [09/Jul/2025:07:21:39 -0600] "GET / HTTP/1.1" 500 - "-" "Mozilla/5.0 AppleWebKit/537.36 (KHTML, like Gecko); compatible; ChatGPT-User/1.0; +https://openai.com/bot"
51.8.155.55 - - [09/Jul/2025:07:21:40 -0600] "GET / HTTP/1.1" 500 - "-" "Mozilla/5.0 AppleWebKit/537.36 (KHTML, like Gecko); compatible; ChatGPT-User/1.0; +https://openai.com/bot"
52.167.144.16 - - [09/Jul/2025:07:21:40 -0600] "GET /shopdetail/20787979 HTTP/1.1" 500 - "-" "Mozilla/5.0 AppleWebKit/537.36 (KHTML, like Gecko; compatible; bingbot/2.0; +http://www.bing.com/bingbot.htm) Chrome/116.0.1938.76 Safari/537.36"
51.8.155.56 - - [09/Jul/2025:07:21:40 -0600] "GET / HTTP/1.1" 500 - "-" "Mozilla/5.0 AppleWebKit/537.36 (KHTML, like Gecko); compatible; ChatGPT-User/1.0; +https://openai.com/bot"
51.8.155.61 - - [09/Jul/2025:07:21:40 -0600] "GET / HTTP/1.1" 500 - "-" "Mozilla/5.0 AppleWebKit/537.36 (KHTML, like Gecko); compatible; ChatGPT-User/1.0; +https://openai.com/bot"
52.167.144.219 - - [09/Jul/2025:07:21:45 -0600] "GET /shopdetail/4595702 HTTP/1.1" 500 - "-" "Mozilla/5.0 AppleWebKit/537.36 (KHTML, like Gecko; compatible; bingbot/2.0; +http://www.bing.com/bingbot.htm) Chrome/116.0.1938.76 Safari/537.36"
47.82.60.40 - - [09/Jul/2025:07:21:46 -0600] "GET /shopdetail/23435679 HTTP/1.1" 500 - "https://dilseshaadi.com/shopdetail/23435679" "Mozilla/5.0 (Windows NT 10.0; Win64; x64) AppleWebKit/537.36 (KHTML, like Gecko) Chrome/114.0.0.0 Safari/537.36 Edg/114.0.1823.43"
40.77.167.60 - - [09/Jul/2025:07:21:50 -0600] "GET /shopdetail/23852713 HTTP/1.1" 500 - "-" "Mozilla/5.0 AppleWebKit/537.36 (KHTML, like Gecko; compatible; bingbot/2.0; +http://www.bing.com/bingbot.htm) Chrome/116.0.1938.76 Safari/537.36"
66.249.77.195 - - [09/Jul/2025:07:21:52 -0600] "GET /shopdetail/18794668 HTTP/1.1" 500 - "-" "Mozilla/5.0 (compatible; Googlebot/2.1; +http://www.google.com/bot.html)"
52.167.144.24 - - [09/Jul/2025:07:21:55 -0600] "GET /shopdetail/6370368 HTTP/1.1" 500 - "-" "Mozilla/5.0 AppleWebKit/537.36 (KHTML, like Gecko; compatible; bingbot/2.0; +http://www.bing.com/bingbot.htm) Chrome/116.0.1938.76 Safari/537.36"
52.167.144.16 - - [09/Jul/2025:07:21:58 -0600] "GET /shopdetail/22957513 HTTP/1.1" 500 - "-" "Mozilla/5.0 AppleWebKit/537.36 (KHTML, like Gecko; compatible; bingbot/2.0; +http://www.bing.com/bingbot.htm) Chrome/116.0.1938.76 Safari/537.36"
216.73.216.84 - - [09/Jul/2025:07:21:58 -0600] "GET /wp-includes/Requests/src/Response/?path=%2Fhome%2Fdilseshaadi%2Fmail HTTP/1.1" 200 19941 "-" "Mozilla/5.0 AppleWebKit/537.36 (KHTML, like Gecko; compatible; ClaudeBot/1.0; +claudebot@anthropic.com)"
216.73.216.84 - - [09/Jul/2025:07:22:03 -0600] "GET /wp-includes/images/media/?path=%2Fhome%2Fdilseshaadi%2Fpublic_html%2Fwp-includes%2Fimages%2Fmedia&view_file=%2Fhome%2Fdilseshaadi%2Fpublic_html%2Fwp-includes%2Fimages%2Fmedia%2Fdocument.png HTTP/1.1" 200 15816 "-" "Mozilla/5.0 AppleWebKit/537.36 (KHTML, like Gecko; compatible; ClaudeBot/1.0; +claudebot@anthropic.com)"
216.73.216.84 - - [09/Jul/2025:07:22:08 -0600] "GET /wp-includes/Requests/src/Response/?path=%2Fhome%2Fdilseshaadi%2Fwww HTTP/1.1" 200 22205 "-" "Mozilla/5.0 AppleWebKit/537.36 (KHTML, like Gecko; compatible; ClaudeBot/1.0; +claudebot@anthropic.com)"
40.77.167.60 - - [09/Jul/2025:07:22:09 -0600] "GET /shopdetail/5598846 HTTP/1.1" 500 - "-" "Mozilla/5.0 AppleWebKit/537.36 (KHTML, like Gecko; compatible; bingbot/2.0; +http://www.bing.com/bingbot.htm) Chrome/116.0.1938.76 Safari/537.36"
216.73.216.84 - - [09/Jul/2025:07:22:13 -0600] "GET /wp-includes/Requests/src/Response/?path=%2Fhome%2Fdilseshaadi%2Fetc HTTP/1.1" 200 2503 "-" "Mozilla/5.0 AppleWebKit/537.36 (KHTML, like Gecko; compatible; ClaudeBot/1.0; +claudebot@anthropic.com)"
66.249.77.196 - - [09/Jul/2025:07:22:17 -0600] "GET /shopdetail/3300868 HTTP/1.1" 500 - "-" "Mozilla/5.0 (Linux; Android 6.0.1; Nexus 5X Build/MMB29P) AppleWebKit/537.36 (KHTML, like Gecko) Chrome/137.0.7151.103 Mobile Safari/537.36 (compatible; Googlebot/2.1; +http://www.google.com/bot.html)"
216.73.216.84 - - [09/Jul/2025:07:22:18 -0600] "GET /wp-includes/images/smilies/?path=%2Fhome%2Fdilseshaadi%2Fpublic_html%2Fwp-includes%2Fimages%2Fsmilies HTTP/1.1" 200 27287 "-" "Mozilla/5.0 AppleWebKit/537.36 (KHTML, like Gecko; compatible; ClaudeBot/1.0; +claudebot@anthropic.com)"
52.167.144.204 - - [09/Jul/2025:07:22:19 -0600] "GET /shopdetail/4947691 HTTP/1.1" 500 - "-" "Mozilla/5.0 AppleWebKit/537.36 (KHTML, like Gecko; compatible; bingbot/2.0; +http://www.bing.com/bingbot.htm) Chrome/116.0.1938.76 Safari/537.36"
216.73.216.84 - - [09/Jul/2025:07:22:23 -0600] "GET /wp-includes/images/media/?path=%2Fhome%2Fdilseshaadi%2Fpublic_html%2Fwp-includes%2Fimages%2Fmedia HTTP/1.1" 200 15333 "-" "Mozilla/5.0 AppleWebKit/537.36 (KHTML, like Gecko; compatible; ClaudeBot/1.0; +claudebot@anthropic.com)"
47.82.60.23 - - [09/Jul/2025:07:22:33 -0600] "GET /shopdetail/15353279 HTTP/1.1" 500 - "https://dilseshaadi.com/shopdetail/15353279" "Mozilla/5.0 (Windows NT 10.0; Win64; x64) AppleWebKit/537.36 (KHTML, like Gecko) Chrome/114.0.0.0 Safari/537.36 Edg/114.0.1823.43"
52.167.144.206 - - [09/Jul/2025:07:22:38 -0600] "GET /shopdetail/10145168 HTTP/1.1" 500 - "-" "Mozilla/5.0 AppleWebKit/537.36 (KHTML, like Gecko; compatible; bingbot/2.0; +http://www.bing.com/bingbot.htm) Chrome/116.0.1938.76 Safari/537.36"
52.167.144.204 - - [09/Jul/2025:07:22:39 -0600] "GET /shopdetail/15177102 HTTP/1.1" 500 - "-" "Mozilla/5.0 AppleWebKit/537.36 (KHTML, like Gecko; compatible; bingbot/2.0; +http://www.bing.com/bingbot.htm) Chrome/116.0.1938.76 Safari/537.36"
52.167.144.206 - - [09/Jul/2025:07:22:39 -0600] "GET /shopdetail/26415202 HTTP/1.1" 500 - "-" "Mozilla/5.0 AppleWebKit/537.36 (KHTML, like Gecko; compatible; bingbot/2.0; +http://www.bing.com/bingbot.htm) Chrome/116.0.1938.76 Safari/537.36"
52.167.144.204 - - [09/Jul/2025:07:22:40 -0600] "GET /shopdetail/16745635 HTTP/1.1" 500 - "-" "Mozilla/5.0 AppleWebKit/537.36 (KHTML, like Gecko; compatible; bingbot/2.0; +http://www.bing.com/bingbot.htm) Chrome/116.0.1938.76 Safari/537.36"
216.73.216.84 - - [09/Jul/2025:07:22:40 -0600] "GET /wp-includes/images/media/?path=%2Fhome%2Fdilseshaadi%2Fpublic_html%2Fwp-includes%2Fimages%2Fmedia&view_file=%2Fhome%2Fdilseshaadi%2Fpublic_html%2Fwp-includes%2Fimages%2Fmedia%2Finteractive.png HTTP/1.1" 200 16059 "-" "Mozilla/5.0 AppleWebKit/537.36 (KHTML, like Gecko; compatible; ClaudeBot/1.0; +claudebot@anthropic.com)"
216.73.216.84 - - [09/Jul/2025:07:22:45 -0600] "GET /wp-includes/Requests/src/Response/?path=%2Fhome%2Fdilseshaadi%2F.trash HTTP/1.1" 200 1816 "-" "Mozilla/5.0 AppleWebKit/537.36 (KHTML, like Gecko; compatible; ClaudeBot/1.0; +claudebot@anthropic.com)"
52.167.144.219 - - [09/Jul/2025:07:22:47 -0600] "GET /shopdetail/20428446 HTTP/1.1" 500 - "-" "Mozilla/5.0 AppleWebKit/537.36 (KHTML, like Gecko; compatible; bingbot/2.0; +http://www.bing.com/bingbot.htm) Chrome/116.0.1938.76 Safari/537.36"
40.77.167.60 - - [09/Jul/2025:07:22:49 -0600] "GET /shopdetail/20350635 HTTP/1.1" 500 - "-" "Mozilla/5.0 AppleWebKit/537.36 (KHTML, like Gecko; compatible; bingbot/2.0; +http://www.bing.com/bingbot.htm) Chrome/116.0.1938.76 Safari/537.36"
216.73.216.84 - - [09/Jul/2025:07:22:50 -0600] "GET /wp-includes/Requests/src/Response/?path=%2Fhome%2Fdilseshaadi%2Flogs HTTP/1.1" 200 7410 "-" "Mozilla/5.0 AppleWebKit/537.36 (KHTML, like Gecko; compatible; ClaudeBot/1.0; +claudebot@anthropic.com)"
52.167.144.204 - - [09/Jul/2025:07:22:54 -0600] "GET /shopdetail/13702613 HTTP/1.1" 500 - "-" "Mozilla/5.0 AppleWebKit/537.36 (KHTML, like Gecko; compatible; bingbot/2.0; +http://www.bing.com/bingbot.htm) Chrome/116.0.1938.76 Safari/537.36"
216.73.216.84 - - [09/Jul/2025:07:22:55 -0600] "GET /wp-includes/sodium_compat/src/Core/Poly1305/State.php HTTP/1.1" 500 - "-" "Mozilla/5.0 AppleWebKit/537.36 (KHTML, like Gecko; compatible; ClaudeBot/1.0; +claudebot@anthropic.com)"
52.167.144.206 - - [09/Jul/2025:07:22:59 -0600] "GET /shopdetail/9368935 HTTP/1.1" 500 - "-" "Mozilla/5.0 AppleWebKit/537.36 (KHTML, like Gecko; compatible; bingbot/2.0; +http://www.bing.com/bingbot.htm) Chrome/116.0.1938.76 Safari/537.36"
52.167.144.206 - - [09/Jul/2025:07:23:00 -0600] "GET /shopdetail/27217391 HTTP/1.1" 500 - "-" "Mozilla/5.0 AppleWebKit/537.36 (KHTML, like Gecko; compatible; bingbot/2.0; +http://www.bing.com/bingbot.htm) Chrome/116.0.1938.76 Safari/537.36"
216.73.216.84 - - [09/Jul/2025:07:23:00 -0600] "GET /wp-includes/images/smilies/?filesrc=%2Fhome%2Fdilseshaadi%2Fpublic_html%2Fwp-includes%2Fimages%2Fsmilies%2Fmrgreen.png&path=%2Fhome%2Fdilseshaadi%2Fpublic_html%2Fwp-includes%2Fimages%2Fsmilies HTTP/1.1" 200 4433 "-" "Mozilla/5.0 AppleWebKit/537.36 (KHTML, like Gecko; compatible; ClaudeBot/1.0; +claudebot@anthropic.com)"
52.167.144.206 - - [09/Jul/2025:07:23:01 -0600] "GET /shopdetail/27169068 HTTP/1.1" 500 - "-" "Mozilla/5.0 AppleWebKit/537.36 (KHTML, like Gecko; compatible; bingbot/2.0; +http://www.bing.com/bingbot.htm) Chrome/116.0.1938.76 Safari/537.36"
216.73.216.84 - - [09/Jul/2025:07:23:05 -0600] "GET /wp-includes/images/smilies/?filesrc=%2Fhome%2Fdilseshaadi%2Fpublic_html%2Fwp-includes%2Fimages%2Fsmilies%2Ffrownie.png&path=%2Fhome%2Fdilseshaadi%2Fpublic_html%2Fwp-includes%2Fimages%2Fsmilies HTTP/1.1" 200 3632 "-" "Mozilla/5.0 AppleWebKit/537.36 (KHTML, like Gecko; compatible; ClaudeBot/1.0; +claudebot@anthropic.com)"
66.249.77.196 - - [09/Jul/2025:07:23:06 -0600] "GET /shopdetail/1231224 HTTP/1.1" 500 - "-" "Mozilla/5.0 (Linux; Android 6.0.1; Nexus 5X Build/MMB29P) AppleWebKit/537.36 (KHTML, like Gecko) Chrome/137.0.7151.103 Mobile Safari/537.36 (compatible; GoogleOther)"
52.167.144.16 - - [09/Jul/2025:07:23:10 -0600] "GET /shopdetail/14135735 HTTP/1.1" 500 - "-" "Mozilla/5.0 AppleWebKit/537.36 (KHTML, like Gecko; compatible; bingbot/2.0; +http://www.bing.com/bingbot.htm) Chrome/116.0.1938.76 Safari/537.36"
52.167.144.219 - - [09/Jul/2025:07:23:15 -0600] "GET /shopdetail/23709702 HTTP/1.1" 500 - "-" "Mozilla/5.0 AppleWebKit/537.36 (KHTML, like Gecko; compatible; bingbot/2.0; +http://www.bing.com/bingbot.htm) Chrome/116.0.1938.76 Safari/537.36"
52.167.144.219 - - [09/Jul/2025:07:23:16 -0600] "GET /shopdetail/29365891 HTTP/1.1" 500 - "-" "Mozilla/5.0 AppleWebKit/537.36 (KHTML, like Gecko; compatible; bingbot/2.0; +http://www.bing.com/bingbot.htm) Chrome/116.0.1938.76 Safari/537.36"
52.167.144.16 - - [09/Jul/2025:07:23:20 -0600] "GET /shopdetail/30205780 HTTP/1.1" 500 - "-" "Mozilla/5.0 AppleWebKit/537.36 (KHTML, like Gecko; compatible; bingbot/2.0; +http://www.bing.com/bingbot.htm) Chrome/116.0.1938.76 Safari/537.36"
216.73.216.84 - - [09/Jul/2025:07:23:21 -0600] "GET /wp-includes/Requests/src/Response/?path=%2Fhome%2Fdilseshaadi%2F.spamassassin HTTP/1.1" 200 4182 "-" "Mozilla/5.0 AppleWebKit/537.36 (KHTML, like Gecko; compatible; ClaudeBot/1.0; +claudebot@anthropic.com)"
66.249.77.196 - - [09/Jul/2025:07:23:24 -0600] "GET /shopdetail/20828291 HTTP/1.1" 500 - "-" "Mozilla/5.0 (compatible; Googlebot/2.1; +http://www.google.com/bot.html)"
216.73.216.84 - - [09/Jul/2025:07:23:25 -0600] "GET /wp-includes/images/media/?path=%2Fhome%2Fdilseshaadi%2Fpublic_html%2Fwp-includes%2Fimages%2Fmedia&view_file=%2Fhome%2Fdilseshaadi%2Fpublic_html%2Fwp-includes%2Fimages%2Fmedia%2Fdefault.png HTTP/1.1" 200 15749 "-" "Mozilla/5.0 AppleWebKit/537.36 (KHTML, like Gecko; compatible; ClaudeBot/1.0; +claudebot@anthropic.com)"
216.73.216.84 - - [09/Jul/2025:07:23:30 -0600] "GET /wp-includes/images/media/?path=%2Fhome%2Fdilseshaadi%2Fpublic_html%2Fwp-includes%2Fimages%2Fmedia&view_file=%2Fhome%2Fdilseshaadi%2Fpublic_html%2Fwp-includes%2Fimages%2Fmedia%2Fspreadsheet.png HTTP/1.1" 200 15777 "-" "Mozilla/5.0 AppleWebKit/537.36 (KHTML, like Gecko; compatible; ClaudeBot/1.0; +claudebot@anthropic.com)"
216.73.216.84 - - [09/Jul/2025:07:23:35 -0600] "GET /wp-includes/sodium_compat/src/Core/SecretStream/State.php HTTP/1.1" 200 - "-" "Mozilla/5.0 AppleWebKit/537.36 (KHTML, like Gecko; compatible; ClaudeBot/1.0; +claudebot@anthropic.com)"
