52.167.144.216 - - [09/Jul/2025:07:47:40 -0600] "GET /shopdetail/16296513 HTTP/1.1" 500 - "-" "Mozilla/5.0 AppleWebKit/537.36 (KHTML, like Gecko; compatible; bingbot/2.0; +http://www.bing.com/bingbot.htm) Chrome/116.0.1938.76 Safari/537.36"
52.167.144.216 - - [09/Jul/2025:07:47:40 -0600] "GET /shopdetail/4364213 HTTP/1.1" 500 - "-" "Mozilla/5.0 AppleWebKit/537.36 (KHTML, like Gecko; compatible; bingbot/2.0; +http://www.bing.com/bingbot.htm) Chrome/116.0.1938.76 Safari/537.36"
66.249.77.195 - - [09/Jul/2025:07:47:42 -0600] "GET /shopdetail/4961846 HTTP/1.1" 500 - "-" "Mozilla/5.0 (Linux; Android 6.0.1; Nexus 5X Build/MMB29P) AppleWebKit/537.36 (KHTML, like Gecko) Chrome/137.0.7151.103 Mobile Safari/537.36 (compatible; Googlebot/2.1; +http://www.google.com/bot.html)"
66.249.77.195 - - [09/Jul/2025:07:47:43 -0600] "GET /shopdetail/16313713 HTTP/1.1" 500 - "-" "Mozilla/5.0 (Linux; Android 6.0.1; Nexus 5X Build/MMB29P) AppleWebKit/537.36 (KHTML, like Gecko) Chrome/137.0.7151.103 Mobile Safari/537.36 (compatible; GoogleOther)"
52.167.144.24 - - [09/Jul/2025:07:47:46 -0600] "GET /shopdetail/22535124 HTTP/1.1" 500 - "-" "Mozilla/5.0 AppleWebKit/537.36 (KHTML, like Gecko; compatible; bingbot/2.0; +http://www.bing.com/bingbot.htm) Chrome/116.0.1938.76 Safari/537.36"
40.77.167.156 - - [09/Jul/2025:07:47:46 -0600] "GET /shopdetail/8097346 HTTP/1.1" 500 - "-" "Mozilla/5.0 AppleWebKit/537.36 (KHTML, like Gecko; compatible; bingbot/2.0; +http://www.bing.com/bingbot.htm) Chrome/116.0.1938.76 Safari/537.36"
66.249.77.195 - - [09/Jul/2025:07:47:47 -0600] "GET /shopdetail/7542079 HTTP/1.1" 500 - "-" "Mozilla/5.0 (Linux; Android 6.0.1; Nexus 5X Build/MMB29P) AppleWebKit/537.36 (KHTML, like Gecko) Chrome/137.0.7151.103 Mobile Safari/537.36 (compatible; GoogleOther)"
52.167.144.225 - - [09/Jul/2025:07:47:51 -0600] "GET /shopdetail/10003902 HTTP/1.1" 500 - "-" "Mozilla/5.0 AppleWebKit/537.36 (KHTML, like Gecko; compatible; bingbot/2.0; +http://www.bing.com/bingbot.htm) Chrome/116.0.1938.76 Safari/537.36"
216.73.216.84 - - [09/Jul/2025:07:47:52 -0600] "GET /wp-includes/js/tinymce/skins/wordpress/?C=D&O=A HTTP/1.1" 200 1052 "-" "Mozilla/5.0 AppleWebKit/537.36 (KHTML, like Gecko; compatible; ClaudeBot/1.0; +claudebot@anthropic.com)"
216.73.216.84 - - [09/Jul/2025:07:47:52 -0600] "GET /wp-includes/SimplePie/src/HTTP/?C=N&O=A HTTP/1.1" 200 854 "-" "Mozilla/5.0 AppleWebKit/537.36 (KHTML, like Gecko; compatible; ClaudeBot/1.0; +claudebot@anthropic.com)"
216.73.216.84 - - [09/Jul/2025:07:47:52 -0600] "GET /wp-includes/SimplePie/src/Net/?C=D&O=D HTTP/1.1" 200 850 "-" "Mozilla/5.0 AppleWebKit/537.36 (KHTML, like Gecko; compatible; ClaudeBot/1.0; +claudebot@anthropic.com)"
216.73.216.84 - - [09/Jul/2025:07:47:53 -0600] "GET /wp-includes/js/tinymce/skins/wordpress/?C=M&O=A HTTP/1.1" 200 1052 "-" "Mozilla/5.0 AppleWebKit/537.36 (KHTML, like Gecko; compatible; ClaudeBot/1.0; +claudebot@anthropic.com)"
216.73.216.84 - - [09/Jul/2025:07:47:53 -0600] "GET /wp-includes/sodium_compat/src/Core/SecretStream/?C=S&O=A HTTP/1.1" 200 896 "-" "Mozilla/5.0 AppleWebKit/537.36 (KHTML, like Gecko; compatible; ClaudeBot/1.0; +claudebot@anthropic.com)"
216.73.216.84 - - [09/Jul/2025:07:47:53 -0600] "GET /wp-includes/js/tinymce/langs/?C=N&O=A HTTP/1.1" 200 851 "-" "Mozilla/5.0 AppleWebKit/537.36 (KHTML, like Gecko; compatible; ClaudeBot/1.0; +claudebot@anthropic.com)"
66.249.77.196 - - [09/Jul/2025:07:48:03 -0600] "GET /shopdetail/19442168 HTTP/1.1" 500 - "-" "Mozilla/5.0 (compatible; Googlebot/2.1; +http://www.google.com/bot.html)"
66.249.77.196 - - [09/Jul/2025:07:48:13 -0600] "GET /shopdetail/15741491 HTTP/1.1" 500 - "-" "Mozilla/5.0 (Linux; Android 6.0.1; Nexus 5X Build/MMB29P) AppleWebKit/537.36 (KHTML, like Gecko) Chrome/137.0.7151.103 Mobile Safari/537.36 (compatible; GoogleOther)"
52.167.144.216 - - [09/Jul/2025:07:48:19 -0600] "GET /shopdetail/21575479 HTTP/1.1" 500 - "-" "Mozilla/5.0 AppleWebKit/537.36 (KHTML, like Gecko; compatible; bingbot/2.0; +http://www.bing.com/bingbot.htm) Chrome/116.0.1938.76 Safari/537.36"
52.167.144.216 - - [09/Jul/2025:07:48:19 -0600] "GET /shopdetail/7574268 HTTP/1.1" 500 - "-" "Mozilla/5.0 AppleWebKit/537.36 (KHTML, like Gecko; compatible; bingbot/2.0; +http://www.bing.com/bingbot.htm) Chrome/116.0.1938.76 Safari/537.36"
52.167.144.216 - - [09/Jul/2025:07:48:19 -0600] "GET /shopdetail/24575879 HTTP/1.1" 500 - "-" "Mozilla/5.0 AppleWebKit/537.36 (KHTML, like Gecko; compatible; bingbot/2.0; +http://www.bing.com/bingbot.htm) Chrome/116.0.1938.76 Safari/537.36"
52.167.144.24 - - [09/Jul/2025:07:48:22 -0600] "GET /shopdetail/21405668 HTTP/1.1" 500 - "-" "Mozilla/5.0 AppleWebKit/537.36 (KHTML, like Gecko; compatible; bingbot/2.0; +http://www.bing.com/bingbot.htm) Chrome/116.0.1938.76 Safari/537.36"
52.167.144.216 - - [09/Jul/2025:07:48:23 -0600] "GET /shopdetail/25676902 HTTP/1.1" 500 - "-" "Mozilla/5.0 AppleWebKit/537.36 (KHTML, like Gecko; compatible; bingbot/2.0; +http://www.bing.com/bingbot.htm) Chrome/116.0.1938.76 Safari/537.36"
40.77.167.156 - - [09/Jul/2025:07:48:25 -0600] "GET /shopdetail/18315202 HTTP/1.1" 500 - "-" "Mozilla/5.0 AppleWebKit/537.36 (KHTML, like Gecko; compatible; bingbot/2.0; +http://www.bing.com/bingbot.htm) Chrome/116.0.1938.76 Safari/537.36"
40.77.167.156 - - [09/Jul/2025:07:48:26 -0600] "GET /shopdetail/11216946 HTTP/1.1" 500 - "-" "Mozilla/5.0 AppleWebKit/537.36 (KHTML, like Gecko; compatible; bingbot/2.0; +http://www.bing.com/bingbot.htm) Chrome/116.0.1938.76 Safari/537.36"
66.249.77.195 - - [09/Jul/2025:07:48:30 -0600] "GET /shopdetail/4848413 HTTP/1.1" 500 - "-" "Mozilla/5.0 (Linux; Android 6.0.1; Nexus 5X Build/MMB29P) AppleWebKit/537.36 (KHTML, like Gecko) Chrome/137.0.7151.103 Mobile Safari/537.36 (compatible; GoogleOther)"
66.249.77.195 - - [09/Jul/2025:07:48:31 -0600] "GET /shopdetail/13190468 HTTP/1.1" 500 - "-" "Mozilla/5.0 (compatible; Googlebot/2.1; +http://www.google.com/bot.html)"
52.167.144.140 - - [09/Jul/2025:07:48:31 -0600] "GET /shopdetail/17418146 HTTP/1.1" 500 - "-" "Mozilla/5.0 AppleWebKit/537.36 (KHTML, like Gecko; compatible; bingbot/2.0; +http://www.bing.com/bingbot.htm) Chrome/116.0.1938.76 Safari/537.36"
216.73.216.84 - - [09/Jul/2025:07:48:35 -0600] "GET /wp-includes/js/tinymce/themes/inlite/?C=N&O=D HTTP/1.1" 200 1048 "-" "Mozilla/5.0 AppleWebKit/537.36 (KHTML, like Gecko; compatible; ClaudeBot/1.0; +claudebot@anthropic.com)"
216.73.216.84 - - [09/Jul/2025:07:48:35 -0600] "GET /wp-includes/js/tinymce/plugins/tabfocus/?C=M&O=A HTTP/1.1" 200 1057 "-" "Mozilla/5.0 AppleWebKit/537.36 (KHTML, like Gecko; compatible; ClaudeBot/1.0; +claudebot@anthropic.com)"
216.73.216.84 - - [09/Jul/2025:07:48:35 -0600] "GET /wp-includes/js/tinymce/plugins/colorpicker/?C=M&O=A HTTP/1.1" 200 1063 "-" "Mozilla/5.0 AppleWebKit/537.36 (KHTML, like Gecko; compatible; ClaudeBot/1.0; +claudebot@anthropic.com)"
216.73.216.84 - - [09/Jul/2025:07:48:35 -0600] "GET /wp-includes/js/tinymce/themes/?C=N&O=A HTTP/1.1" 200 1021 "-" "Mozilla/5.0 AppleWebKit/537.36 (KHTML, like Gecko; compatible; ClaudeBot/1.0; +claudebot@anthropic.com)"
216.73.216.84 - - [09/Jul/2025:07:48:36 -0600] "GET /wp-includes/Requests/src/Cookie/?C=N&O=A HTTP/1.1" 200 852 "-" "Mozilla/5.0 AppleWebKit/537.36 (KHTML, like Gecko; compatible; ClaudeBot/1.0; +claudebot@anthropic.com)"
216.73.216.84 - - [09/Jul/2025:07:48:36 -0600] "GET /wp-includes/js/mediaelement/renderers/?C=N&O=A HTTP/1.1" 200 1048 "-" "Mozilla/5.0 AppleWebKit/537.36 (KHTML, like Gecko; compatible; ClaudeBot/1.0; +claudebot@anthropic.com)"
52.167.144.24 - - [09/Jul/2025:07:48:41 -0600] "GET /shopdetail/18204524 HTTP/1.1" 500 - "-" "Mozilla/5.0 AppleWebKit/537.36 (KHTML, like Gecko; compatible; bingbot/2.0; +http://www.bing.com/bingbot.htm) Chrome/116.0.1938.76 Safari/537.36"
66.249.77.195 - - [09/Jul/2025:07:48:43 -0600] "GET /shopdetail/14357424 HTTP/1.1" 500 - "-" "Mozilla/5.0 (Linux; Android 6.0.1; Nexus 5X Build/MMB29P) AppleWebKit/537.36 (KHTML, like Gecko) Chrome/137.0.7151.103 Mobile Safari/537.36 (compatible; GoogleOther)"
66.249.77.195 - - [09/Jul/2025:07:48:55 -0600] "GET /shopdetail/15051424 HTTP/1.1" 500 - "-" "Mozilla/5.0 (compatible; Googlebot/2.1; +http://www.google.com/bot.html)"
52.167.144.216 - - [09/Jul/2025:07:48:59 -0600] "GET /shopdetail/7656780 HTTP/1.1" 500 - "-" "Mozilla/5.0 AppleWebKit/537.36 (KHTML, like Gecko; compatible; bingbot/2.0; +http://www.bing.com/bingbot.htm) Chrome/116.0.1938.76 Safari/537.36"
66.249.77.195 - - [09/Jul/2025:07:48:59 -0600] "GET /zhHant/product/surugaya/20762602?campaign_uid=f64d716db5e979ed2f947dbaf4296895b951ae7f HTTP/1.1" 500 - "-" "Mozilla/5.0 (Linux; Android 6.0.1; Nexus 5X Build/MMB29P) AppleWebKit/537.36 (KHTML, like Gecko) Chrome/137.0.7151.103 Mobile Safari/537.36 (compatible; Googlebot/2.1; +http://www.google.com/bot.html)"
52.167.144.216 - - [09/Jul/2025:07:48:59 -0600] "GET /shopdetail/30066724 HTTP/1.1" 500 - "-" "Mozilla/5.0 AppleWebKit/537.36 (KHTML, like Gecko; compatible; bingbot/2.0; +http://www.bing.com/bingbot.htm) Chrome/116.0.1938.76 Safari/537.36"
40.77.167.156 - - [09/Jul/2025:07:49:00 -0600] "GET /shopdetail/28024946 HTTP/1.1" 500 - "-" "Mozilla/5.0 AppleWebKit/537.36 (KHTML, like Gecko; compatible; bingbot/2.0; +http://www.bing.com/bingbot.htm) Chrome/116.0.1938.76 Safari/537.36"
52.167.144.24 - - [09/Jul/2025:07:49:02 -0600] "GET /shopdetail/29002224 HTTP/1.1" 500 - "-" "Mozilla/5.0 AppleWebKit/537.36 (KHTML, like Gecko; compatible; bingbot/2.0; +http://www.bing.com/bingbot.htm) Chrome/116.0.1938.76 Safari/537.36"
52.167.144.225 - - [09/Jul/2025:07:49:03 -0600] "GET /shopdetail/7874602 HTTP/1.1" 500 - "-" "Mozilla/5.0 AppleWebKit/537.36 (KHTML, like Gecko; compatible; bingbot/2.0; +http://www.bing.com/bingbot.htm) Chrome/116.0.1938.76 Safari/537.36"
52.167.144.24 - - [09/Jul/2025:07:49:04 -0600] "GET /shopdetail/10319368 HTTP/1.1" 500 - "-" "Mozilla/5.0 AppleWebKit/537.36 (KHTML, like Gecko; compatible; bingbot/2.0; +http://www.bing.com/bingbot.htm) Chrome/116.0.1938.76 Safari/537.36"
52.167.144.24 - - [09/Jul/2025:07:49:05 -0600] "GET /pcmypage?callback=/product%2Fdetail%2F62629615 HTTP/1.1" 500 - "-" "Mozilla/5.0 AppleWebKit/537.36 (KHTML, like Gecko; compatible; bingbot/2.0; +http://www.bing.com/bingbot.htm) Chrome/116.0.1938.76 Safari/537.36"
52.167.144.206 - - [09/Jul/2025:07:49:12 -0600] "GET /shopdetail/2307579 HTTP/1.1" 500 - "-" "Mozilla/5.0 AppleWebKit/537.36 (KHTML, like Gecko; compatible; bingbot/2.0; +http://www.bing.com/bingbot.htm) Chrome/116.0.1938.76 Safari/537.36"
66.249.77.195 - - [09/Jul/2025:07:49:13 -0600] "GET /shopdetail/23690079 HTTP/1.1" 500 - "-" "Mozilla/5.0 (Linux; Android 6.0.1; Nexus 5X Build/MMB29P) AppleWebKit/537.36 (KHTML, like Gecko) Chrome/137.0.7151.103 Mobile Safari/537.36 (compatible; GoogleOther)"
66.249.77.195 - - [09/Jul/2025:07:49:15 -0600] "GET /shopdetail/20213346 HTTP/1.1" 500 - "-" "Mozilla/5.0 (Linux; Android 6.0.1; Nexus 5X Build/MMB29P) AppleWebKit/537.36 (KHTML, like Gecko) Chrome/137.0.7151.103 Mobile Safari/537.36 (compatible; GoogleOther)"
66.249.77.195 - - [09/Jul/2025:07:49:19 -0600] "GET /shopdetail/15336024 HTTP/1.1" 500 - "-" "Mozilla/5.0 (Linux; Android 6.0.1; Nexus 5X Build/MMB29P) AppleWebKit/537.36 (KHTML, like Gecko) Chrome/137.0.7151.103 Mobile Safari/537.36 (compatible; Googlebot/2.1; +http://www.google.com/bot.html)"
52.167.144.206 - - [09/Jul/2025:07:49:21 -0600] "GET /shopdetail/27479668 HTTP/1.1" 500 - "-" "Mozilla/5.0 AppleWebKit/537.36 (KHTML, like Gecko; compatible; bingbot/2.0; +http://www.bing.com/bingbot.htm) Chrome/116.0.1938.76 Safari/537.36"
216.73.216.84 - - [09/Jul/2025:07:49:24 -0600] "GET /wp-includes/sodium_compat/src/Core/?C=D&O=D HTTP/1.1" 200 4977 "-" "Mozilla/5.0 AppleWebKit/537.36 (KHTML, like Gecko; compatible; ClaudeBot/1.0; +claudebot@anthropic.com)"
216.73.216.84 - - [09/Jul/2025:07:49:24 -0600] "GET /wp-includes/sodium_compat/lib/?C=S&O=D HTTP/1.1" 200 2338 "-" "Mozilla/5.0 AppleWebKit/537.36 (KHTML, like Gecko; compatible; ClaudeBot/1.0; +claudebot@anthropic.com)"
216.73.216.84 - - [09/Jul/2025:07:49:24 -0600] "GET /wp-includes/sodium_compat/src/Core/?C=M&O=D HTTP/1.1" 200 4977 "-" "Mozilla/5.0 AppleWebKit/537.36 (KHTML, like Gecko; compatible; ClaudeBot/1.0; +claudebot@anthropic.com)"
216.73.216.84 - - [09/Jul/2025:07:49:24 -0600] "GET /wp-includes/js/tinymce/plugins/tabfocus/?C=D&O=A HTTP/1.1" 200 1057 "-" "Mozilla/5.0 AppleWebKit/537.36 (KHTML, like Gecko; compatible; ClaudeBot/1.0; +claudebot@anthropic.com)"
216.73.216.84 - - [09/Jul/2025:07:49:25 -0600] "GET /wp-includes/js/tinymce/plugins/colorpicker/?C=D&O=A HTTP/1.1" 200 1063 "-" "Mozilla/5.0 AppleWebKit/537.36 (KHTML, like Gecko; compatible; ClaudeBot/1.0; +claudebot@anthropic.com)"
216.73.216.84 - - [09/Jul/2025:07:49:25 -0600] "GET /wp-includes/Requests/src/Transport/?C=N&O=A HTTP/1.1" 200 1040 "-" "Mozilla/5.0 AppleWebKit/537.36 (KHTML, like Gecko; compatible; ClaudeBot/1.0; +claudebot@anthropic.com)"
40.77.167.156 - - [09/Jul/2025:07:49:30 -0600] "GET /shopdetail/8003913 HTTP/1.1" 500 - "-" "Mozilla/5.0 AppleWebKit/537.36 (KHTML, like Gecko; compatible; bingbot/2.0; +http://www.bing.com/bingbot.htm) Chrome/116.0.1938.76 Safari/537.36"
52.167.144.225 - - [09/Jul/2025:07:49:39 -0600] "GET /pcmypage?callback=product%2Fdetail%2F88290291 HTTP/1.1" 500 - "-" "Mozilla/5.0 AppleWebKit/537.36 (KHTML, like Gecko; compatible; bingbot/2.0; +http://www.bing.com/bingbot.htm) Chrome/116.0.1938.76 Safari/537.36"
66.249.77.195 - - [09/Jul/2025:07:49:44 -0600] "GET /shopdetail/24644180 HTTP/1.1" 500 - "-" "Mozilla/5.0 (Linux; Android 6.0.1; Nexus 5X Build/MMB29P) AppleWebKit/537.36 (KHTML, like Gecko) Chrome/137.0.7151.103 Mobile Safari/537.36 (compatible; GoogleOther)"
52.167.144.140 - - [09/Jul/2025:07:49:51 -0600] "GET /shopdetail/28850713 HTTP/1.1" 500 - "-" "Mozilla/5.0 AppleWebKit/537.36 (KHTML, like Gecko; compatible; bingbot/2.0; +http://www.bing.com/bingbot.htm) Chrome/116.0.1938.76 Safari/537.36"
66.249.77.195 - - [09/Jul/2025:07:49:52 -0600] "GET /shopdetail/4590080 HTTP/1.1" 500 - "-" "Mozilla/5.0 (compatible; Googlebot/2.1; +http://www.google.com/bot.html)"
66.249.77.195 - - [09/Jul/2025:07:49:53 -0600] "GET /shopdetail/18539168 HTTP/1.1" 500 - "-" "Mozilla/5.0 (Linux; Android 6.0.1; Nexus 5X Build/MMB29P) AppleWebKit/537.36 (KHTML, like Gecko) Chrome/137.0.7151.103 Mobile Safari/537.36 (compatible; Googlebot/2.1; +http://www.google.com/bot.html)"
66.249.77.195 - - [09/Jul/2025:07:49:54 -0600] "GET /shopdetail/18539168 HTTP/1.1" 500 - "-" "Mozilla/5.0 (compatible; Googlebot/2.1; +http://www.google.com/bot.html)"
66.249.77.195 - - [09/Jul/2025:07:49:55 -0600] "GET /shopdetail/17173780 HTTP/1.1" 500 - "-" "Mozilla/5.0 (Linux; Android 6.0.1; Nexus 5X Build/MMB29P) AppleWebKit/537.36 (KHTML, like Gecko) Chrome/137.0.7151.103 Mobile Safari/537.36 (compatible; Googlebot/2.1; +http://www.google.com/bot.html)"
66.249.77.195 - - [09/Jul/2025:07:49:56 -0600] "GET /shopdetail/27420313 HTTP/1.1" 500 - "-" "Mozilla/5.0 (Linux; Android 6.0.1; Nexus 5X Build/MMB29P) AppleWebKit/537.36 (KHTML, like Gecko) Chrome/137.0.7151.103 Mobile Safari/537.36 (compatible; GoogleOther)"
52.167.144.216 - - [09/Jul/2025:07:49:58 -0600] "GET /shopdetail/16214180 HTTP/1.1" 500 - "-" "Mozilla/5.0 AppleWebKit/537.36 (KHTML, like Gecko; compatible; bingbot/2.0; +http://www.bing.com/bingbot.htm) Chrome/116.0.1938.76 Safari/537.36"
52.167.144.216 - - [09/Jul/2025:07:49:59 -0600] "GET /shopdetail/14677013 HTTP/1.1" 500 - "-" "Mozilla/5.0 AppleWebKit/537.36 (KHTML, like Gecko; compatible; bingbot/2.0; +http://www.bing.com/bingbot.htm) Chrome/116.0.1938.76 Safari/537.36"
52.167.144.216 - - [09/Jul/2025:07:50:01 -0600] "GET /shopdetail/4953824 HTTP/1.1" 500 - "-" "Mozilla/5.0 AppleWebKit/537.36 (KHTML, like Gecko; compatible; bingbot/2.0; +http://www.bing.com/bingbot.htm) Chrome/116.0.1938.76 Safari/537.36"
52.167.144.206 - - [09/Jul/2025:07:50:02 -0600] "GET /shopdetail/7039402 HTTP/1.1" 500 - "-" "Mozilla/5.0 AppleWebKit/537.36 (KHTML, like Gecko; compatible; bingbot/2.0; +http://www.bing.com/bingbot.htm) Chrome/116.0.1938.76 Safari/537.36"
216.73.216.84 - - [09/Jul/2025:07:50:11 -0600] "GET /wp-includes/sodium_compat/src/Core32/Curve25519/?C=S&O=A HTTP/1.1" 200 1239 "-" "Mozilla/5.0 AppleWebKit/537.36 (KHTML, like Gecko; compatible; ClaudeBot/1.0; +claudebot@anthropic.com)"
216.73.216.84 - - [09/Jul/2025:07:50:11 -0600] "GET /wp-includes/js/dist/vendor/?C=S&O=D HTTP/1.1" 200 6567 "-" "Mozilla/5.0 AppleWebKit/537.36 (KHTML, like Gecko; compatible; ClaudeBot/1.0; +claudebot@anthropic.com)"
216.73.216.84 - - [09/Jul/2025:07:50:11 -0600] "GET /wp-includes/sodium_compat/src/Core/Base64/?C=D&O=A HTTP/1.1" 200 1066 "-" "Mozilla/5.0 AppleWebKit/537.36 (KHTML, like Gecko; compatible; ClaudeBot/1.0; +claudebot@anthropic.com)"
216.73.216.84 - - [09/Jul/2025:07:50:11 -0600] "GET /wp-includes/js/tinymce/plugins/hr/?C=M&O=A HTTP/1.1" 200 1045 "-" "Mozilla/5.0 AppleWebKit/537.36 (KHTML, like Gecko; compatible; ClaudeBot/1.0; +claudebot@anthropic.com)"
216.73.216.84 - - [09/Jul/2025:07:50:11 -0600] "GET /wp-includes/sodium_compat/src/Core/Base64/?C=M&O=A HTTP/1.1" 200 1066 "-" "Mozilla/5.0 AppleWebKit/537.36 (KHTML, like Gecko; compatible; ClaudeBot/1.0; +claudebot@anthropic.com)"
216.73.216.84 - - [09/Jul/2025:07:50:11 -0600] "GET /wp-includes/sodium_compat/src/Core32/SecretStream/?C=S&O=A HTTP/1.1" 200 902 "-" "Mozilla/5.0 AppleWebKit/537.36 (KHTML, like Gecko; compatible; ClaudeBot/1.0; +claudebot@anthropic.com)"
52.167.144.24 - - [09/Jul/2025:07:50:12 -0600] "GET /shopdetail/20346579 HTTP/1.1" 500 - "-" "Mozilla/5.0 AppleWebKit/537.36 (KHTML, like Gecko; compatible; bingbot/2.0; +http://www.bing.com/bingbot.htm) Chrome/116.0.1938.76 Safari/537.36"
52.167.144.225 - - [09/Jul/2025:07:50:13 -0600] "GET /shopdetail/14521479 HTTP/1.1" 500 - "-" "Mozilla/5.0 AppleWebKit/537.36 (KHTML, like Gecko; compatible; bingbot/2.0; +http://www.bing.com/bingbot.htm) Chrome/116.0.1938.76 Safari/537.36"
66.249.77.196 - - [09/Jul/2025:07:50:13 -0600] "GET /shopdetail/3227402 HTTP/1.1" 500 - "-" "Mozilla/5.0 (Linux; Android 6.0.1; Nexus 5X Build/MMB29P) AppleWebKit/537.36 (KHTML, like Gecko) Chrome/137.0.7151.103 Mobile Safari/537.36 (compatible; GoogleOther)"
66.249.77.197 - - [09/Jul/2025:07:50:14 -0600] "GET /shopdetail/8517379 HTTP/1.1" 500 - "-" "Mozilla/5.0 (Linux; Android 6.0.1; Nexus 5X Build/MMB29P) AppleWebKit/537.36 (KHTML, like Gecko) Chrome/137.0.7151.103 Mobile Safari/537.36 (compatible; Googlebot/2.1; +http://www.google.com/bot.html)"
52.167.144.206 - - [09/Jul/2025:07:50:21 -0600] "GET /shopdetail/16736979 HTTP/1.1" 500 - "-" "Mozilla/5.0 AppleWebKit/537.36 (KHTML, like Gecko; compatible; bingbot/2.0; +http://www.bing.com/bingbot.htm) Chrome/116.0.1938.76 Safari/537.36"
66.249.77.195 - - [09/Jul/2025:07:50:27 -0600] "GET /shopdetail/18144346 HTTP/1.1" 500 - "-" "Mozilla/5.0 (Linux; Android 6.0.1; Nexus 5X Build/MMB29P) AppleWebKit/537.36 (KHTML, like Gecko) Chrome/137.0.7151.103 Mobile Safari/537.36 (compatible; Googlebot/2.1; +http://www.google.com/bot.html)"
52.167.144.140 - - [09/Jul/2025:07:50:29 -0600] "GET /shopdetail/7844080 HTTP/1.1" 500 - "-" "Mozilla/5.0 AppleWebKit/537.36 (KHTML, like Gecko; compatible; bingbot/2.0; +http://www.bing.com/bingbot.htm) Chrome/116.0.1938.76 Safari/537.36"
66.249.77.195 - - [09/Jul/2025:07:50:30 -0600] "GET /shopdetail/17011824 HTTP/1.1" 500 - "-" "Mozilla/5.0 (Linux; Android 6.0.1; Nexus 5X Build/MMB29P) AppleWebKit/537.36 (KHTML, like Gecko) Chrome/137.0.7151.103 Mobile Safari/537.36 (compatible; GoogleOther)"
52.167.144.140 - - [09/Jul/2025:07:50:30 -0600] "GET /shopdetail/24349057 HTTP/1.1" 500 - "-" "Mozilla/5.0 AppleWebKit/537.36 (KHTML, like Gecko; compatible; bingbot/2.0; +http://www.bing.com/bingbot.htm) Chrome/116.0.1938.76 Safari/537.36"
52.167.144.206 - - [09/Jul/2025:07:50:31 -0600] "GET /shopdetail/10257735 HTTP/1.1" 500 - "-" "Mozilla/5.0 AppleWebKit/537.36 (KHTML, like Gecko; compatible; bingbot/2.0; +http://www.bing.com/bingbot.htm) Chrome/116.0.1938.76 Safari/537.36"
66.249.77.195 - - [09/Jul/2025:07:50:36 -0600] "GET /shopdetail/8614246 HTTP/1.1" 500 - "-" "Mozilla/5.0 (compatible; Googlebot/2.1; +http://www.google.com/bot.html)"
66.249.77.195 - - [09/Jul/2025:07:50:39 -0600] "GET /shopdetail/7726535 HTTP/1.1" 500 - "-" "Mozilla/5.0 (Linux; Android 6.0.1; Nexus 5X Build/MMB29P) AppleWebKit/537.36 (KHTML, like Gecko) Chrome/137.0.7151.103 Mobile Safari/537.36 (compatible; GoogleOther)"
52.167.144.18 - - [09/Jul/2025:07:50:39 -0600] "GET /shopdetail/2187124 HTTP/1.1" 500 - "-" "Mozilla/5.0 AppleWebKit/537.36 (KHTML, like Gecko; compatible; bingbot/2.0; +http://www.bing.com/bingbot.htm) Chrome/116.0.1938.76 Safari/537.36"
52.167.144.18 - - [09/Jul/2025:07:50:40 -0600] "GET /shopdetail/24727579 HTTP/1.1" 500 - "-" "Mozilla/5.0 AppleWebKit/537.36 (KHTML, like Gecko; compatible; bingbot/2.0; +http://www.bing.com/bingbot.htm) Chrome/116.0.1938.76 Safari/537.36"
52.167.144.225 - - [09/Jul/2025:07:50:41 -0600] "GET /shopdetail/23021857 HTTP/1.1" 500 - "-" "Mozilla/5.0 AppleWebKit/537.36 (KHTML, like Gecko; compatible; bingbot/2.0; +http://www.bing.com/bingbot.htm) Chrome/116.0.1938.76 Safari/537.36"
52.167.144.24 - - [09/Jul/2025:07:50:43 -0600] "GET /shopdetail/3514691 HTTP/1.1" 500 - "-" "Mozilla/5.0 AppleWebKit/537.36 (KHTML, like Gecko; compatible; bingbot/2.0; +http://www.bing.com/bingbot.htm) Chrome/116.0.1938.76 Safari/537.36"
66.249.77.195 - - [09/Jul/2025:07:50:44 -0600] "GET /shopdetail/3031557 HTTP/1.1" 500 - "-" "Mozilla/5.0 (Linux; Android 6.0.1; Nexus 5X Build/MMB29P) AppleWebKit/537.36 (KHTML, like Gecko) Chrome/137.0.7151.103 Mobile Safari/537.36 (compatible; GoogleOther)"
40.77.167.156 - - [09/Jul/2025:07:50:47 -0600] "GET /shopdetail/25944402 HTTP/1.1" 500 - "-" "Mozilla/5.0 AppleWebKit/537.36 (KHTML, like Gecko; compatible; bingbot/2.0; +http://www.bing.com/bingbot.htm) Chrome/116.0.1938.76 Safari/537.36"
52.167.144.225 - - [09/Jul/2025:07:50:51 -0600] "GET /shopdetail/14592568 HTTP/1.1" 500 - "-" "Mozilla/5.0 AppleWebKit/537.36 (KHTML, like Gecko; compatible; bingbot/2.0; +http://www.bing.com/bingbot.htm) Chrome/116.0.1938.76 Safari/537.36"
52.167.144.206 - - [09/Jul/2025:07:50:52 -0600] "GET /shopdetail/15794180 HTTP/1.1" 500 - "-" "Mozilla/5.0 AppleWebKit/537.36 (KHTML, like Gecko; compatible; bingbot/2.0; +http://www.bing.com/bingbot.htm) Chrome/116.0.1938.76 Safari/537.36"
52.167.144.206 - - [09/Jul/2025:07:50:53 -0600] "GET /shopdetail/11111302 HTTP/1.1" 500 - "-" "Mozilla/5.0 AppleWebKit/537.36 (KHTML, like Gecko; compatible; bingbot/2.0; +http://www.bing.com/bingbot.htm) Chrome/116.0.1938.76 Safari/537.36"
216.73.216.84 - - [09/Jul/2025:07:50:54 -0600] "GET /wp-includes/js/tinymce/plugins/hr/?C=D&O=A HTTP/1.1" 200 1045 "-" "Mozilla/5.0 AppleWebKit/537.36 (KHTML, like Gecko; compatible; ClaudeBot/1.0; +claudebot@anthropic.com)"
216.73.216.84 - - [09/Jul/2025:07:50:54 -0600] "GET /wp-includes/sodium_compat/src/Core/AES/?C=M&O=A HTTP/1.1" 200 1241 "-" "Mozilla/5.0 AppleWebKit/537.36 (KHTML, like Gecko; compatible; ClaudeBot/1.0; +claudebot@anthropic.com)"
216.73.216.84 - - [09/Jul/2025:07:50:54 -0600] "GET /wp-includes/sodium_compat/src/Core32/?C=D&O=D HTTP/1.1" 200 4094 "-" "Mozilla/5.0 AppleWebKit/537.36 (KHTML, like Gecko; compatible; ClaudeBot/1.0; +claudebot@anthropic.com)"
216.73.216.84 - - [09/Jul/2025:07:50:54 -0600] "GET /wp-includes/SimplePie/src/Parse/?C=N&O=A HTTP/1.1" 200 854 "-" "Mozilla/5.0 AppleWebKit/537.36 (KHTML, like Gecko; compatible; ClaudeBot/1.0; +claudebot@anthropic.com)"
216.73.216.84 - - [09/Jul/2025:07:50:54 -0600] "GET /wp-includes/sodium_compat/src/Core32/ChaCha20/?C=M&O=A HTTP/1.1" 200 1071 "-" "Mozilla/5.0 AppleWebKit/537.36 (KHTML, like Gecko; compatible; ClaudeBot/1.0; +claudebot@anthropic.com)"
216.73.216.84 - - [09/Jul/2025:07:50:54 -0600] "GET /wp-includes/sodium_compat/src/Core/Poly1305/?C=S&O=A HTTP/1.1" 200 888 "-" "Mozilla/5.0 AppleWebKit/537.36 (KHTML, like Gecko; compatible; ClaudeBot/1.0; +claudebot@anthropic.com)"
52.167.144.18 - - [09/Jul/2025:07:50:59 -0600] "GET /shopdetail/1640479 HTTP/1.1" 500 - "-" "Mozilla/5.0 AppleWebKit/537.36 (KHTML, like Gecko; compatible; bingbot/2.0; +http://www.bing.com/bingbot.htm) Chrome/116.0.1938.76 Safari/537.36"
52.167.144.18 - - [09/Jul/2025:07:50:59 -0600] "GET /shopdetail/12649246 HTTP/1.1" 500 - "-" "Mozilla/5.0 AppleWebKit/537.36 (KHTML, like Gecko; compatible; bingbot/2.0; +http://www.bing.com/bingbot.htm) Chrome/116.0.1938.76 Safari/537.36"
52.167.144.140 - - [09/Jul/2025:07:51:01 -0600] "GET /shopdetail/28968668 HTTP/1.1" 500 - "-" "Mozilla/5.0 AppleWebKit/537.36 (KHTML, like Gecko; compatible; bingbot/2.0; +http://www.bing.com/bingbot.htm) Chrome/116.0.1938.76 Safari/537.36"
52.167.144.24 - - [09/Jul/2025:07:51:03 -0600] "GET /shopdetail/28404491 HTTP/1.1" 500 - "-" "Mozilla/5.0 AppleWebKit/537.36 (KHTML, like Gecko; compatible; bingbot/2.0; +http://www.bing.com/bingbot.htm) Chrome/116.0.1938.76 Safari/537.36"
52.167.144.24 - - [09/Jul/2025:07:51:03 -0600] "GET /shopdetail/25075179 HTTP/1.1" 500 - "-" "Mozilla/5.0 AppleWebKit/537.36 (KHTML, like Gecko; compatible; bingbot/2.0; +http://www.bing.com/bingbot.htm) Chrome/116.0.1938.76 Safari/537.36"
40.77.167.156 - - [09/Jul/2025:07:51:07 -0600] "GET /shopdetail/16336580 HTTP/1.1" 500 - "-" "Mozilla/5.0 AppleWebKit/537.36 (KHTML, like Gecko; compatible; bingbot/2.0; +http://www.bing.com/bingbot.htm) Chrome/116.0.1938.76 Safari/537.36"
66.249.77.196 - - [09/Jul/2025:07:51:08 -0600] "GET /shopdetail/25772468 HTTP/1.1" 500 - "-" "Mozilla/5.0 (Linux; Android 6.0.1; Nexus 5X Build/MMB29P) AppleWebKit/537.36 (KHTML, like Gecko) Chrome/137.0.7151.103 Mobile Safari/537.36 (compatible; Googlebot/2.1; +http://www.google.com/bot.html)"
66.249.77.195 - - [09/Jul/2025:07:51:14 -0600] "GET /shopdetail/15031257 HTTP/1.1" 500 - "-" "Mozilla/5.0 (Linux; Android 6.0.1; Nexus 5X Build/MMB29P) AppleWebKit/537.36 (KHTML, like Gecko) Chrome/137.0.7151.103 Mobile Safari/537.36 (compatible; GoogleOther)"
66.249.77.195 - - [09/Jul/2025:07:51:16 -0600] "GET /shopdetail/24000746 HTTP/1.1" 500 - "-" "Mozilla/5.0 (Linux; Android 6.0.1; Nexus 5X Build/MMB29P) AppleWebKit/537.36 (KHTML, like Gecko) Chrome/137.0.7151.103 Mobile Safari/537.36 (compatible; Googlebot/2.1; +http://www.google.com/bot.html)"
66.249.77.195 - - [09/Jul/2025:07:51:22 -0600] "GET /shopdetail/21085224 HTTP/1.1" 500 - "-" "Mozilla/5.0 (Linux; Android 6.0.1; Nexus 5X Build/MMB29P) AppleWebKit/537.36 (KHTML, like Gecko) Chrome/137.0.7151.103 Mobile Safari/537.36 (compatible; GoogleOther)"
52.167.144.24 - - [09/Jul/2025:07:51:23 -0600] "GET /shopdetail/24352491 HTTP/1.1" 500 - "-" "Mozilla/5.0 AppleWebKit/537.36 (KHTML, like Gecko; compatible; bingbot/2.0; +http://www.bing.com/bingbot.htm) Chrome/116.0.1938.76 Safari/537.36"
66.249.77.195 - - [09/Jul/2025:07:51:29 -0600] "GET /shopdetail/796891 HTTP/1.1" 500 - "-" "Mozilla/5.0 (Linux; Android 6.0.1; Nexus 5X Build/MMB29P) AppleWebKit/537.36 (KHTML, like Gecko) Chrome/137.0.7151.103 Mobile Safari/537.36 (compatible; Googlebot/2.1; +http://www.google.com/bot.html)"
40.77.167.156 - - [09/Jul/2025:07:51:29 -0600] "GET /shopdetail/28541480 HTTP/1.1" 500 - "-" "Mozilla/5.0 AppleWebKit/537.36 (KHTML, like Gecko; compatible; bingbot/2.0; +http://www.bing.com/bingbot.htm) Chrome/116.0.1938.76 Safari/537.36"
40.77.167.156 - - [09/Jul/2025:07:51:31 -0600] "GET /shopdetail/21283224 HTTP/1.1" 500 - "-" "Mozilla/5.0 AppleWebKit/537.36 (KHTML, like Gecko; compatible; bingbot/2.0; +http://www.bing.com/bingbot.htm) Chrome/116.0.1938.76 Safari/537.36"
40.77.167.156 - - [09/Jul/2025:07:51:31 -0600] "GET /shopdetail/7852446 HTTP/1.1" 500 - "-" "Mozilla/5.0 AppleWebKit/537.36 (KHTML, like Gecko; compatible; bingbot/2.0; +http://www.bing.com/bingbot.htm) Chrome/116.0.1938.76 Safari/537.36"
52.167.144.206 - - [09/Jul/2025:07:51:31 -0600] "GET /shopdetail/17176768 HTTP/1.1" 500 - "-" "Mozilla/5.0 AppleWebKit/537.36 (KHTML, like Gecko; compatible; bingbot/2.0; +http://www.bing.com/bingbot.htm) Chrome/116.0.1938.76 Safari/537.36"
52.167.144.140 - - [09/Jul/2025:07:51:41 -0600] "GET /shopdetail/6619357 HTTP/1.1" 500 - "-" "Mozilla/5.0 AppleWebKit/537.36 (KHTML, like Gecko; compatible; bingbot/2.0; +http://www.bing.com/bingbot.htm) Chrome/116.0.1938.76 Safari/537.36"
52.167.144.140 - - [09/Jul/2025:07:51:43 -0600] "GET /shopdetail/15883935 HTTP/1.1" 500 - "-" "Mozilla/5.0 AppleWebKit/537.36 (KHTML, like Gecko; compatible; bingbot/2.0; +http://www.bing.com/bingbot.htm) Chrome/116.0.1938.76 Safari/537.36"
66.249.77.195 - - [09/Jul/2025:07:51:44 -0600] "GET /shopdetail/17692902 HTTP/1.1" 500 - "-" "Mozilla/5.0 (Linux; Android 6.0.1; Nexus 5X Build/MMB29P) AppleWebKit/537.36 (KHTML, like Gecko) Chrome/137.0.7151.103 Mobile Safari/537.36 (compatible; GoogleOther)"
52.167.144.18 - - [09/Jul/2025:07:51:47 -0600] "GET /shopdetail/13639235 HTTP/1.1" 500 - "-" "Mozilla/5.0 AppleWebKit/537.36 (KHTML, like Gecko; compatible; bingbot/2.0; +http://www.bing.com/bingbot.htm) Chrome/116.0.1938.76 Safari/537.36"
66.249.77.195 - - [09/Jul/2025:07:51:47 -0600] "GET /shopdetail/20983379 HTTP/1.1" 500 - "-" "Mozilla/5.0 (Linux; Android 6.0.1; Nexus 5X Build/MMB29P) AppleWebKit/537.36 (KHTML, like Gecko) Chrome/137.0.7151.103 Mobile Safari/537.36 (compatible; Googlebot/2.1; +http://www.google.com/bot.html)"
216.73.216.84 - - [09/Jul/2025:07:51:54 -0600] "GET /wp-includes/sodium_compat/src/Core/SecretStream/?C=D&O=A HTTP/1.1" 200 896 "-" "Mozilla/5.0 AppleWebKit/537.36 (KHTML, like Gecko; compatible; ClaudeBot/1.0; +claudebot@anthropic.com)"
216.73.216.84 - - [09/Jul/2025:07:51:55 -0600] "GET /wp-includes/js/tinymce/skins/?C=M&O=D HTTP/1.1" 200 1025 "-" "Mozilla/5.0 AppleWebKit/537.36 (KHTML, like Gecko; compatible; ClaudeBot/1.0; +claudebot@anthropic.com)"
216.73.216.84 - - [09/Jul/2025:07:51:55 -0600] "GET /wp-includes/sodium_compat/src/Core/AES/?C=D&O=A HTTP/1.1" 200 1241 "-" "Mozilla/5.0 AppleWebKit/537.36 (KHTML, like Gecko; compatible; ClaudeBot/1.0; +claudebot@anthropic.com)"
216.73.216.84 - - [09/Jul/2025:07:51:55 -0600] "GET /wp-includes/sodium_compat/src/Core/SecretStream/?C=M&O=A HTTP/1.1" 200 896 "-" "Mozilla/5.0 AppleWebKit/537.36 (KHTML, like Gecko; compatible; ClaudeBot/1.0; +claudebot@anthropic.com)"
216.73.216.84 - - [09/Jul/2025:07:51:55 -0600] "GET /wp-includes/SimplePie/src/Content/?C=N&O=A HTTP/1.1" 200 855 "-" "Mozilla/5.0 AppleWebKit/537.36 (KHTML, like Gecko; compatible; ClaudeBot/1.0; +claudebot@anthropic.com)"
216.73.216.84 - - [09/Jul/2025:07:51:55 -0600] "GET /wp-includes/sodium_compat/src/Core32/ChaCha20/?C=D&O=A HTTP/1.1" 200 1071 "-" "Mozilla/5.0 AppleWebKit/537.36 (KHTML, like Gecko; compatible; ClaudeBot/1.0; +claudebot@anthropic.com)"
40.77.167.156 - - [09/Jul/2025:07:52:00 -0600] "GET /shopdetail/21649835 HTTP/1.1" 500 - "-" "Mozilla/5.0 AppleWebKit/537.36 (KHTML, like Gecko; compatible; bingbot/2.0; +http://www.bing.com/bingbot.htm) Chrome/116.0.1938.76 Safari/537.36"
40.77.167.156 - - [09/Jul/2025:07:52:01 -0600] "GET /shopdetail/24102913 HTTP/1.1" 500 - "-" "Mozilla/5.0 AppleWebKit/537.36 (KHTML, like Gecko; compatible; bingbot/2.0; +http://www.bing.com/bingbot.htm) Chrome/116.0.1938.76 Safari/537.36"
40.77.167.156 - - [09/Jul/2025:07:52:01 -0600] "GET /shopdetail/20867457 HTTP/1.1" 500 - "-" "Mozilla/5.0 AppleWebKit/537.36 (KHTML, like Gecko; compatible; bingbot/2.0; +http://www.bing.com/bingbot.htm) Chrome/116.0.1938.76 Safari/537.36"
40.77.167.156 - - [09/Jul/2025:07:52:02 -0600] "GET /shopdetail/14372268 HTTP/1.1" 500 - "-" "Mozilla/5.0 AppleWebKit/537.36 (KHTML, like Gecko; compatible; bingbot/2.0; +http://www.bing.com/bingbot.htm) Chrome/116.0.1938.76 Safari/537.36"
66.249.77.195 - - [09/Jul/2025:07:52:04 -0600] "GET /shopdetail/12145191 HTTP/1.1" 500 - "-" "Mozilla/5.0 (Linux; Android 6.0.1; Nexus 5X Build/MMB29P) AppleWebKit/537.36 (KHTML, like Gecko) Chrome/137.0.7151.103 Mobile Safari/537.36 (compatible; Googlebot/2.1; +http://www.google.com/bot.html)"
52.167.144.18 - - [09/Jul/2025:07:52:09 -0600] "GET /shopdetail/13334635 HTTP/1.1" 500 - "-" "Mozilla/5.0 AppleWebKit/537.36 (KHTML, like Gecko; compatible; bingbot/2.0; +http://www.bing.com/bingbot.htm) Chrome/116.0.1938.76 Safari/537.36"
52.167.144.140 - - [09/Jul/2025:07:52:12 -0600] "GET /shopdetail/24964446 HTTP/1.1" 500 - "-" "Mozilla/5.0 AppleWebKit/537.36 (KHTML, like Gecko; compatible; bingbot/2.0; +http://www.bing.com/bingbot.htm) Chrome/116.0.1938.76 Safari/537.36"
52.167.144.24 - - [09/Jul/2025:07:52:15 -0600] "GET /shopdetail/3519980 HTTP/1.1" 500 - "-" "Mozilla/5.0 AppleWebKit/537.36 (KHTML, like Gecko; compatible; bingbot/2.0; +http://www.bing.com/bingbot.htm) Chrome/116.0.1938.76 Safari/537.36"
216.73.216.84 - - [09/Jul/2025:07:52:30 -0600] "GET /wp-includes/sodium_compat/src/Core32/SecretStream/?C=D&O=A HTTP/1.1" 200 902 "-" "Mozilla/5.0 AppleWebKit/537.36 (KHTML, like Gecko; compatible; ClaudeBot/1.0; +claudebot@anthropic.com)"
216.73.216.84 - - [09/Jul/2025:07:52:30 -0600] "GET /wp-includes/sodium_compat/src/Core/?C=N&O=A HTTP/1.1" 200 4977 "-" "Mozilla/5.0 AppleWebKit/537.36 (KHTML, like Gecko; compatible; ClaudeBot/1.0; +claudebot@anthropic.com)"
216.73.216.84 - - [09/Jul/2025:07:52:31 -0600] "GET /wp-includes/sodium_compat/src/Core32/SecretStream/?C=M&O=A HTTP/1.1" 200 902 "-" "Mozilla/5.0 AppleWebKit/537.36 (KHTML, like Gecko; compatible; ClaudeBot/1.0; +claudebot@anthropic.com)"
216.73.216.84 - - [09/Jul/2025:07:52:31 -0600] "GET /sitemap811.xml HTTP/1.1" 500 - "-" "Mozilla/5.0 AppleWebKit/537.36 (KHTML, like Gecko; compatible; ClaudeBot/1.0; +claudebot@anthropic.com)"
216.73.216.84 - - [09/Jul/2025:07:52:31 -0600] "GET /wp-includes/js/tinymce/themes/inlite/?C=S&O=A HTTP/1.1" 200 1048 "-" "Mozilla/5.0 AppleWebKit/537.36 (KHTML, like Gecko; compatible; ClaudeBot/1.0; +claudebot@anthropic.com)"
216.73.216.84 - - [09/Jul/2025:07:52:31 -0600] "GET /wp-includes/SimplePie/src/Net/?C=N&O=A HTTP/1.1" 200 850 "-" "Mozilla/5.0 AppleWebKit/537.36 (KHTML, like Gecko; compatible; ClaudeBot/1.0; +claudebot@anthropic.com)"
66.249.77.196 - - [09/Jul/2025:07:52:31 -0600] "GET /shopdetail/17331479 HTTP/1.1" 500 - "-" "Mozilla/5.0 (Linux; Android 6.0.1; Nexus 5X Build/MMB29P) AppleWebKit/537.36 (KHTML, like Gecko) Chrome/137.0.7151.103 Mobile Safari/537.36 (compatible; Googlebot/2.1; +http://www.google.com/bot.html)"
52.167.144.18 - - [09/Jul/2025:07:52:38 -0600] "GET /shopdetail/10980480 HTTP/1.1" 500 - "-" "Mozilla/5.0 AppleWebKit/537.36 (KHTML, like Gecko; compatible; bingbot/2.0; +http://www.bing.com/bingbot.htm) Chrome/116.0.1938.76 Safari/537.36"
66.249.77.195 - - [09/Jul/2025:07:52:39 -0600] "GET /shopdetail/4599979 HTTP/1.1" 500 - "-" "Mozilla/5.0 (compatible; Googlebot/2.1; +http://www.google.com/bot.html)"
40.77.167.156 - - [09/Jul/2025:07:52:39 -0600] "GET /safe_search/config?return_url=%2Fproduct%2Fdetail%2F12206458 HTTP/1.1" 500 - "-" "Mozilla/5.0 AppleWebKit/537.36 (KHTML, like Gecko; compatible; bingbot/2.0; +http://www.bing.com/bingbot.htm) Chrome/116.0.1938.76 Safari/537.36"
52.167.144.18 - - [09/Jul/2025:07:52:41 -0600] "GET /shopdetail/22499779 HTTP/1.1" 500 - "-" "Mozilla/5.0 AppleWebKit/537.36 (KHTML, like Gecko; compatible; bingbot/2.0; +http://www.bing.com/bingbot.htm) Chrome/116.0.1938.76 Safari/537.36"
66.249.77.195 - - [09/Jul/2025:07:52:42 -0600] "GET /shopdetail/6311924 HTTP/1.1" 500 - "-" "Mozilla/5.0 (Linux; Android 6.0.1; Nexus 5X Build/MMB29P) AppleWebKit/537.36 (KHTML, like Gecko) Chrome/137.0.7151.103 Mobile Safari/537.36 (compatible; Googlebot/2.1; +http://www.google.com/bot.html)"
52.167.144.206 - - [09/Jul/2025:07:52:42 -0600] "GET /shopdetail/16694957 HTTP/1.1" 500 - "-" "Mozilla/5.0 AppleWebKit/537.36 (KHTML, like Gecko; compatible; bingbot/2.0; +http://www.bing.com/bingbot.htm) Chrome/116.0.1938.76 Safari/537.36"
66.249.77.195 - - [09/Jul/2025:07:52:44 -0600] "GET /shopdetail/13503291 HTTP/1.1" 500 - "-" "Mozilla/5.0 (Linux; Android 6.0.1; Nexus 5X Build/MMB29P) AppleWebKit/537.36 (KHTML, like Gecko) Chrome/137.0.7151.103 Mobile Safari/537.36 (compatible; GoogleOther)"
66.249.77.195 - - [09/Jul/2025:07:52:49 -0600] "GET /shopdetail/16026157 HTTP/1.1" 500 - "-" "Mozilla/5.0 (Linux; Android 6.0.1; Nexus 5X Build/MMB29P) AppleWebKit/537.36 (KHTML, like Gecko) Chrome/137.0.7151.103 Mobile Safari/537.36 (compatible; Googlebot/2.1; +http://www.google.com/bot.html)"
66.249.77.195 - - [09/Jul/2025:07:52:50 -0600] "GET /shopdetail/13787457 HTTP/1.1" 500 - "-" "Mozilla/5.0 (compatible; Googlebot/2.1; +http://www.google.com/bot.html)"
40.77.167.156 - - [09/Jul/2025:07:52:57 -0600] "GET /shopdetail/25252046 HTTP/1.1" 500 - "-" "Mozilla/5.0 AppleWebKit/537.36 (KHTML, like Gecko; compatible; bingbot/2.0; +http://www.bing.com/bingbot.htm) Chrome/116.0.1938.76 Safari/537.36"
52.167.144.140 - - [09/Jul/2025:07:53:12 -0600] "GET /pcmypage?callback=product%2Fdetail%2F54740373 HTTP/1.1" 500 - "-" "Mozilla/5.0 AppleWebKit/537.36 (KHTML, like Gecko; compatible; bingbot/2.0; +http://www.bing.com/bingbot.htm) Chrome/116.0.1938.76 Safari/537.36"
52.167.144.206 - - [09/Jul/2025:07:53:13 -0600] "GET /shopdetail/2965480 HTTP/1.1" 500 - "-" "Mozilla/5.0 AppleWebKit/537.36 (KHTML, like Gecko; compatible; bingbot/2.0; +http://www.bing.com/bingbot.htm) Chrome/116.0.1938.76 Safari/537.36"
52.167.144.140 - - [09/Jul/2025:07:53:13 -0600] "GET /shopdetail/18845702 HTTP/1.1" 500 - "-" "Mozilla/5.0 AppleWebKit/537.36 (KHTML, like Gecko; compatible; bingbot/2.0; +http://www.bing.com/bingbot.htm) Chrome/116.0.1938.76 Safari/537.36"
52.167.144.140 - - [09/Jul/2025:07:53:14 -0600] "GET /shopdetail/17158079 HTTP/1.1" 500 - "-" "Mozilla/5.0 AppleWebKit/537.36 (KHTML, like Gecko; compatible; bingbot/2.0; +http://www.bing.com/bingbot.htm) Chrome/116.0.1938.76 Safari/537.36"
66.249.77.195 - - [09/Jul/2025:07:53:14 -0600] "GET /shopdetail/8907791 HTTP/1.1" 500 - "-" "Mozilla/5.0 (Linux; Android 6.0.1; Nexus 5X Build/MMB29P) AppleWebKit/537.36 (KHTML, like Gecko) Chrome/137.0.7151.103 Mobile Safari/537.36 (compatible; GoogleOther)"
52.167.144.225 - - [09/Jul/2025:07:53:19 -0600] "GET /pcmypage?callback=product%2Fdetail%2F43467912 HTTP/1.1" 500 - "-" "Mozilla/5.0 AppleWebKit/537.36 (KHTML, like Gecko; compatible; bingbot/2.0; +http://www.bing.com/bingbot.htm) Chrome/116.0.1938.76 Safari/537.36"
52.167.144.225 - - [09/Jul/2025:07:53:19 -0600] "GET /pcmypage?callback=product%2Fdetail%2F16145641 HTTP/1.1" 500 - "-" "Mozilla/5.0 AppleWebKit/537.36 (KHTML, like Gecko; compatible; bingbot/2.0; +http://www.bing.com/bingbot.htm) Chrome/116.0.1938.76 Safari/537.36"
52.167.144.225 - - [09/Jul/2025:07:53:20 -0600] "GET /shopdetail/23051146 HTTP/1.1" 500 - "-" "Mozilla/5.0 AppleWebKit/537.36 (KHTML, like Gecko; compatible; bingbot/2.0; +http://www.bing.com/bingbot.htm) Chrome/116.0.1938.76 Safari/537.36"
216.73.216.84 - - [09/Jul/2025:07:53:20 -0600] "GET /wp-includes/sodium_compat/lib/?C=D&O=D HTTP/1.1" 200 2338 "-" "Mozilla/5.0 AppleWebKit/537.36 (KHTML, like Gecko; compatible; ClaudeBot/1.0; +claudebot@anthropic.com)"
216.73.216.84 - - [09/Jul/2025:07:53:20 -0600] "GET /wp-includes/sodium_compat/src/Core32/?C=N&O=A HTTP/1.1" 200 4094 "-" "Mozilla/5.0 AppleWebKit/537.36 (KHTML, like Gecko; compatible; ClaudeBot/1.0; +claudebot@anthropic.com)"
216.73.216.84 - - [09/Jul/2025:07:53:20 -0600] "GET /wp-includes/sodium_compat/src/Core32/Curve25519/?C=D&O=A HTTP/1.1" 200 1239 "-" "Mozilla/5.0 AppleWebKit/537.36 (KHTML, like Gecko; compatible; ClaudeBot/1.0; +claudebot@anthropic.com)"
216.73.216.84 - - [09/Jul/2025:07:53:21 -0600] "GET /wp-includes/sodium_compat/src/Core/Poly1305/?C=M&O=A HTTP/1.1" 200 888 "-" "Mozilla/5.0 AppleWebKit/537.36 (KHTML, like Gecko; compatible; ClaudeBot/1.0; +claudebot@anthropic.com)"
216.73.216.84 - - [09/Jul/2025:07:53:21 -0600] "GET /wp-includes/sodium_compat/lib/?C=M&O=D HTTP/1.1" 200 2338 "-" "Mozilla/5.0 AppleWebKit/537.36 (KHTML, like Gecko; compatible; ClaudeBot/1.0; +claudebot@anthropic.com)"
216.73.216.84 - - [09/Jul/2025:07:53:21 -0600] "GET /wp-includes/sodium_compat/src/Core32/Curve25519/?C=M&O=A HTTP/1.1" 200 1239 "-" "Mozilla/5.0 AppleWebKit/537.36 (KHTML, like Gecko; compatible; ClaudeBot/1.0; +claudebot@anthropic.com)"
52.167.144.225 - - [09/Jul/2025:07:53:32 -0600] "GET /shopdetail/21469224 HTTP/1.1" 500 - "-" "Mozilla/5.0 AppleWebKit/537.36 (KHTML, like Gecko; compatible; bingbot/2.0; +http://www.bing.com/bingbot.htm) Chrome/116.0.1938.76 Safari/537.36"
66.249.77.196 - - [09/Jul/2025:07:53:33 -0600] "GET /shopdetail/13365935 HTTP/1.1" 500 - "-" "Mozilla/5.0 (compatible; Googlebot/2.1; +http://www.google.com/bot.html)"
52.167.144.18 - - [09/Jul/2025:07:53:38 -0600] "GET /shopdetail/4832246 HTTP/1.1" 500 - "-" "Mozilla/5.0 AppleWebKit/537.36 (KHTML, like Gecko; compatible; bingbot/2.0; +http://www.bing.com/bingbot.htm) Chrome/116.0.1938.76 Safari/537.36"
52.167.144.18 - - [09/Jul/2025:07:53:40 -0600] "GET /shopdetail/18375635 HTTP/1.1" 500 - "-" "Mozilla/5.0 AppleWebKit/537.36 (KHTML, like Gecko; compatible; bingbot/2.0; +http://www.bing.com/bingbot.htm) Chrome/116.0.1938.76 Safari/537.36"
66.249.77.195 - - [09/Jul/2025:07:53:45 -0600] "GET /shopdetail/8498968 HTTP/1.1" 500 - "-" "Mozilla/5.0 (Linux; Android 6.0.1; Nexus 5X Build/MMB29P) AppleWebKit/537.36 (KHTML, like Gecko) Chrome/137.0.7151.103 Mobile Safari/537.36 (compatible; GoogleOther)"
52.167.144.225 - - [09/Jul/2025:07:53:51 -0600] "GET /shopdetail/12999268 HTTP/1.1" 500 - "-" "Mozilla/5.0 AppleWebKit/537.36 (KHTML, like Gecko; compatible; bingbot/2.0; +http://www.bing.com/bingbot.htm) Chrome/116.0.1938.76 Safari/537.36"
52.167.144.206 - - [09/Jul/2025:07:53:52 -0600] "GET /shopdetail/10174624 HTTP/1.1" 500 - "-" "Mozilla/5.0 AppleWebKit/537.36 (KHTML, like Gecko; compatible; bingbot/2.0; +http://www.bing.com/bingbot.htm) Chrome/116.0.1938.76 Safari/537.36"
40.77.167.156 - - [09/Jul/2025:07:53:59 -0600] "GET /shopdetail/7727735 HTTP/1.1" 500 - "-" "Mozilla/5.0 AppleWebKit/537.36 (KHTML, like Gecko; compatible; bingbot/2.0; +http://www.bing.com/bingbot.htm) Chrome/116.0.1938.76 Safari/537.36"
40.77.167.156 - - [09/Jul/2025:07:53:59 -0600] "GET /shopdetail/12148891 HTTP/1.1" 500 - "-" "Mozilla/5.0 AppleWebKit/537.36 (KHTML, like Gecko; compatible; bingbot/2.0; +http://www.bing.com/bingbot.htm) Chrome/116.0.1938.76 Safari/537.36"
40.77.167.156 - - [09/Jul/2025:07:54:00 -0600] "GET /shopdetail/27850613 HTTP/1.1" 500 - "-" "Mozilla/5.0 AppleWebKit/537.36 (KHTML, like Gecko; compatible; bingbot/2.0; +http://www.bing.com/bingbot.htm) Chrome/116.0.1938.76 Safari/537.36"
216.73.216.84 - - [09/Jul/2025:07:54:10 -0600] "GET /wp-includes/js/tinymce/themes/inlite/?C=D&O=A HTTP/1.1" 200 1048 "-" "Mozilla/5.0 AppleWebKit/537.36 (KHTML, like Gecko; compatible; ClaudeBot/1.0; +claudebot@anthropic.com)"
216.73.216.84 - - [09/Jul/2025:07:54:10 -0600] "GET /wp-includes/js/tinymce/themes/inlite/?C=M&O=A HTTP/1.1" 200 1048 "-" "Mozilla/5.0 AppleWebKit/537.36 (KHTML, like Gecko; compatible; ClaudeBot/1.0; +claudebot@anthropic.com)"
216.73.216.84 - - [09/Jul/2025:07:54:10 -0600] "GET /wp-includes/js/tinymce/skins/?C=N&O=A HTTP/1.1" 200 1025 "-" "Mozilla/5.0 AppleWebKit/537.36 (KHTML, like Gecko; compatible; ClaudeBot/1.0; +claudebot@anthropic.com)"
216.73.216.84 - - [09/Jul/2025:07:54:11 -0600] "GET /sitemap814.xml HTTP/1.1" 500 - "-" "Mozilla/5.0 AppleWebKit/537.36 (KHTML, like Gecko; compatible; ClaudeBot/1.0; +claudebot@anthropic.com)"
216.73.216.84 - - [09/Jul/2025:07:54:11 -0600] "GET /wp-includes/js/dist/vendor/?C=M&O=D HTTP/1.1" 200 6567 "-" "Mozilla/5.0 AppleWebKit/537.36 (KHTML, like Gecko; compatible; ClaudeBot/1.0; +claudebot@anthropic.com)"
216.73.216.84 - - [09/Jul/2025:07:54:11 -0600] "GET /wp-includes/sodium_compat/src/Core/Poly1305/?C=D&O=A HTTP/1.1" 200 888 "-" "Mozilla/5.0 AppleWebKit/537.36 (KHTML, like Gecko; compatible; ClaudeBot/1.0; +claudebot@anthropic.com)"
52.167.144.225 - - [09/Jul/2025:07:54:12 -0600] "GET /shopdetail/2330979 HTTP/1.1" 500 - "-" "Mozilla/5.0 AppleWebKit/537.36 (KHTML, like Gecko; compatible; bingbot/2.0; +http://www.bing.com/bingbot.htm) Chrome/116.0.1938.76 Safari/537.36"
66.249.77.196 - - [09/Jul/2025:07:54:15 -0600] "GET /shopdetail/19042157 HTTP/1.1" 500 - "-" "Mozilla/5.0 (Linux; Android 6.0.1; Nexus 5X Build/MMB29P) AppleWebKit/537.36 (KHTML, like Gecko) Chrome/137.0.7151.103 Mobile Safari/537.36 (compatible; GoogleOther)"
52.167.144.206 - - [09/Jul/2025:07:54:23 -0600] "GET /shopdetail/15141813 HTTP/1.1" 500 - "-" "Mozilla/5.0 AppleWebKit/537.36 (KHTML, like Gecko; compatible; bingbot/2.0; +http://www.bing.com/bingbot.htm) Chrome/116.0.1938.76 Safari/537.36"
52.167.144.18 - - [09/Jul/2025:07:54:27 -0600] "GET /shopdetail/2494568 HTTP/1.1" 500 - "-" "Mozilla/5.0 AppleWebKit/537.36 (KHTML, like Gecko; compatible; bingbot/2.0; +http://www.bing.com/bingbot.htm) Chrome/116.0.1938.76 Safari/537.36"
66.249.77.195 - - [09/Jul/2025:07:54:30 -0600] "GET /shopdetail/24952002 HTTP/1.1" 500 - "-" "Mozilla/5.0 (Linux; Android 6.0.1; Nexus 5X Build/MMB29P) AppleWebKit/537.36 (KHTML, like Gecko) Chrome/137.0.7151.103 Mobile Safari/537.36 (compatible; Googlebot/2.1; +http://www.google.com/bot.html)"
66.249.77.196 - - [09/Jul/2025:07:54:32 -0600] "GET /shopdetail/9277846 HTTP/1.1" 500 - "-" "Mozilla/5.0 (Linux; Android 6.0.1; Nexus 5X Build/MMB29P) AppleWebKit/537.36 (KHTML, like Gecko) Chrome/137.0.7151.103 Mobile Safari/537.36 (compatible; Googlebot/2.1; +http://www.google.com/bot.html)"
66.249.77.195 - - [09/Jul/2025:07:54:35 -0600] "GET /shopdetail/18391968 HTTP/1.1" 500 - "-" "Mozilla/5.0 (Linux; Android 6.0.1; Nexus 5X Build/MMB29P) AppleWebKit/537.36 (KHTML, like Gecko) Chrome/137.0.7151.103 Mobile Safari/537.36 (compatible; Googlebot/2.1; +http://www.google.com/bot.html)"
52.167.144.18 - - [09/Jul/2025:07:54:37 -0600] "GET /shopdetail/28724391 HTTP/1.1" 500 - "-" "Mozilla/5.0 AppleWebKit/537.36 (KHTML, like Gecko; compatible; bingbot/2.0; +http://www.bing.com/bingbot.htm) Chrome/116.0.1938.76 Safari/537.36"
52.167.144.140 - - [09/Jul/2025:07:54:42 -0600] "GET /shopdetail/8741968 HTTP/1.1" 500 - "-" "Mozilla/5.0 AppleWebKit/537.36 (KHTML, like Gecko; compatible; bingbot/2.0; +http://www.bing.com/bingbot.htm) Chrome/116.0.1938.76 Safari/537.36"
66.249.77.195 - - [09/Jul/2025:07:54:45 -0600] "GET /shopdetail/9699368 HTTP/1.1" 500 - "-" "Mozilla/5.0 (Linux; Android 6.0.1; Nexus 5X Build/MMB29P) AppleWebKit/537.36 (KHTML, like Gecko) Chrome/137.0.7151.103 Mobile Safari/537.36 (compatible; GoogleOther)"
52.167.144.225 - - [09/Jul/2025:07:54:47 -0600] "GET /shopdetail/8253835 HTTP/1.1" 500 - "-" "Mozilla/5.0 AppleWebKit/537.36 (KHTML, like Gecko; compatible; bingbot/2.0; +http://www.bing.com/bingbot.htm) Chrome/116.0.1938.76 Safari/537.36"
216.73.216.84 - - [09/Jul/2025:07:54:48 -0600] "GET /sitemap.xml HTTP/1.1" 500 - "-" "Mozilla/5.0 AppleWebKit/537.36 (KHTML, like Gecko; compatible; ClaudeBot/1.0; +claudebot@anthropic.com)"
216.73.216.84 - - [09/Jul/2025:07:54:48 -0600] "GET /sitemap538.xml HTTP/1.1" 500 - "-" "Mozilla/5.0 AppleWebKit/537.36 (KHTML, like Gecko; compatible; ClaudeBot/1.0; +claudebot@anthropic.com)"
216.73.216.84 - - [09/Jul/2025:07:54:48 -0600] "GET /sitemap251.xml HTTP/1.1" 500 - "-" "Mozilla/5.0 AppleWebKit/537.36 (KHTML, like Gecko; compatible; ClaudeBot/1.0; +claudebot@anthropic.com)"
216.73.216.84 - - [09/Jul/2025:07:54:48 -0600] "GET /sitemap708.xml HTTP/1.1" 500 - "-" "Mozilla/5.0 AppleWebKit/537.36 (KHTML, like Gecko; compatible; ClaudeBot/1.0; +claudebot@anthropic.com)"
216.73.216.84 - - [09/Jul/2025:07:54:48 -0600] "GET /wp-includes/js/dist/vendor/?C=N&O=A HTTP/1.1" 200 6567 "-" "Mozilla/5.0 AppleWebKit/537.36 (KHTML, like Gecko; compatible; ClaudeBot/1.0; +claudebot@anthropic.com)"
216.73.216.84 - - [09/Jul/2025:07:54:48 -0600] "GET /wp-includes/css/dist/?C=S&O=D HTTP/1.1" 200 3708 "-" "Mozilla/5.0 AppleWebKit/537.36 (KHTML, like Gecko; compatible; ClaudeBot/1.0; +claudebot@anthropic.com)"
52.167.144.206 - - [09/Jul/2025:07:54:51 -0600] "GET /shopdetail/5351713 HTTP/1.1" 500 - "-" "Mozilla/5.0 AppleWebKit/537.36 (KHTML, like Gecko; compatible; bingbot/2.0; +http://www.bing.com/bingbot.htm) Chrome/116.0.1938.76 Safari/537.36"
52.167.144.18 - - [09/Jul/2025:07:55:06 -0600] "GET /shopdetail/26520113 HTTP/1.1" 500 - "-" "Mozilla/5.0 AppleWebKit/537.36 (KHTML, like Gecko; compatible; bingbot/2.0; +http://www.bing.com/bingbot.htm) Chrome/116.0.1938.76 Safari/537.36"
52.167.144.18 - - [09/Jul/2025:07:55:07 -0600] "GET /shopdetail/24025802 HTTP/1.1" 500 - "-" "Mozilla/5.0 AppleWebKit/537.36 (KHTML, like Gecko; compatible; bingbot/2.0; +http://www.bing.com/bingbot.htm) Chrome/116.0.1938.76 Safari/537.36"
66.249.77.197 - - [09/Jul/2025:07:55:12 -0600] "GET /product/edit/24600892 HTTP/1.1" 500 - "-" "Mozilla/5.0 (Linux; Android 6.0.1; Nexus 5X Build/MMB29P) AppleWebKit/537.36 (KHTML, like Gecko) Chrome/137.0.7151.103 Mobile Safari/537.36 (compatible; Googlebot/2.1; +http://www.google.com/bot.html)"
66.249.77.195 - - [09/Jul/2025:07:55:15 -0600] "GET /shopdetail/10468046 HTTP/1.1" 500 - "-" "Mozilla/5.0 (Linux; Android 6.0.1; Nexus 5X Build/MMB29P) AppleWebKit/537.36 (KHTML, like Gecko) Chrome/137.0.7151.103 Mobile Safari/537.36 (compatible; GoogleOther)"
52.167.144.214 - - [09/Jul/2025:07:55:16 -0600] "GET /shopdetail/8707746 HTTP/1.1" 500 - "-" "Mozilla/5.0 AppleWebKit/537.36 (KHTML, like Gecko; compatible; bingbot/2.0; +http://www.bing.com/bingbot.htm) Chrome/116.0.1938.76 Safari/537.36"
40.77.167.156 - - [09/Jul/2025:07:55:25 -0600] "GET /pcmypage?callback=product%2Fdetail%2F82300926 HTTP/1.1" 500 - "-" "Mozilla/5.0 AppleWebKit/537.36 (KHTML, like Gecko; compatible; bingbot/2.0; +http://www.bing.com/bingbot.htm) Chrome/116.0.1938.76 Safari/537.36"
40.77.167.156 - - [09/Jul/2025:07:55:26 -0600] "GET /shopdetail/29816702 HTTP/1.1" 500 - "-" "Mozilla/5.0 AppleWebKit/537.36 (KHTML, like Gecko; compatible; bingbot/2.0; +http://www.bing.com/bingbot.htm) Chrome/116.0.1938.76 Safari/537.36"
