66.249.77.195 - - [09/Jul/2025:07:23:35 -0600] "GET /shopdetail/12781113 HTTP/1.1" 500 - "-" "Mozilla/5.0 (Linux; Android 6.0.1; Nexus 5X Build/MMB29P) AppleWebKit/537.36 (KHTML, like Gecko) Chrome/137.0.7151.103 Mobile Safari/537.36 (compatible; GoogleOther)"
52.167.144.204 - - [09/Jul/2025:07:23:39 -0600] "GET /shopdetail/21866202 HTTP/1.1" 500 - "-" "Mozilla/5.0 AppleWebKit/537.36 (KHTML, like Gecko; compatible; bingbot/2.0; +http://www.bing.com/bingbot.htm) Chrome/116.0.1938.76 Safari/537.36"
52.167.144.204 - - [09/Jul/2025:07:23:39 -0600] "GET /shopdetail/16638391 HTTP/1.1" 500 - "-" "Mozilla/5.0 AppleWebKit/537.36 (KHTML, like Gecko; compatible; bingbot/2.0; +http://www.bing.com/bingbot.htm) Chrome/116.0.1938.76 Safari/537.36"
52.167.144.206 - - [09/Jul/2025:07:23:40 -0600] "GET /shopdetail/23582902 HTTP/1.1" 500 - "-" "Mozilla/5.0 AppleWebKit/537.36 (KHTML, like Gecko; compatible; bingbot/2.0; +http://www.bing.com/bingbot.htm) Chrome/116.0.1938.76 Safari/537.36"
52.167.144.16 - - [09/Jul/2025:07:23:40 -0600] "GET /shopdetail/23806324 HTTP/1.1" 500 - "-" "Mozilla/5.0 AppleWebKit/537.36 (KHTML, like Gecko; compatible; bingbot/2.0; +http://www.bing.com/bingbot.htm) Chrome/116.0.1938.76 Safari/537.36"
52.167.144.219 - - [09/Jul/2025:07:23:40 -0600] "GET /shopdetail/2278880 HTTP/1.1" 500 - "-" "Mozilla/5.0 AppleWebKit/537.36 (KHTML, like Gecko; compatible; bingbot/2.0; +http://www.bing.com/bingbot.htm) Chrome/116.0.1938.76 Safari/537.36"
216.73.216.84 - - [09/Jul/2025:07:23:40 -0600] "GET /wp-includes/images/media/?path=%2Fhome%2Fdilseshaadi%2Fpublic_html%2Fwp-includes%2Fimages%2Fmedia&view_file=%2Fhome%2Fdilseshaadi%2Fpublic_html%2Fwp-includes%2Fimages%2Fmedia%2Ftext.png HTTP/1.1" 200 15771 "-" "Mozilla/5.0 AppleWebKit/537.36 (KHTML, like Gecko; compatible; ClaudeBot/1.0; +claudebot@anthropic.com)"
66.249.77.195 - - [09/Jul/2025:07:23:40 -0600] "GET /shopdetail/21202602 HTTP/1.1" 500 - "-" "Mozilla/5.0 (compatible; Googlebot/2.1; +http://www.google.com/bot.html)"
66.249.77.195 - - [09/Jul/2025:07:23:44 -0600] "GET /shopdetail/21202602 HTTP/1.1" 500 - "-" "Mozilla/5.0 (compatible; Googlebot/2.1; +http://www.google.com/bot.html)"
216.73.216.84 - - [09/Jul/2025:07:23:45 -0600] "GET /wp-includes/images/smilies/?path=%2Fhome%2Fdilseshaadi%2Fpublic_html HTTP/1.1" 200 23061 "-" "Mozilla/5.0 AppleWebKit/537.36 (KHTML, like Gecko; compatible; ClaudeBot/1.0; +claudebot@anthropic.com)"
66.249.77.195 - - [09/Jul/2025:07:23:46 -0600] "GET /shopdetail/21481746 HTTP/1.1" 500 - "-" "Mozilla/5.0 (Linux; Android 6.0.1; Nexus 5X Build/MMB29P) AppleWebKit/537.36 (KHTML, like Gecko) Chrome/137.0.7151.103 Mobile Safari/537.36 (compatible; Googlebot/2.1; +http://www.google.com/bot.html)"
52.167.144.204 - - [09/Jul/2025:07:23:49 -0600] "GET /shopdetail/18024724 HTTP/1.1" 500 - "-" "Mozilla/5.0 AppleWebKit/537.36 (KHTML, like Gecko; compatible; bingbot/2.0; +http://www.bing.com/bingbot.htm) Chrome/116.0.1938.76 Safari/537.36"
40.77.167.60 - - [09/Jul/2025:07:24:00 -0600] "GET /shopdetail/27096935 HTTP/1.1" 500 - "-" "Mozilla/5.0 AppleWebKit/537.36 (KHTML, like Gecko; compatible; bingbot/2.0; +http://www.bing.com/bingbot.htm) Chrome/116.0.1938.76 Safari/537.36"
216.73.216.84 - - [09/Jul/2025:07:24:01 -0600] "GET /wp-includes/images/media/?path=%2Fhome%2Fdilseshaadi%2Fpublic_html%2Fwp-includes%2Fimages%2Fmedia&view_file=%2Fhome%2Fdilseshaadi%2Fpublic_html%2Fwp-includes%2Fimages%2Fmedia%2Faudio.png HTTP/1.1" 200 16117 "-" "Mozilla/5.0 AppleWebKit/537.36 (KHTML, like Gecko; compatible; ClaudeBot/1.0; +claudebot@anthropic.com)"
66.249.77.195 - - [09/Jul/2025:07:24:02 -0600] "GET /shopdetail/5766513 HTTP/1.1" 500 - "-" "Mozilla/5.0 (compatible; Googlebot/2.1; +http://www.google.com/bot.html)"
66.249.77.197 - - [09/Jul/2025:07:24:05 -0600] "GET /shopdetail/14589480 HTTP/1.1" 500 - "-" "Mozilla/5.0 (Linux; Android 6.0.1; Nexus 5X Build/MMB29P) AppleWebKit/537.36 (KHTML, like Gecko) Chrome/137.0.7151.103 Mobile Safari/537.36 (compatible; GoogleOther)"
216.73.216.84 - - [09/Jul/2025:07:24:06 -0600] "GET /wp-includes/images/media/?path=%2Fhome%2Fdilseshaadi%2Fpublic_html%2Fwp-includes%2Fimages%2Fmedia&view_file=%2Fhome%2Fdilseshaadi%2Fpublic_html%2Fwp-includes%2Fimages%2Fmedia%2Fvideo.png HTTP/1.1" 200 15968 "-" "Mozilla/5.0 AppleWebKit/537.36 (KHTML, like Gecko; compatible; ClaudeBot/1.0; +claudebot@anthropic.com)"
52.167.144.219 - - [09/Jul/2025:07:24:07 -0600] "GET /shopdetail/28190579 HTTP/1.1" 500 - "-" "Mozilla/5.0 AppleWebKit/537.36 (KHTML, like Gecko; compatible; bingbot/2.0; +http://www.bing.com/bingbot.htm) Chrome/116.0.1938.76 Safari/537.36"
52.167.144.219 - - [09/Jul/2025:07:24:08 -0600] "GET /shopdetail/7925568 HTTP/1.1" 500 - "-" "Mozilla/5.0 AppleWebKit/537.36 (KHTML, like Gecko; compatible; bingbot/2.0; +http://www.bing.com/bingbot.htm) Chrome/116.0.1938.76 Safari/537.36"
52.167.144.204 - - [09/Jul/2025:07:24:09 -0600] "GET /shopdetail/27586424 HTTP/1.1" 500 - "-" "Mozilla/5.0 AppleWebKit/537.36 (KHTML, like Gecko; compatible; bingbot/2.0; +http://www.bing.com/bingbot.htm) Chrome/116.0.1938.76 Safari/537.36"
216.73.216.84 - - [09/Jul/2025:07:24:11 -0600] "GET /wp-includes/Requests/src/Response/?path=%2Fhome%2Fdilseshaadi%2F.cphorde HTTP/1.1" 200 3933 "-" "Mozilla/5.0 AppleWebKit/537.36 (KHTML, like Gecko; compatible; ClaudeBot/1.0; +claudebot@anthropic.com)"
66.249.77.196 - - [09/Jul/2025:07:24:12 -0600] "GET /shopdetail/9759657 HTTP/1.1" 500 - "-" "Mozilla/5.0 (Linux; Android 6.0.1; Nexus 5X Build/MMB29P) AppleWebKit/537.36 (KHTML, like Gecko) Chrome/137.0.7151.103 Mobile Safari/537.36 (compatible; Googlebot/2.1; +http://www.google.com/bot.html)"
216.73.216.84 - - [09/Jul/2025:07:24:16 -0600] "GET /wp-includes/Requests/src/Response/?path=%2Fhome%2Fdilseshaadi%2F.koality HTTP/1.1" 200 1820 "-" "Mozilla/5.0 AppleWebKit/537.36 (KHTML, like Gecko; compatible; ClaudeBot/1.0; +claudebot@anthropic.com)"
216.73.216.84 - - [09/Jul/2025:07:24:21 -0600] "GET /wp-includes/images/media/?path=%2Fhome%2Fdilseshaadi%2Fpublic_html HTTP/1.1" 200 15470 "-" "Mozilla/5.0 AppleWebKit/537.36 (KHTML, like Gecko; compatible; ClaudeBot/1.0; +claudebot@anthropic.com)"
66.249.77.195 - - [09/Jul/2025:07:24:21 -0600] "GET /zhHant/product/surugaya/19121504?campaign_uid=f64d716db5e979ed2f947dbaf4296895b951ae7f HTTP/1.1" 500 - "-" "Mozilla/5.0 (Linux; Android 6.0.1; Nexus 5X Build/MMB29P) AppleWebKit/537.36 (KHTML, like Gecko) Chrome/137.0.7151.103 Mobile Safari/537.36 (compatible; Googlebot/2.1; +http://www.google.com/bot.html)"
216.73.216.84 - - [09/Jul/2025:07:24:26 -0600] "GET /wp-includes/images/media/?path=%2Fhome%2Fdilseshaadi%2Fpublic_html%2Fwp-includes%2Fimages%2Fmedia&view_file=%2Fhome%2Fdilseshaadi%2Fpublic_html%2Fwp-includes%2Fimages%2Fmedia%2Farchive.png HTTP/1.1" 200 16189 "-" "Mozilla/5.0 AppleWebKit/537.36 (KHTML, like Gecko; compatible; ClaudeBot/1.0; +claudebot@anthropic.com)"
66.249.77.195 - - [09/Jul/2025:07:24:29 -0600] "GET /shopdetail/9215879 HTTP/1.1" 500 - "-" "Mozilla/5.0 (compatible; Googlebot/2.1; +http://www.google.com/bot.html)"
52.167.144.140 - - [09/Jul/2025:07:24:30 -0600] "GET /shopdetail/26318535 HTTP/1.1" 500 - "-" "Mozilla/5.0 AppleWebKit/537.36 (KHTML, like Gecko; compatible; bingbot/2.0; +http://www.bing.com/bingbot.htm) Chrome/116.0.1938.76 Safari/537.36"
52.167.144.219 - - [09/Jul/2025:07:24:35 -0600] "GET /shopdetail/24273702 HTTP/1.1" 500 - "-" "Mozilla/5.0 AppleWebKit/537.36 (KHTML, like Gecko; compatible; bingbot/2.0; +http://www.bing.com/bingbot.htm) Chrome/116.0.1938.76 Safari/537.36"
52.167.144.219 - - [09/Jul/2025:07:24:35 -0600] "GET /shopdetail/10748080 HTTP/1.1" 500 - "-" "Mozilla/5.0 AppleWebKit/537.36 (KHTML, like Gecko; compatible; bingbot/2.0; +http://www.bing.com/bingbot.htm) Chrome/116.0.1938.76 Safari/537.36"
47.82.60.9 - - [09/Jul/2025:07:24:37 -0600] "GET /shopdetail/27768857 HTTP/1.1" 500 - "https://dilseshaadi.com/shopdetail/27768857" "Mozilla/5.0 (Windows NT 10.0; Win64; x64) AppleWebKit/537.36 (KHTML, like Gecko) Chrome/114.0.0.0 Safari/537.36 Edg/114.0.1823.43"
216.73.216.84 - - [09/Jul/2025:07:24:42 -0600] "GET /wp-includes/images/smilies/?path=%2Fhome HTTP/1.1" 200 1714 "-" "Mozilla/5.0 AppleWebKit/537.36 (KHTML, like Gecko; compatible; ClaudeBot/1.0; +claudebot@anthropic.com)"
216.73.216.84 - - [09/Jul/2025:07:24:46 -0600] "GET /wp-includes/images/smilies/?path=%2Fhome%2Fdilseshaadi HTTP/1.1" 200 22264 "-" "Mozilla/5.0 AppleWebKit/537.36 (KHTML, like Gecko; compatible; ClaudeBot/1.0; +claudebot@anthropic.com)"
52.167.144.16 - - [09/Jul/2025:07:24:50 -0600] "GET /shopdetail/3383524 HTTP/1.1" 500 - "-" "Mozilla/5.0 AppleWebKit/537.36 (KHTML, like Gecko; compatible; bingbot/2.0; +http://www.bing.com/bingbot.htm) Chrome/116.0.1938.76 Safari/537.36"
52.167.144.16 - - [09/Jul/2025:07:24:50 -0600] "GET /shopdetail/29594491 HTTP/1.1" 500 - "-" "Mozilla/5.0 AppleWebKit/537.36 (KHTML, like Gecko; compatible; bingbot/2.0; +http://www.bing.com/bingbot.htm) Chrome/116.0.1938.76 Safari/537.36"
216.73.216.84 - - [09/Jul/2025:07:24:51 -0600] "GET /wp-includes/sodium_compat/src/Core32/SecretStream/State.php HTTP/1.1" 200 - "-" "Mozilla/5.0 AppleWebKit/537.36 (KHTML, like Gecko; compatible; ClaudeBot/1.0; +claudebot@anthropic.com)"
47.82.60.50 - - [09/Jul/2025:07:24:54 -0600] "GET /shopdetail/20463824 HTTP/1.1" 500 - "https://dilseshaadi.com/shopdetail/20463824" "Mozilla/5.0 (Windows NT 10.0; Win64; x64) AppleWebKit/537.36 (KHTML, like Gecko) Chrome/114.0.0.0 Safari/537.36 Edg/114.0.1823.43"
216.73.216.84 - - [09/Jul/2025:07:24:56 -0600] "GET /wp-includes/Requests/src/Response/?path=%2Fhome%2Fdilseshaadi%2F.htpasswds HTTP/1.1" 200 2522 "-" "Mozilla/5.0 AppleWebKit/537.36 (KHTML, like Gecko; compatible; ClaudeBot/1.0; +claudebot@anthropic.com)"
66.249.77.195 - - [09/Jul/2025:07:24:57 -0600] "GET /shopdetail/17691324 HTTP/1.1" 500 - "-" "Mozilla/5.0 (compatible; Googlebot/2.1; +http://www.google.com/bot.html)"
216.73.216.84 - - [09/Jul/2025:07:25:01 -0600] "GET /wp-includes/js/tinymce/themes/inlite/theme.js HTTP/1.1" 200 326799 "-" "Mozilla/5.0 AppleWebKit/537.36 (KHTML, like Gecko; compatible; ClaudeBot/1.0; +claudebot@anthropic.com)"
52.167.144.219 - - [09/Jul/2025:07:25:04 -0600] "GET /shopdetail/2963402 HTTP/1.1" 500 - "-" "Mozilla/5.0 AppleWebKit/537.36 (KHTML, like Gecko; compatible; bingbot/2.0; +http://www.bing.com/bingbot.htm) Chrome/116.0.1938.76 Safari/537.36"
66.249.77.195 - - [09/Jul/2025:07:25:05 -0600] "GET /shopdetail/15149880 HTTP/1.1" 500 - "-" "Mozilla/5.0 (Linux; Android 6.0.1; Nexus 5X Build/MMB29P) AppleWebKit/537.36 (KHTML, like Gecko) Chrome/137.0.7151.103 Mobile Safari/537.36 (compatible; GoogleOther)"
216.73.216.84 - - [09/Jul/2025:07:25:06 -0600] "GET /wp-includes/css/dist/reusable-blocks/index.php HTTP/1.1" 200 15943 "-" "Mozilla/5.0 AppleWebKit/537.36 (KHTML, like Gecko; compatible; ClaudeBot/1.0; +claudebot@anthropic.com)"
66.249.77.195 - - [09/Jul/2025:07:25:10 -0600] "GET /shopdetail/11372168 HTTP/1.1" 500 - "-" "Mozilla/5.0 (Linux; Android 6.0.1; Nexus 5X Build/MMB29P) AppleWebKit/537.36 (KHTML, like Gecko) Chrome/137.0.7151.103 Mobile Safari/537.36 (compatible; Googlebot/2.1; +http://www.google.com/bot.html)"
47.82.60.23 - - [09/Jul/2025:07:25:11 -0600] "GET /shopdetail/16242580 HTTP/1.1" 500 - "https://dilseshaadi.com/shopdetail/16242580" "Mozilla/5.0 (Windows NT 10.0; Win64; x64) AppleWebKit/537.36 (KHTML, like Gecko) Chrome/114.0.0.0 Safari/537.36 Edg/114.0.1823.43"
66.249.77.195 - - [09/Jul/2025:07:25:19 -0600] "GET /shopdetail/6104679 HTTP/1.1" 500 - "-" "Mozilla/5.0 (compatible; Googlebot/2.1; +http://www.google.com/bot.html)"
54.36.149.97 - - [09/Jul/2025:07:25:22 -0600] "GET /sitemap655.xml HTTP/1.1" 500 - "-" "Mozilla/5.0 (compatible; AhrefsBot/7.0; +http://ahrefs.com/robot/)"
52.167.144.219 - - [09/Jul/2025:07:25:25 -0600] "GET /shopdetail/16145602 HTTP/1.1" 500 - "-" "Mozilla/5.0 AppleWebKit/537.36 (KHTML, like Gecko; compatible; bingbot/2.0; +http://www.bing.com/bingbot.htm) Chrome/116.0.1938.76 Safari/537.36"
216.73.216.84 - - [09/Jul/2025:07:25:27 -0600] "GET /wp-includes/sodium_compat/src/Core/Base64/Original.php HTTP/1.1" 200 - "-" "Mozilla/5.0 AppleWebKit/537.36 (KHTML, like Gecko; compatible; ClaudeBot/1.0; +claudebot@anthropic.com)"
40.77.167.60 - - [09/Jul/2025:07:25:28 -0600] "GET /shopdetail/11883091 HTTP/1.1" 500 - "-" "Mozilla/5.0 AppleWebKit/537.36 (KHTML, like Gecko; compatible; bingbot/2.0; +http://www.bing.com/bingbot.htm) Chrome/116.0.1938.76 Safari/537.36"
216.73.216.84 - - [09/Jul/2025:07:25:32 -0600] "GET /wp-includes/Requests/src/Response/?path=%2Fhome%2Fdilseshaadi%2F.softaculous HTTP/1.1" 200 6230 "-" "Mozilla/5.0 AppleWebKit/537.36 (KHTML, like Gecko; compatible; ClaudeBot/1.0; +claudebot@anthropic.com)"
52.167.144.204 - - [09/Jul/2025:07:25:33 -0600] "GET /shopdetail/27610868 HTTP/1.1" 500 - "-" "Mozilla/5.0 AppleWebKit/537.36 (KHTML, like Gecko; compatible; bingbot/2.0; +http://www.bing.com/bingbot.htm) Chrome/116.0.1938.76 Safari/537.36"
52.167.144.204 - - [09/Jul/2025:07:25:33 -0600] "GET /shopdetail/7351524 HTTP/1.1" 500 - "-" "Mozilla/5.0 AppleWebKit/537.36 (KHTML, like Gecko; compatible; bingbot/2.0; +http://www.bing.com/bingbot.htm) Chrome/116.0.1938.76 Safari/537.36"
66.249.77.195 - - [09/Jul/2025:07:25:35 -0600] "GET /shopdetail/20829224 HTTP/1.1" 500 - "-" "Mozilla/5.0 (Linux; Android 6.0.1; Nexus 5X Build/MMB29P) AppleWebKit/537.36 (KHTML, like Gecko) Chrome/137.0.7151.103 Mobile Safari/537.36 (compatible; GoogleOther)"
52.167.144.140 - - [09/Jul/2025:07:25:36 -0600] "GET /shopdetail/30743402 HTTP/1.1" 500 - "-" "Mozilla/5.0 AppleWebKit/537.36 (KHTML, like Gecko; compatible; bingbot/2.0; +http://www.bing.com/bingbot.htm) Chrome/116.0.1938.76 Safari/537.36"
216.73.216.84 - - [09/Jul/2025:07:25:37 -0600] "GET /wp-includes/js/tinymce/themes/inlite/theme.min.js HTTP/1.1" 200 137908 "-" "Mozilla/5.0 AppleWebKit/537.36 (KHTML, like Gecko; compatible; ClaudeBot/1.0; +claudebot@anthropic.com)"
52.167.144.219 - - [09/Jul/2025:07:25:37 -0600] "GET /shopdetail/20206868 HTTP/1.1" 500 - "-" "Mozilla/5.0 AppleWebKit/537.36 (KHTML, like Gecko; compatible; bingbot/2.0; +http://www.bing.com/bingbot.htm) Chrome/116.0.1938.76 Safari/537.36"
66.249.77.195 - - [09/Jul/2025:07:25:39 -0600] "GET /shopdetail/24270346 HTTP/1.1" 500 - "-" "Mozilla/5.0 (Linux; Android 6.0.1; Nexus 5X Build/MMB29P) AppleWebKit/537.36 (KHTML, like Gecko) Chrome/137.0.7151.103 Mobile Safari/537.36 (compatible; GoogleOther)"
52.167.144.140 - - [09/Jul/2025:07:25:40 -0600] "GET /shopdetail/2727424 HTTP/1.1" 500 - "-" "Mozilla/5.0 AppleWebKit/537.36 (KHTML, like Gecko; compatible; bingbot/2.0; +http://www.bing.com/bingbot.htm) Chrome/116.0.1938.76 Safari/537.36"
216.73.216.84 - - [09/Jul/2025:07:25:42 -0600] "GET /wp-includes/images/media/?path=%2Fhome%2Fdilseshaadi HTTP/1.1" 200 11166 "-" "Mozilla/5.0 AppleWebKit/537.36 (KHTML, like Gecko; compatible; ClaudeBot/1.0; +claudebot@anthropic.com)"
216.73.216.84 - - [09/Jul/2025:07:25:47 -0600] "GET /wp-includes/sodium_compat/src/Core32/ChaCha20/Ctx.php HTTP/1.1" 500 - "-" "Mozilla/5.0 AppleWebKit/537.36 (KHTML, like Gecko; compatible; ClaudeBot/1.0; +claudebot@anthropic.com)"
66.249.77.195 - - [09/Jul/2025:07:25:50 -0600] "GET /shopdetail/3419746 HTTP/1.1" 500 - "-" "Mozilla/5.0 (compatible; Googlebot/2.1; +http://www.google.com/bot.html)"
216.73.216.84 - - [09/Jul/2025:07:25:52 -0600] "GET /wp-includes/sodium_compat/src/Core/Base64/UrlSafe.php HTTP/1.1" 200 - "-" "Mozilla/5.0 AppleWebKit/537.36 (KHTML, like Gecko; compatible; ClaudeBot/1.0; +claudebot@anthropic.com)"
52.167.144.219 - - [09/Jul/2025:07:25:56 -0600] "GET /shopdetail/17236313 HTTP/1.1" 500 - "-" "Mozilla/5.0 AppleWebKit/537.36 (KHTML, like Gecko; compatible; bingbot/2.0; +http://www.bing.com/bingbot.htm) Chrome/116.0.1938.76 Safari/537.36"
47.82.60.36 - - [09/Jul/2025:07:25:56 -0600] "GET /shopdetail/27331146 HTTP/1.1" 500 - "https://dilseshaadi.com/shopdetail/27331146" "Mozilla/5.0 (Windows NT 10.0; Win64; x64) AppleWebKit/537.36 (KHTML, like Gecko) Chrome/114.0.0.0 Safari/537.36 Edg/114.0.1823.43"
52.167.144.219 - - [09/Jul/2025:07:25:56 -0600] "GET /shopdetail/5621691 HTTP/1.1" 500 - "-" "Mozilla/5.0 AppleWebKit/537.36 (KHTML, like Gecko; compatible; bingbot/2.0; +http://www.bing.com/bingbot.htm) Chrome/116.0.1938.76 Safari/537.36"
52.167.144.219 - - [09/Jul/2025:07:26:04 -0600] "GET /shopdetail/4621802 HTTP/1.1" 500 - "-" "Mozilla/5.0 AppleWebKit/537.36 (KHTML, like Gecko; compatible; bingbot/2.0; +http://www.bing.com/bingbot.htm) Chrome/116.0.1938.76 Safari/537.36"
52.167.144.219 - - [09/Jul/2025:07:26:05 -0600] "GET /shopdetail/8939202 HTTP/1.1" 500 - "-" "Mozilla/5.0 AppleWebKit/537.36 (KHTML, like Gecko; compatible; bingbot/2.0; +http://www.bing.com/bingbot.htm) Chrome/116.0.1938.76 Safari/537.36"
66.249.77.195 - - [09/Jul/2025:07:26:06 -0600] "GET /shopdetail/15126024 HTTP/1.1" 500 - "-" "Mozilla/5.0 (Linux; Android 6.0.1; Nexus 5X Build/MMB29P) AppleWebKit/537.36 (KHTML, like Gecko) Chrome/137.0.7151.103 Mobile Safari/537.36 (compatible; GoogleOther)"
216.73.216.84 - - [09/Jul/2025:07:26:08 -0600] "GET /wp-includes/css/dist/reusable-blocks/?path=%2F HTTP/1.1" 200 29332 "-" "Mozilla/5.0 AppleWebKit/537.36 (KHTML, like Gecko; compatible; ClaudeBot/1.0; +claudebot@anthropic.com)"
216.73.216.84 - - [09/Jul/2025:07:26:13 -0600] "GET /wp-includes/sodium_compat/src/Core32/Curve25519/Fe.php HTTP/1.1" 200 - "-" "Mozilla/5.0 AppleWebKit/537.36 (KHTML, like Gecko; compatible; ClaudeBot/1.0; +claudebot@anthropic.com)"
52.167.144.140 - - [09/Jul/2025:07:26:14 -0600] "GET /shopdetail/26647013 HTTP/1.1" 500 - "-" "Mozilla/5.0 AppleWebKit/537.36 (KHTML, like Gecko; compatible; bingbot/2.0; +http://www.bing.com/bingbot.htm) Chrome/116.0.1938.76 Safari/537.36"
52.167.144.140 - - [09/Jul/2025:07:26:18 -0600] "GET /shopdetail/14659780 HTTP/1.1" 500 - "-" "Mozilla/5.0 AppleWebKit/537.36 (KHTML, like Gecko; compatible; bingbot/2.0; +http://www.bing.com/bingbot.htm) Chrome/116.0.1938.76 Safari/537.36"
216.73.216.84 - - [09/Jul/2025:07:26:18 -0600] "GET /wp-includes/js/tinymce/skins/wordpress/images HTTP/1.1" 301 278 "-" "Mozilla/5.0 AppleWebKit/537.36 (KHTML, like Gecko; compatible; ClaudeBot/1.0; +claudebot@anthropic.com)"
216.73.216.84 - - [09/Jul/2025:07:26:18 -0600] "GET /wp-includes/js/tinymce/skins/wordpress/images/ HTTP/1.1" 200 3429 "https://dilseshaadi.com/wp-includes/js/tinymce/skins/wordpress/images" "Mozilla/5.0 AppleWebKit/537.36 (KHTML, like Gecko; compatible; ClaudeBot/1.0; +claudebot@anthropic.com)"
66.249.77.195 - - [09/Jul/2025:07:26:22 -0600] "GET /shopdetail/7650613 HTTP/1.1" 500 - "-" "Mozilla/5.0 (Linux; Android 6.0.1; Nexus 5X Build/MMB29P) AppleWebKit/537.36 (KHTML, like Gecko) Chrome/137.0.7151.103 Mobile Safari/537.36 (compatible; GoogleOther)"
216.73.216.84 - - [09/Jul/2025:07:26:23 -0600] "GET /wp-includes/sodium_compat/src/Core32/Curve25519/Ge HTTP/1.1" 301 283 "-" "Mozilla/5.0 AppleWebKit/537.36 (KHTML, like Gecko; compatible; ClaudeBot/1.0; +claudebot@anthropic.com)"
216.73.216.84 - - [09/Jul/2025:07:26:23 -0600] "GET /wp-includes/sodium_compat/src/Core32/Curve25519/Ge/ HTTP/1.1" 200 1619 "https://dilseshaadi.com/wp-includes/sodium_compat/src/Core32/Curve25519/Ge" "Mozilla/5.0 AppleWebKit/537.36 (KHTML, like Gecko; compatible; ClaudeBot/1.0; +claudebot@anthropic.com)"
52.167.144.219 - - [09/Jul/2025:07:26:26 -0600] "GET /shopdetail/8621835 HTTP/1.1" 500 - "-" "Mozilla/5.0 AppleWebKit/537.36 (KHTML, like Gecko; compatible; bingbot/2.0; +http://www.bing.com/bingbot.htm) Chrome/116.0.1938.76 Safari/537.36"
216.73.216.84 - - [09/Jul/2025:07:26:28 -0600] "GET /wp-includes/js/tinymce/skins/wordpress/wp-content.css HTTP/1.1" 200 8760 "-" "Mozilla/5.0 AppleWebKit/537.36 (KHTML, like Gecko; compatible; ClaudeBot/1.0; +claudebot@anthropic.com)"
216.73.216.84 - - [09/Jul/2025:07:26:33 -0600] "GET /wp-includes/images/media/?path=%2Fhome HTTP/1.1" 200 5510 "-" "Mozilla/5.0 AppleWebKit/537.36 (KHTML, like Gecko; compatible; ClaudeBot/1.0; +claudebot@anthropic.com)"
66.249.77.195 - - [09/Jul/2025:07:26:35 -0600] "GET /shopdetail/16187946 HTTP/1.1" 500 - "-" "Mozilla/5.0 (Linux; Android 6.0.1; Nexus 5X Build/MMB29P) AppleWebKit/537.36 (KHTML, like Gecko) Chrome/137.0.7151.103 Mobile Safari/537.36 (compatible; Googlebot/2.1; +http://www.google.com/bot.html)"
66.249.77.195 - - [09/Jul/2025:07:26:36 -0600] "GET /shopdetail/5401057 HTTP/1.1" 500 - "-" "Mozilla/5.0 (Linux; Android 6.0.1; Nexus 5X Build/MMB29P) AppleWebKit/537.36 (KHTML, like Gecko) Chrome/137.0.7151.103 Mobile Safari/537.36 (compatible; GoogleOther)"
52.167.144.164 - - [09/Jul/2025:07:26:36 -0600] "GET /pcmypage?callback=product%2Fdetail%2F73486257 HTTP/1.1" 500 - "-" "Mozilla/5.0 AppleWebKit/537.36 (KHTML, like Gecko; compatible; bingbot/2.0; +http://www.bing.com/bingbot.htm) Chrome/116.0.1938.76 Safari/537.36"
52.167.144.164 - - [09/Jul/2025:07:26:37 -0600] "GET /shopdetail/6159968 HTTP/1.1" 500 - "-" "Mozilla/5.0 AppleWebKit/537.36 (KHTML, like Gecko; compatible; bingbot/2.0; +http://www.bing.com/bingbot.htm) Chrome/116.0.1938.76 Safari/537.36"
52.167.144.146 - - [09/Jul/2025:07:26:38 -0600] "GET /shopdetail/8612824 HTTP/1.1" 500 - "-" "Mozilla/5.0 AppleWebKit/537.36 (KHTML, like Gecko; compatible; bingbot/2.0; +http://www.bing.com/bingbot.htm) Chrome/116.0.1938.76 Safari/537.36"
66.249.77.195 - - [09/Jul/2025:07:26:39 -0600] "GET /shopdetail/25201779 HTTP/1.1" 500 - "-" "Mozilla/5.0 (compatible; Googlebot/2.1; +http://www.google.com/bot.html)"
52.167.144.146 - - [09/Jul/2025:07:26:40 -0600] "GET /shopdetail/17060035 HTTP/1.1" 500 - "-" "Mozilla/5.0 AppleWebKit/537.36 (KHTML, like Gecko; compatible; bingbot/2.0; +http://www.bing.com/bingbot.htm) Chrome/116.0.1938.76 Safari/537.36"
52.167.144.164 - - [09/Jul/2025:07:26:40 -0600] "GET /pcmypage?callback=product%2Fdetail%2F37689282 HTTP/1.1" 500 - "-" "Mozilla/5.0 AppleWebKit/537.36 (KHTML, like Gecko; compatible; bingbot/2.0; +http://www.bing.com/bingbot.htm) Chrome/116.0.1938.76 Safari/537.36"
66.249.77.195 - - [09/Jul/2025:07:26:41 -0600] "GET /shopdetail/9194279 HTTP/1.1" 500 - "-" "Mozilla/5.0 (Linux; Android 6.0.1; Nexus 5X Build/MMB29P) AppleWebKit/537.36 (KHTML, like Gecko) Chrome/137.0.7151.103 Mobile Safari/537.36 (compatible; Googlebot/2.1; +http://www.google.com/bot.html)"
52.167.144.164 - - [09/Jul/2025:07:26:41 -0600] "GET /shopdetail/1157191 HTTP/1.1" 500 - "-" "Mozilla/5.0 AppleWebKit/537.36 (KHTML, like Gecko; compatible; bingbot/2.0; +http://www.bing.com/bingbot.htm) Chrome/116.0.1938.76 Safari/537.36"
216.73.216.84 - - [09/Jul/2025:07:26:43 -0600] "GET /wp-includes/SimplePie/src/XML/Declaration/?C=N&O=D HTTP/1.1" 200 880 "-" "Mozilla/5.0 AppleWebKit/537.36 (KHTML, like Gecko; compatible; ClaudeBot/1.0; +claudebot@anthropic.com)"
52.167.144.219 - - [09/Jul/2025:07:26:45 -0600] "GET /shopdetail/23878613 HTTP/1.1" 500 - "-" "Mozilla/5.0 AppleWebKit/537.36 (KHTML, like Gecko; compatible; bingbot/2.0; +http://www.bing.com/bingbot.htm) Chrome/116.0.1938.76 Safari/537.36"
216.73.216.84 - - [09/Jul/2025:07:26:48 -0600] "GET /wp-includes/SimplePie/src/Decode/HTML/?C=N&O=D HTTP/1.1" 200 877 "-" "Mozilla/5.0 AppleWebKit/537.36 (KHTML, like Gecko; compatible; ClaudeBot/1.0; +claudebot@anthropic.com)"
216.73.216.84 - - [09/Jul/2025:07:26:53 -0600] "GET /wp-includes/sodium_compat/src/Core32/Curve25519/H.php HTTP/1.1" 500 - "-" "Mozilla/5.0 AppleWebKit/537.36 (KHTML, like Gecko; compatible; ClaudeBot/1.0; +claudebot@anthropic.com)"
66.249.77.195 - - [09/Jul/2025:07:26:54 -0600] "GET /shopdetail/17530202 HTTP/1.1" 500 - "-" "Mozilla/5.0 (Linux; Android 6.0.1; Nexus 5X Build/MMB29P) AppleWebKit/537.36 (KHTML, like Gecko) Chrome/137.0.7151.103 Mobile Safari/537.36 (compatible; GoogleOther)"
216.73.216.84 - - [09/Jul/2025:07:26:58 -0600] "GET /wp-includes/js/tinymce/plugins/wpdialogs/?C=N&O=D HTTP/1.1" 200 1059 "-" "Mozilla/5.0 AppleWebKit/537.36 (KHTML, like Gecko; compatible; ClaudeBot/1.0; +claudebot@anthropic.com)"
216.73.216.84 - - [09/Jul/2025:07:27:03 -0600] "GET /wp-includes/js/tinymce/plugins/wptextpattern/?C=N&O=D HTTP/1.1" 200 1067 "-" "Mozilla/5.0 AppleWebKit/537.36 (KHTML, like Gecko; compatible; ClaudeBot/1.0; +claudebot@anthropic.com)"
66.249.77.195 - - [09/Jul/2025:07:27:05 -0600] "GET /shopdetail/23722957 HTTP/1.1" 500 - "-" "Mozilla/5.0 (Linux; Android 6.0.1; Nexus 5X Build/MMB29P) AppleWebKit/537.36 (KHTML, like Gecko) Chrome/137.0.7151.103 Mobile Safari/537.36 (compatible; GoogleOther)"
216.73.216.84 - - [09/Jul/2025:07:27:08 -0600] "GET /wp-includes/js/tinymce/plugins/wordpress/?C=N&O=D HTTP/1.1" 200 1059 "-" "Mozilla/5.0 AppleWebKit/537.36 (KHTML, like Gecko; compatible; ClaudeBot/1.0; +claudebot@anthropic.com)"
52.167.144.140 - - [09/Jul/2025:07:27:09 -0600] "GET /shopdetail/17650291 HTTP/1.1" 500 - "-" "Mozilla/5.0 AppleWebKit/537.36 (KHTML, like Gecko; compatible; bingbot/2.0; +http://www.bing.com/bingbot.htm) Chrome/116.0.1938.76 Safari/537.36"
66.249.77.195 - - [09/Jul/2025:07:27:09 -0600] "GET /shopdetail/6567002 HTTP/1.1" 500 - "-" "Mozilla/5.0 (compatible; Googlebot/2.1; +http://www.google.com/bot.html)"
52.167.144.140 - - [09/Jul/2025:07:27:10 -0600] "GET /shopdetail/11311191 HTTP/1.1" 500 - "-" "Mozilla/5.0 AppleWebKit/537.36 (KHTML, like Gecko; compatible; bingbot/2.0; +http://www.bing.com/bingbot.htm) Chrome/116.0.1938.76 Safari/537.36"
52.167.144.140 - - [09/Jul/2025:07:27:10 -0600] "GET /shopdetail/5378213 HTTP/1.1" 500 - "-" "Mozilla/5.0 AppleWebKit/537.36 (KHTML, like Gecko; compatible; bingbot/2.0; +http://www.bing.com/bingbot.htm) Chrome/116.0.1938.76 Safari/537.36"
52.167.144.140 - - [09/Jul/2025:07:27:10 -0600] "GET /shopdetail/29697924 HTTP/1.1" 500 - "-" "Mozilla/5.0 AppleWebKit/537.36 (KHTML, like Gecko; compatible; bingbot/2.0; +http://www.bing.com/bingbot.htm) Chrome/116.0.1938.76 Safari/537.36"
52.167.144.140 - - [09/Jul/2025:07:27:11 -0600] "GET /shopdetail/19383879 HTTP/1.1" 500 - "-" "Mozilla/5.0 AppleWebKit/537.36 (KHTML, like Gecko; compatible; bingbot/2.0; +http://www.bing.com/bingbot.htm) Chrome/116.0.1938.76 Safari/537.36"
66.249.77.195 - - [09/Jul/2025:07:27:18 -0600] "GET /shopdetail/7878879 HTTP/1.1" 500 - "-" "Mozilla/5.0 (Linux; Android 6.0.1; Nexus 5X Build/MMB29P) AppleWebKit/537.36 (KHTML, like Gecko) Chrome/137.0.7151.103 Mobile Safari/537.36 (compatible; Googlebot/2.1; +http://www.google.com/bot.html)"
66.249.77.195 - - [09/Jul/2025:07:27:19 -0600] "GET /shopdetail/15473680 HTTP/1.1" 500 - "-" "Mozilla/5.0 (compatible; Googlebot/2.1; +http://www.google.com/bot.html)"
52.167.144.219 - - [09/Jul/2025:07:27:24 -0600] "GET /pcmypage?callback=product/review/87185225 HTTP/1.1" 500 - "-" "Mozilla/5.0 AppleWebKit/537.36 (KHTML, like Gecko; compatible; bingbot/2.0; +http://www.bing.com/bingbot.htm) Chrome/116.0.1938.76 Safari/537.36"
52.167.144.219 - - [09/Jul/2025:07:27:26 -0600] "GET /shopdetail/4645791 HTTP/1.1" 500 - "-" "Mozilla/5.0 AppleWebKit/537.36 (KHTML, like Gecko; compatible; bingbot/2.0; +http://www.bing.com/bingbot.htm) Chrome/116.0.1938.76 Safari/537.36"
66.249.77.195 - - [09/Jul/2025:07:27:36 -0600] "GET /shopdetail/7785157 HTTP/1.1" 500 - "-" "Mozilla/5.0 (Linux; Android 6.0.1; Nexus 5X Build/MMB29P) AppleWebKit/537.36 (KHTML, like Gecko) Chrome/137.0.7151.103 Mobile Safari/537.36 (compatible; GoogleOther)"
216.73.216.84 - - [09/Jul/2025:07:27:39 -0600] "GET /wp-includes/js/tinymce/plugins/wordpress/?C=S&O=A HTTP/1.1" 200 1059 "-" "Mozilla/5.0 AppleWebKit/537.36 (KHTML, like Gecko; compatible; ClaudeBot/1.0; +claudebot@anthropic.com)"
216.73.216.84 - - [09/Jul/2025:07:27:44 -0600] "GET /wp-includes/js/tinymce/plugins/wptextpattern/?C=S&O=A HTTP/1.1" 200 1067 "-" "Mozilla/5.0 AppleWebKit/537.36 (KHTML, like Gecko; compatible; ClaudeBot/1.0; +claudebot@anthropic.com)"
66.249.77.195 - - [09/Jul/2025:07:27:48 -0600] "GET /shopdetail/5267668 HTTP/1.1" 500 - "-" "Mozilla/5.0 (Linux; Android 6.0.1; Nexus 5X Build/MMB29P) AppleWebKit/537.36 (KHTML, like Gecko) Chrome/137.0.7151.103 Mobile Safari/537.36 (compatible; GoogleOther)"
216.73.216.84 - - [09/Jul/2025:07:27:49 -0600] "GET /wp-includes/js/dist/script-modules/?C=S&O=D HTTP/1.1" 200 1404 "-" "Mozilla/5.0 AppleWebKit/537.36 (KHTML, like Gecko; compatible; ClaudeBot/1.0; +claudebot@anthropic.com)"
52.167.144.140 - - [09/Jul/2025:07:27:49 -0600] "GET /shopdetail/7340979 HTTP/1.1" 500 - "-" "Mozilla/5.0 AppleWebKit/537.36 (KHTML, like Gecko; compatible; bingbot/2.0; +http://www.bing.com/bingbot.htm) Chrome/116.0.1938.76 Safari/537.36"
52.167.144.164 - - [09/Jul/2025:07:27:49 -0600] "GET /shopdetail/22346713 HTTP/1.1" 500 - "-" "Mozilla/5.0 AppleWebKit/537.36 (KHTML, like Gecko; compatible; bingbot/2.0; +http://www.bing.com/bingbot.htm) Chrome/116.0.1938.76 Safari/537.36"
52.167.144.140 - - [09/Jul/2025:07:27:51 -0600] "GET /shopdetail/29970580 HTTP/1.1" 500 - "-" "Mozilla/5.0 AppleWebKit/537.36 (KHTML, like Gecko; compatible; bingbot/2.0; +http://www.bing.com/bingbot.htm) Chrome/116.0.1938.76 Safari/537.36"
52.167.144.140 - - [09/Jul/2025:07:27:52 -0600] "GET /shopdetail/5737979 HTTP/1.1" 500 - "-" "Mozilla/5.0 AppleWebKit/537.36 (KHTML, like Gecko; compatible; bingbot/2.0; +http://www.bing.com/bingbot.htm) Chrome/116.0.1938.76 Safari/537.36"
52.167.144.16 - - [09/Jul/2025:07:27:54 -0600] "GET /shopdetail/6844779 HTTP/1.1" 500 - "-" "Mozilla/5.0 AppleWebKit/537.36 (KHTML, like Gecko; compatible; bingbot/2.0; +http://www.bing.com/bingbot.htm) Chrome/116.0.1938.76 Safari/537.36"
216.73.216.84 - - [09/Jul/2025:07:27:54 -0600] "GET /wp-includes/sodium_compat/src/Core32/ChaCha20/IetfCtx.php HTTP/1.1" 500 - "-" "Mozilla/5.0 AppleWebKit/537.36 (KHTML, like Gecko; compatible; ClaudeBot/1.0; +claudebot@anthropic.com)"
216.73.216.84 - - [09/Jul/2025:07:27:59 -0600] "GET /wp-includes/Requests/src/Exception/Http/?C=N&O=D HTTP/1.1" 200 6680 "-" "Mozilla/5.0 AppleWebKit/537.36 (KHTML, like Gecko; compatible; ClaudeBot/1.0; +claudebot@anthropic.com)"
216.73.216.84 - - [09/Jul/2025:07:28:04 -0600] "GET /wp-includes/js/tinymce/plugins/paste/?C=N&O=D HTTP/1.1" 200 1051 "-" "Mozilla/5.0 AppleWebKit/537.36 (KHTML, like Gecko; compatible; ClaudeBot/1.0; +claudebot@anthropic.com)"
66.249.77.195 - - [09/Jul/2025:07:28:06 -0600] "GET /shopdetail/3186979 HTTP/1.1" 500 - "-" "Mozilla/5.0 (Linux; Android 6.0.1; Nexus 5X Build/MMB29P) AppleWebKit/537.36 (KHTML, like Gecko) Chrome/137.0.7151.103 Mobile Safari/537.36 (compatible; GoogleOther)"
66.249.77.195 - - [09/Jul/2025:07:28:10 -0600] "GET /shopdetail/6275913 HTTP/1.1" 500 - "-" "Mozilla/5.0 (Linux; Android 6.0.1; Nexus 5X Build/MMB29P) AppleWebKit/537.36 (KHTML, like Gecko) Chrome/137.0.7151.103 Mobile Safari/537.36 (compatible; GoogleOther)"
52.167.144.16 - - [09/Jul/2025:07:28:11 -0600] "GET /shopdetail/10505180 HTTP/1.1" 500 - "-" "Mozilla/5.0 AppleWebKit/537.36 (KHTML, like Gecko; compatible; bingbot/2.0; +http://www.bing.com/bingbot.htm) Chrome/116.0.1938.76 Safari/537.36"
52.167.144.16 - - [09/Jul/2025:07:28:21 -0600] "GET /shopdetail/28972557 HTTP/1.1" 500 - "-" "Mozilla/5.0 AppleWebKit/537.36 (KHTML, like Gecko; compatible; bingbot/2.0; +http://www.bing.com/bingbot.htm) Chrome/116.0.1938.76 Safari/537.36"
216.73.216.84 - - [09/Jul/2025:07:28:25 -0600] "GET /wp-includes/js/tinymce/plugins/link/?C=N&O=D HTTP/1.1" 200 1049 "-" "Mozilla/5.0 AppleWebKit/537.36 (KHTML, like Gecko; compatible; ClaudeBot/1.0; +claudebot@anthropic.com)"
52.167.144.188 - - [09/Jul/2025:07:28:26 -0600] "GET /shopdetail/27112724 HTTP/1.1" 500 - "-" "Mozilla/5.0 AppleWebKit/537.36 (KHTML, like Gecko; compatible; bingbot/2.0; +http://www.bing.com/bingbot.htm) Chrome/116.0.1938.76 Safari/537.36"
52.167.144.219 - - [09/Jul/2025:07:28:26 -0600] "GET /shopdetail/3531980 HTTP/1.1" 500 - "-" "Mozilla/5.0 AppleWebKit/537.36 (KHTML, like Gecko; compatible; bingbot/2.0; +http://www.bing.com/bingbot.htm) Chrome/116.0.1938.76 Safari/537.36"
52.167.144.188 - - [09/Jul/2025:07:28:27 -0600] "GET /shopdetail/7236724 HTTP/1.1" 500 - "-" "Mozilla/5.0 AppleWebKit/537.36 (KHTML, like Gecko; compatible; bingbot/2.0; +http://www.bing.com/bingbot.htm) Chrome/116.0.1938.76 Safari/537.36"
52.167.144.188 - - [09/Jul/2025:07:28:27 -0600] "GET /shopdetail/14301646 HTTP/1.1" 500 - "-" "Mozilla/5.0 AppleWebKit/537.36 (KHTML, like Gecko; compatible; bingbot/2.0; +http://www.bing.com/bingbot.htm) Chrome/116.0.1938.76 Safari/537.36"
216.73.216.84 - - [09/Jul/2025:07:28:30 -0600] "GET /wp-includes/SimplePie/src/XML/Declaration/?C=S&O=A HTTP/1.1" 200 880 "-" "Mozilla/5.0 AppleWebKit/537.36 (KHTML, like Gecko; compatible; ClaudeBot/1.0; +claudebot@anthropic.com)"
66.249.77.196 - - [09/Jul/2025:07:28:30 -0600] "GET /shopdetail/15195813 HTTP/1.1" 500 - "-" "Mozilla/5.0 (Linux; Android 6.0.1; Nexus 5X Build/MMB29P) AppleWebKit/537.36 (KHTML, like Gecko) Chrome/137.0.7151.103 Mobile Safari/537.36 (compatible; GoogleOther)"
52.167.144.164 - - [09/Jul/2025:07:28:32 -0600] "GET /shopdetail/23958535 HTTP/1.1" 500 - "-" "Mozilla/5.0 AppleWebKit/537.36 (KHTML, like Gecko; compatible; bingbot/2.0; +http://www.bing.com/bingbot.htm) Chrome/116.0.1938.76 Safari/537.36"
52.167.144.164 - - [09/Jul/2025:07:28:33 -0600] "GET /shopdetail/12714724 HTTP/1.1" 500 - "-" "Mozilla/5.0 AppleWebKit/537.36 (KHTML, like Gecko; compatible; bingbot/2.0; +http://www.bing.com/bingbot.htm) Chrome/116.0.1938.76 Safari/537.36"
216.73.216.84 - - [09/Jul/2025:07:28:35 -0600] "GET /wp-includes/SimplePie/src/XML/?C=S&O=D HTTP/1.1" 200 854 "-" "Mozilla/5.0 AppleWebKit/537.36 (KHTML, like Gecko; compatible; ClaudeBot/1.0; +claudebot@anthropic.com)"
66.249.77.195 - - [09/Jul/2025:07:28:35 -0600] "GET /shopdetail/13813235 HTTP/1.1" 500 - "-" "Mozilla/5.0 (Linux; Android 6.0.1; Nexus 5X Build/MMB29P) AppleWebKit/537.36 (KHTML, like Gecko) Chrome/137.0.7151.103 Mobile Safari/537.36 (compatible; Googlebot/2.1; +http://www.google.com/bot.html)"
66.249.77.195 - - [09/Jul/2025:07:28:36 -0600] "GET /shopdetail/6211757 HTTP/1.1" 500 - "-" "Mozilla/5.0 (Linux; Android 6.0.1; Nexus 5X Build/MMB29P) AppleWebKit/537.36 (KHTML, like Gecko) Chrome/137.0.7151.103 Mobile Safari/537.36 (compatible; GoogleOther)"
216.73.216.84 - - [09/Jul/2025:07:28:40 -0600] "GET /wp-includes/js/tinymce/plugins/wpgallery/?C=N&O=D HTTP/1.1" 200 1059 "-" "Mozilla/5.0 AppleWebKit/537.36 (KHTML, like Gecko; compatible; ClaudeBot/1.0; +claudebot@anthropic.com)"
216.73.216.84 - - [09/Jul/2025:07:28:45 -0600] "GET /wp-includes/SimplePie/src/Decode/HTML/?C=S&O=A HTTP/1.1" 200 877 "-" "Mozilla/5.0 AppleWebKit/537.36 (KHTML, like Gecko; compatible; ClaudeBot/1.0; +claudebot@anthropic.com)"
66.249.77.195 - - [09/Jul/2025:07:28:48 -0600] "GET /shopdetail/17991246 HTTP/1.1" 500 - "-" "Mozilla/5.0 (Linux; Android 6.0.1; Nexus 5X Build/MMB29P) AppleWebKit/537.36 (KHTML, like Gecko) Chrome/137.0.7151.103 Mobile Safari/537.36 (compatible; Googlebot/2.1; +http://www.google.com/bot.html)"
66.249.77.195 - - [09/Jul/2025:07:28:49 -0600] "GET /shopdetail/27220291 HTTP/1.1" 500 - "-" "Mozilla/5.0 (compatible; Googlebot/2.1; +http://www.google.com/bot.html)"
52.167.144.164 - - [09/Jul/2025:07:28:49 -0600] "GET /shopdetail/29527980 HTTP/1.1" 500 - "-" "Mozilla/5.0 AppleWebKit/537.36 (KHTML, like Gecko; compatible; bingbot/2.0; +http://www.bing.com/bingbot.htm) Chrome/116.0.1938.76 Safari/537.36"
216.73.216.84 - - [09/Jul/2025:07:28:50 -0600] "GET /wp-includes/js/tinymce/plugins/wpdialogs/?C=S&O=A HTTP/1.1" 200 1059 "-" "Mozilla/5.0 AppleWebKit/537.36 (KHTML, like Gecko; compatible; ClaudeBot/1.0; +claudebot@anthropic.com)"
52.167.144.140 - - [09/Jul/2025:07:28:51 -0600] "GET /shopdetail/12860857 HTTP/1.1" 500 - "-" "Mozilla/5.0 AppleWebKit/537.36 (KHTML, like Gecko; compatible; bingbot/2.0; +http://www.bing.com/bingbot.htm) Chrome/116.0.1938.76 Safari/537.36"
66.249.77.195 - - [09/Jul/2025:07:28:52 -0600] "GET /shopdetail/29993824 HTTP/1.1" 500 - "-" "Mozilla/5.0 (Linux; Android 6.0.1; Nexus 5X Build/MMB29P) AppleWebKit/537.36 (KHTML, like Gecko) Chrome/137.0.7151.103 Mobile Safari/537.36 (compatible; Googlebot/2.1; +http://www.google.com/bot.html)"
52.167.144.16 - - [09/Jul/2025:07:28:56 -0600] "GET /shopdetail/9530757 HTTP/1.1" 500 - "-" "Mozilla/5.0 AppleWebKit/537.36 (KHTML, like Gecko; compatible; bingbot/2.0; +http://www.bing.com/bingbot.htm) Chrome/116.0.1938.76 Safari/537.36"
52.167.144.16 - - [09/Jul/2025:07:28:57 -0600] "GET /shopdetail/7377779 HTTP/1.1" 500 - "-" "Mozilla/5.0 AppleWebKit/537.36 (KHTML, like Gecko; compatible; bingbot/2.0; +http://www.bing.com/bingbot.htm) Chrome/116.0.1938.76 Safari/537.36"
52.167.144.188 - - [09/Jul/2025:07:28:58 -0600] "GET /shopdetail/853280 HTTP/1.1" 500 - "-" "Mozilla/5.0 AppleWebKit/537.36 (KHTML, like Gecko; compatible; bingbot/2.0; +http://www.bing.com/bingbot.htm) Chrome/116.0.1938.76 Safari/537.36"
20.15.133.174 - - [09/Jul/2025:07:28:58 -0600] "GET /shopdetail/5834335 HTTP/1.1" 500 - "-" "Mozilla/5.0 AppleWebKit/537.36 (KHTML, like Gecko; compatible; bingbot/2.0; +http://www.bing.com/bingbot.htm) Chrome/116.0.1938.76 Safari/537.36"
216.73.216.84 - - [09/Jul/2025:07:29:01 -0600] "GET /wp-includes/js/tinymce/plugins/paste/?C=S&O=A HTTP/1.1" 200 1051 "-" "Mozilla/5.0 AppleWebKit/537.36 (KHTML, like Gecko; compatible; ClaudeBot/1.0; +claudebot@anthropic.com)"
216.73.216.84 - - [09/Jul/2025:07:29:05 -0600] "GET /wp-includes/js/tinymce/utils/?C=D&O=D HTTP/1.1" 200 1393 "-" "Mozilla/5.0 AppleWebKit/537.36 (KHTML, like Gecko; compatible; ClaudeBot/1.0; +claudebot@anthropic.com)"
52.167.144.16 - - [09/Jul/2025:07:29:10 -0600] "GET /shopdetail/6398313 HTTP/1.1" 500 - "-" "Mozilla/5.0 AppleWebKit/537.36 (KHTML, like Gecko; compatible; bingbot/2.0; +http://www.bing.com/bingbot.htm) Chrome/116.0.1938.76 Safari/537.36"
216.73.216.84 - - [09/Jul/2025:07:29:10 -0600] "GET /wp-includes/js/tinymce/plugins/compat3x/?C=N&O=D HTTP/1.1" 200 1229 "-" "Mozilla/5.0 AppleWebKit/537.36 (KHTML, like Gecko; compatible; ClaudeBot/1.0; +claudebot@anthropic.com)"
66.249.77.195 - - [09/Jul/2025:07:29:13 -0600] "GET /shopdetail/16670768 HTTP/1.1" 500 - "-" "Mozilla/5.0 (Linux; Android 6.0.1; Nexus 5X Build/MMB29P) AppleWebKit/537.36 (KHTML, like Gecko) Chrome/137.0.7151.103 Mobile Safari/537.36 (compatible; GoogleOther)"
52.167.144.140 - - [09/Jul/2025:07:29:14 -0600] "GET /shopdetail/3594002 HTTP/1.1" 500 - "-" "Mozilla/5.0 AppleWebKit/537.36 (KHTML, like Gecko; compatible; bingbot/2.0; +http://www.bing.com/bingbot.htm) Chrome/116.0.1938.76 Safari/537.36"
66.249.77.195 - - [09/Jul/2025:07:29:14 -0600] "GET /shopdetail/1153602 HTTP/1.1" 500 - "-" "Mozilla/5.0 (Linux; Android 6.0.1; Nexus 5X Build/MMB29P) AppleWebKit/537.36 (KHTML, like Gecko) Chrome/137.0.7151.103 Mobile Safari/537.36 (compatible; Googlebot/2.1; +http://www.google.com/bot.html)"
216.73.216.84 - - [09/Jul/2025:07:29:15 -0600] "GET /wp-includes/js/dist/development/?C=S&O=D HTTP/1.1" 200 1453 "-" "Mozilla/5.0 AppleWebKit/537.36 (KHTML, like Gecko; compatible; ClaudeBot/1.0; +claudebot@anthropic.com)"
216.73.216.84 - - [09/Jul/2025:07:29:20 -0600] "GET /wp-includes/js/tinymce/plugins/wplink/?C=N&O=D HTTP/1.1" 200 1053 "-" "Mozilla/5.0 AppleWebKit/537.36 (KHTML, like Gecko; compatible; ClaudeBot/1.0; +claudebot@anthropic.com)"
52.167.144.140 - - [09/Jul/2025:07:29:21 -0600] "GET /shopdetail/6695579 HTTP/1.1" 500 - "-" "Mozilla/5.0 AppleWebKit/537.36 (KHTML, like Gecko; compatible; bingbot/2.0; +http://www.bing.com/bingbot.htm) Chrome/116.0.1938.76 Safari/537.36"
216.73.216.84 - - [09/Jul/2025:07:29:25 -0600] "GET /wp-includes/js/tinymce/plugins/fullscreen/?C=N&O=D HTTP/1.1" 200 1061 "-" "Mozilla/5.0 AppleWebKit/537.36 (KHTML, like Gecko; compatible; ClaudeBot/1.0; +claudebot@anthropic.com)"
52.167.144.146 - - [09/Jul/2025:07:29:27 -0600] "GET /pcmypage?callback=product%2Fdetail%2F98140599 HTTP/1.1" 500 - "-" "Mozilla/5.0 AppleWebKit/537.36 (KHTML, like Gecko; compatible; bingbot/2.0; +http://www.bing.com/bingbot.htm) Chrome/116.0.1938.76 Safari/537.36"
52.167.144.146 - - [09/Jul/2025:07:29:29 -0600] "GET /shopdetail/10336302 HTTP/1.1" 500 - "-" "Mozilla/5.0 AppleWebKit/537.36 (KHTML, like Gecko; compatible; bingbot/2.0; +http://www.bing.com/bingbot.htm) Chrome/116.0.1938.76 Safari/537.36"
66.249.77.195 - - [09/Jul/2025:07:29:34 -0600] "GET /shopdetail/29994046 HTTP/1.1" 500 - "-" "Mozilla/5.0 (compatible; Googlebot/2.1; +http://www.google.com/bot.html)"
66.249.77.196 - - [09/Jul/2025:07:29:37 -0600] "GET /shopdetail/26222502 HTTP/1.1" 500 - "-" "Mozilla/5.0 (Linux; Android 6.0.1; Nexus 5X Build/MMB29P) AppleWebKit/537.36 (KHTML, like Gecko) Chrome/137.0.7151.103 Mobile Safari/537.36 (compatible; GoogleOther)"
52.167.144.219 - - [09/Jul/2025:07:29:37 -0600] "GET /shopdetail/19636324 HTTP/1.1" 500 - "-" "Mozilla/5.0 AppleWebKit/537.36 (KHTML, like Gecko; compatible; bingbot/2.0; +http://www.bing.com/bingbot.htm) Chrome/116.0.1938.76 Safari/537.36"
52.167.144.16 - - [09/Jul/2025:07:29:40 -0600] "GET /shopdetail/24885357 HTTP/1.1" 500 - "-" "Mozilla/5.0 AppleWebKit/537.36 (KHTML, like Gecko; compatible; bingbot/2.0; +http://www.bing.com/bingbot.htm) Chrome/116.0.1938.76 Safari/537.36"
216.73.216.84 - - [09/Jul/2025:07:29:41 -0600] "GET /wp-includes/js/tinymce/plugins/wptextpattern/?C=D&O=A HTTP/1.1" 200 1067 "-" "Mozilla/5.0 AppleWebKit/537.36 (KHTML, like Gecko; compatible; ClaudeBot/1.0; +claudebot@anthropic.com)"
216.73.216.84 - - [09/Jul/2025:07:29:46 -0600] "GET /wp-includes/js/dist/script-modules/?C=M&O=D HTTP/1.1" 200 1404 "-" "Mozilla/5.0 AppleWebKit/537.36 (KHTML, like Gecko; compatible; ClaudeBot/1.0; +claudebot@anthropic.com)"
66.249.77.195 - - [09/Jul/2025:07:29:48 -0600] "GET /shopdetail/28420635 HTTP/1.1" 500 - "-" "Mozilla/5.0 (Linux; Android 6.0.1; Nexus 5X Build/MMB29P) AppleWebKit/537.36 (KHTML, like Gecko) Chrome/137.0.7151.103 Mobile Safari/537.36 (compatible; Googlebot/2.1; +http://www.google.com/bot.html)"
66.249.77.195 - - [09/Jul/2025:07:29:50 -0600] "GET /shopdetail/13272291 HTTP/1.1" 500 - "-" "Mozilla/5.0 (Linux; Android 6.0.1; Nexus 5X Build/MMB29P) AppleWebKit/537.36 (KHTML, like Gecko) Chrome/137.0.7151.103 Mobile Safari/537.36 (compatible; Googlebot/2.1; +http://www.google.com/bot.html)"
216.73.216.84 - - [09/Jul/2025:07:29:51 -0600] "GET /wp-includes/Requests/src/Exception/Http/?C=S&O=A HTTP/1.1" 200 6680 "-" "Mozilla/5.0 AppleWebKit/537.36 (KHTML, like Gecko; compatible; ClaudeBot/1.0; +claudebot@anthropic.com)"
216.73.216.84 - - [09/Jul/2025:07:29:56 -0600] "GET /wp-includes/js/tinymce/plugins/?C=D&O=D HTTP/1.1" 200 4566 "-" "Mozilla/5.0 AppleWebKit/537.36 (KHTML, like Gecko; compatible; ClaudeBot/1.0; +claudebot@anthropic.com)"
66.249.77.195 - - [09/Jul/2025:07:29:56 -0600] "GET /shopdetail/8604546 HTTP/1.1" 500 - "-" "Mozilla/5.0 (Linux; Android 6.0.1; Nexus 5X Build/MMB29P) AppleWebKit/537.36 (KHTML, like Gecko) Chrome/137.0.7151.103 Mobile Safari/537.36 (compatible; GoogleOther)"
47.82.60.26 - - [09/Jul/2025:07:29:57 -0600] "GET /shopdetail/15418824 HTTP/1.1" 500 - "https://dilseshaadi.com/shopdetail/15418824" "Mozilla/5.0 (Windows NT 10.0; Win64; x64) AppleWebKit/537.36 (KHTML, like Gecko) Chrome/114.0.0.0 Safari/537.36 Edg/114.0.1823.43"
52.167.144.16 - - [09/Jul/2025:07:29:59 -0600] "GET /shopdetail/14525335 HTTP/1.1" 500 - "-" "Mozilla/5.0 AppleWebKit/537.36 (KHTML, like Gecko; compatible; bingbot/2.0; +http://www.bing.com/bingbot.htm) Chrome/116.0.1938.76 Safari/537.36"
52.167.144.16 - - [09/Jul/2025:07:30:00 -0600] "GET /shopdetail/2489213 HTTP/1.1" 500 - "-" "Mozilla/5.0 AppleWebKit/537.36 (KHTML, like Gecko; compatible; bingbot/2.0; +http://www.bing.com/bingbot.htm) Chrome/116.0.1938.76 Safari/537.36"
216.73.216.84 - - [09/Jul/2025:07:30:01 -0600] "GET /wp-includes/js/tinymce/plugins/wptextpattern/?C=M&O=A HTTP/1.1" 200 1067 "-" "Mozilla/5.0 AppleWebKit/537.36 (KHTML, like Gecko; compatible; ClaudeBot/1.0; +claudebot@anthropic.com)"
216.73.216.84 - - [09/Jul/2025:07:30:06 -0600] "GET /wp-includes/js/tinymce/plugins/?C=M&O=D HTTP/1.1" 200 4566 "-" "Mozilla/5.0 AppleWebKit/537.36 (KHTML, like Gecko; compatible; ClaudeBot/1.0; +claudebot@anthropic.com)"
66.249.77.195 - - [09/Jul/2025:07:30:07 -0600] "GET /shopdetail/2408124 HTTP/1.1" 500 - "-" "Mozilla/5.0 (Linux; Android 6.0.1; Nexus 5X Build/MMB29P) AppleWebKit/537.36 (KHTML, like Gecko) Chrome/137.0.7151.103 Mobile Safari/537.36 (compatible; GoogleOther)"
52.167.144.140 - - [09/Jul/2025:07:30:08 -0600] "GET /shopdetail/20519324 HTTP/1.1" 500 - "-" "Mozilla/5.0 AppleWebKit/537.36 (KHTML, like Gecko; compatible; bingbot/2.0; +http://www.bing.com/bingbot.htm) Chrome/116.0.1938.76 Safari/537.36"
52.167.144.140 - - [09/Jul/2025:07:30:09 -0600] "GET /shopdetail/26214479 HTTP/1.1" 500 - "-" "Mozilla/5.0 AppleWebKit/537.36 (KHTML, like Gecko; compatible; bingbot/2.0; +http://www.bing.com/bingbot.htm) Chrome/116.0.1938.76 Safari/537.36"
52.167.144.140 - - [09/Jul/2025:07:30:09 -0600] "GET /shopdetail/23951880 HTTP/1.1" 500 - "-" "Mozilla/5.0 AppleWebKit/537.36 (KHTML, like Gecko; compatible; bingbot/2.0; +http://www.bing.com/bingbot.htm) Chrome/116.0.1938.76 Safari/537.36"
52.167.144.140 - - [09/Jul/2025:07:30:10 -0600] "GET /shopdetail/10202991 HTTP/1.1" 500 - "-" "Mozilla/5.0 AppleWebKit/537.36 (KHTML, like Gecko; compatible; bingbot/2.0; +http://www.bing.com/bingbot.htm) Chrome/116.0.1938.76 Safari/537.36"
66.249.77.196 - - [09/Jul/2025:07:30:12 -0600] "GET /shopdetail/17165913 HTTP/1.1" 500 - "-" "Mozilla/5.0 (compatible; Googlebot/2.1; +http://www.google.com/bot.html)"
216.73.216.84 - - [09/Jul/2025:07:30:22 -0600] "GET /wp-includes/js/tinymce/plugins/wpautoresize/?C=N&O=D HTTP/1.1" 200 1065 "-" "Mozilla/5.0 AppleWebKit/537.36 (KHTML, like Gecko; compatible; ClaudeBot/1.0; +claudebot@anthropic.com)"
52.167.144.140 - - [09/Jul/2025:07:30:23 -0600] "GET /shopdetail/2324479 HTTP/1.1" 500 - "-" "Mozilla/5.0 AppleWebKit/537.36 (KHTML, like Gecko; compatible; bingbot/2.0; +http://www.bing.com/bingbot.htm) Chrome/116.0.1938.76 Safari/537.36"
52.167.144.146 - - [09/Jul/2025:07:30:23 -0600] "GET /shopdetail/24732946 HTTP/1.1" 500 - "-" "Mozilla/5.0 AppleWebKit/537.36 (KHTML, like Gecko; compatible; bingbot/2.0; +http://www.bing.com/bingbot.htm) Chrome/116.0.1938.76 Safari/537.36"
216.73.216.84 - - [09/Jul/2025:07:30:26 -0600] "GET /wp-includes/js/tinymce/plugins/wpeditimage/?C=N&O=D HTTP/1.1" 200 1063 "-" "Mozilla/5.0 AppleWebKit/537.36 (KHTML, like Gecko; compatible; ClaudeBot/1.0; +claudebot@anthropic.com)"
216.73.216.84 - - [09/Jul/2025:07:30:31 -0600] "GET /wp-includes/js/tinymce/plugins/wpdialogs/?C=D&O=A HTTP/1.1" 200 1059 "-" "Mozilla/5.0 AppleWebKit/537.36 (KHTML, like Gecko; compatible; ClaudeBot/1.0; +claudebot@anthropic.com)"
52.167.144.164 - - [09/Jul/2025:07:30:33 -0600] "GET /shopdetail/16130135 HTTP/1.1" 500 - "-" "Mozilla/5.0 AppleWebKit/537.36 (KHTML, like Gecko; compatible; bingbot/2.0; +http://www.bing.com/bingbot.htm) Chrome/116.0.1938.76 Safari/537.36"
216.73.216.84 - - [09/Jul/2025:07:30:36 -0600] "GET /wp-includes/js/tinymce/plugins/wordpress/?C=M&O=A HTTP/1.1" 200 1059 "-" "Mozilla/5.0 AppleWebKit/537.36 (KHTML, like Gecko; compatible; ClaudeBot/1.0; +claudebot@anthropic.com)"
47.82.60.27 - - [09/Jul/2025:07:30:37 -0600] "GET /shopdetail/11289302 HTTP/1.1" 500 - "https://dilseshaadi.com/shopdetail/11289302" "Mozilla/5.0 (Windows NT 10.0; Win64; x64) AppleWebKit/537.36 (KHTML, like Gecko) Chrome/114.0.0.0 Safari/537.36 Edg/114.0.1823.43"
66.249.77.195 - - [09/Jul/2025:07:30:37 -0600] "GET /shopdetail/6323557 HTTP/1.1" 500 - "-" "Mozilla/5.0 (Linux; Android 6.0.1; Nexus 5X Build/MMB29P) AppleWebKit/537.36 (KHTML, like Gecko) Chrome/137.0.7151.103 Mobile Safari/537.36 (compatible; GoogleOther)"
52.167.144.219 - - [09/Jul/2025:07:30:38 -0600] "GET /shopdetail/25890980 HTTP/1.1" 500 - "-" "Mozilla/5.0 AppleWebKit/537.36 (KHTML, like Gecko; compatible; bingbot/2.0; +http://www.bing.com/bingbot.htm) Chrome/116.0.1938.76 Safari/537.36"
66.249.77.195 - - [09/Jul/2025:07:30:39 -0600] "GET /shopdetail/16890168 HTTP/1.1" 500 - "-" "Mozilla/5.0 (Linux; Android 6.0.1; Nexus 5X Build/MMB29P) AppleWebKit/537.36 (KHTML, like Gecko) Chrome/137.0.7151.103 Mobile Safari/537.36 (compatible; GoogleOther)"
216.73.216.84 - - [09/Jul/2025:07:30:41 -0600] "GET /wp-includes/js/dist/script-modules/?C=D&O=D HTTP/1.1" 200 1404 "-" "Mozilla/5.0 AppleWebKit/537.36 (KHTML, like Gecko; compatible; ClaudeBot/1.0; +claudebot@anthropic.com)"
66.249.77.195 - - [09/Jul/2025:07:30:44 -0600] "GET /shopdetail/18572979 HTTP/1.1" 500 - "-" "Mozilla/5.0 (compatible; Googlebot/2.1; +http://www.google.com/bot.html)"
216.73.216.84 - - [09/Jul/2025:07:30:46 -0600] "GET /wp-includes/js/tinymce/plugins/wpdialogs/?C=M&O=A HTTP/1.1" 200 1059 "-" "Mozilla/5.0 AppleWebKit/537.36 (KHTML, like Gecko; compatible; ClaudeBot/1.0; +claudebot@anthropic.com)"
66.249.77.195 - - [09/Jul/2025:07:30:47 -0600] "GET /shopdetail/28624713 HTTP/1.1" 500 - "-" "Mozilla/5.0 (Linux; Android 6.0.1; Nexus 5X Build/MMB29P) AppleWebKit/537.36 (KHTML, like Gecko) Chrome/137.0.7151.103 Mobile Safari/537.36 (compatible; Googlebot/2.1; +http://www.google.com/bot.html)"
52.167.144.164 - - [09/Jul/2025:07:30:47 -0600] "GET /pcmypage?callback=product%2Fdetail%2F57815068 HTTP/1.1" 500 - "-" "Mozilla/5.0 AppleWebKit/537.36 (KHTML, like Gecko; compatible; bingbot/2.0; +http://www.bing.com/bingbot.htm) Chrome/116.0.1938.76 Safari/537.36"
52.167.144.146 - - [09/Jul/2025:07:30:51 -0600] "GET /pcmypage?callback=product%2Fdetail%2F92907580 HTTP/1.1" 500 - "-" "Mozilla/5.0 AppleWebKit/537.36 (KHTML, like Gecko; compatible; bingbot/2.0; +http://www.bing.com/bingbot.htm) Chrome/116.0.1938.76 Safari/537.36"
52.167.144.188 - - [09/Jul/2025:07:30:54 -0600] "GET /shopdetail/14422502 HTTP/1.1" 500 - "-" "Mozilla/5.0 AppleWebKit/537.36 (KHTML, like Gecko; compatible; bingbot/2.0; +http://www.bing.com/bingbot.htm) Chrome/116.0.1938.76 Safari/537.36"
52.167.144.188 - - [09/Jul/2025:07:30:54 -0600] "GET /shopdetail/25824735 HTTP/1.1" 500 - "-" "Mozilla/5.0 AppleWebKit/537.36 (KHTML, like Gecko; compatible; bingbot/2.0; +http://www.bing.com/bingbot.htm) Chrome/116.0.1938.76 Safari/537.36"
