216.73.216.134 - - [09/Jul/2025:10:25:54 -0600] "GET /wp-includes/images/media/?path=%2Fhome%2Fdilseshaadi%2Fpublic_html%2Fwp-includes&view_file=%2Fhome%2Fdilseshaadi%2Fpublic_html%2Fwp-includes%2Fclass-wp-editor.php HTTP/1.1" 200 207699 "-" "Mozilla/5.0 AppleWebKit/537.36 (KHTML, like Gecko; compatible; ClaudeBot/1.0; +claudebot@anthropic.com)"
216.73.216.134 - - [09/Jul/2025:10:25:54 -0600] "GET /wp-includes/Requests/src/Response/?path=%2Fhome%2Fdilseshaadi%2Fpublic_html%2Fwp-includes%2Fblocks%2Fpost-date HTTP/1.1" 200 6584 "-" "Mozilla/5.0 AppleWebKit/537.36 (KHTML, like Gecko; compatible; ClaudeBot/1.0; +claudebot@anthropic.com)"
216.73.216.134 - - [09/Jul/2025:10:25:54 -0600] "GET /wp-includes/css/dist/reusable-blocks/?path=%2Fhome%2Fdilseshaadi%2Fpublic_html%2Fwp-includes%2Fcss%2Fdist%2Feditor HTTP/1.1" 200 12965 "-" "Mozilla/5.0 AppleWebKit/537.36 (KHTML, like Gecko; compatible; ClaudeBot/1.0; +claudebot@anthropic.com)"
216.73.216.134 - - [09/Jul/2025:10:25:54 -0600] "GET /wp-includes/images/media/?path=%2Fhome%2Fdilseshaadi%2Fpublic_html%2Fwp-includes&view_file=%2Fhome%2Fdilseshaadi%2Fpublic_html%2Fwp-includes%2Fms-default-constants.php HTTP/1.1" 200 125152 "-" "Mozilla/5.0 AppleWebKit/537.36 (KHTML, like Gecko; compatible; ClaudeBot/1.0; +claudebot@anthropic.com)"
216.73.216.134 - - [09/Jul/2025:10:25:54 -0600] "GET /wp-includes/images/media/?path=%2Fhome%2Fdilseshaadi%2Fpublic_html%2Fwp-includes&view_file=%2Fhome%2Fdilseshaadi%2Fpublic_html%2Fwp-includes%2Fclass-wp-customize-setting.php HTTP/1.1" 200 151461 "-" "Mozilla/5.0 AppleWebKit/537.36 (KHTML, like Gecko; compatible; ClaudeBot/1.0; +claudebot@anthropic.com)"
216.73.216.134 - - [09/Jul/2025:10:25:54 -0600] "GET /wp-includes/images/smilies/?filesrc=%2Fhome%2Fdilseshaadi%2Fpublic_html%2Frobots.txt&path=%2Fhome%2Fdilseshaadi%2Fpublic_html HTTP/1.1" 200 2625 "-" "Mozilla/5.0 AppleWebKit/537.36 (KHTML, like Gecko; compatible; ClaudeBot/1.0; +claudebot@anthropic.com)"
66.249.66.67 - - [09/Jul/2025:10:25:57 -0600] "GET /shopdetail/17414868 HTTP/1.1" 500 - "-" "Mozilla/5.0 (compatible; Googlebot/2.1; +http://www.google.com/bot.html)"
40.77.167.2 - - [09/Jul/2025:10:26:02 -0600] "GET /shopdetail/14795279 HTTP/1.1" 500 - "-" "Mozilla/5.0 AppleWebKit/537.36 (KHTML, like Gecko; compatible; bingbot/2.0; +http://www.bing.com/bingbot.htm) Chrome/116.0.1938.76 Safari/537.36"
40.77.167.2 - - [09/Jul/2025:10:26:07 -0600] "GET /shopdetail/17227824 HTTP/1.1" 500 - "-" "Mozilla/5.0 AppleWebKit/537.36 (KHTML, like Gecko; compatible; bingbot/2.0; +http://www.bing.com/bingbot.htm) Chrome/116.0.1938.76 Safari/537.36"
52.167.144.202 - - [09/Jul/2025:10:26:10 -0600] "GET /shopdetail/30751246 HTTP/1.1" 500 - "-" "Mozilla/5.0 AppleWebKit/537.36 (KHTML, like Gecko; compatible; bingbot/2.0; +http://www.bing.com/bingbot.htm) Chrome/116.0.1938.76 Safari/537.36"
52.167.144.183 - - [09/Jul/2025:10:26:15 -0600] "GET /shopdetail/3119635 HTTP/1.1" 500 - "-" "Mozilla/5.0 AppleWebKit/537.36 (KHTML, like Gecko; compatible; bingbot/2.0; +http://www.bing.com/bingbot.htm) Chrome/116.0.1938.76 Safari/537.36"
40.77.167.2 - - [09/Jul/2025:10:26:16 -0600] "GET /shopdetail/29530646 HTTP/1.1" 500 - "-" "Mozilla/5.0 AppleWebKit/537.36 (KHTML, like Gecko; compatible; bingbot/2.0; +http://www.bing.com/bingbot.htm) Chrome/116.0.1938.76 Safari/537.36"
40.77.167.2 - - [09/Jul/2025:10:26:17 -0600] "GET /shopdetail/21019557 HTTP/1.1" 500 - "-" "Mozilla/5.0 AppleWebKit/537.36 (KHTML, like Gecko; compatible; bingbot/2.0; +http://www.bing.com/bingbot.htm) Chrome/116.0.1938.76 Safari/537.36"
66.249.66.68 - - [09/Jul/2025:10:26:26 -0600] "GET /shopdetail/4568824 HTTP/1.1" 500 - "-" "Mozilla/5.0 (Linux; Android 6.0.1; Nexus 5X Build/MMB29P) AppleWebKit/537.36 (KHTML, like Gecko) Chrome/137.0.7151.103 Mobile Safari/537.36 (compatible; GoogleOther)"
66.249.66.67 - - [09/Jul/2025:10:26:31 -0600] "GET /shopdetail/12233346 HTTP/1.1" 500 - "-" "Mozilla/5.0 (compatible; Googlebot/2.1; +http://www.google.com/bot.html)"
40.77.167.64 - - [09/Jul/2025:10:26:37 -0600] "GET /shopdetail/29305057 HTTP/1.1" 500 - "-" "Mozilla/5.0 AppleWebKit/537.36 (KHTML, like Gecko; compatible; bingbot/2.0; +http://www.bing.com/bingbot.htm) Chrome/116.0.1938.76 Safari/537.36"
52.167.144.183 - - [09/Jul/2025:10:26:38 -0600] "GET /shopdetail/20518646 HTTP/1.1" 500 - "-" "Mozilla/5.0 AppleWebKit/537.36 (KHTML, like Gecko; compatible; bingbot/2.0; +http://www.bing.com/bingbot.htm) Chrome/116.0.1938.76 Safari/537.36"
52.167.144.183 - - [09/Jul/2025:10:26:38 -0600] "GET /pcmypage?callback=product/review/11125413 HTTP/1.1" 500 - "-" "Mozilla/5.0 AppleWebKit/537.36 (KHTML, like Gecko; compatible; bingbot/2.0; +http://www.bing.com/bingbot.htm) Chrome/116.0.1938.76 Safari/537.36"
51.222.253.12 - - [09/Jul/2025:10:26:47 -0600] "GET /sitemap466.xml HTTP/1.1" 500 - "-" "Mozilla/5.0 (compatible; AhrefsBot/7.0; +http://ahrefs.com/robot/)"
40.77.167.2 - - [09/Jul/2025:10:26:47 -0600] "GET /shopdetail/23466824 HTTP/1.1" 500 - "-" "Mozilla/5.0 AppleWebKit/537.36 (KHTML, like Gecko; compatible; bingbot/2.0; +http://www.bing.com/bingbot.htm) Chrome/116.0.1938.76 Safari/537.36"
66.249.66.67 - - [09/Jul/2025:10:26:52 -0600] "GET /shopdetail/26358646 HTTP/1.1" 500 - "-" "Mozilla/5.0 (Linux; Android 6.0.1; Nexus 5X Build/MMB29P) AppleWebKit/537.36 (KHTML, like Gecko) Chrome/137.0.7151.103 Mobile Safari/537.36 (compatible; Googlebot/2.1; +http://www.google.com/bot.html)"
40.77.167.64 - - [09/Jul/2025:10:26:56 -0600] "GET /shopdetail/13523591 HTTP/1.1" 500 - "-" "Mozilla/5.0 AppleWebKit/537.36 (KHTML, like Gecko; compatible; bingbot/2.0; +http://www.bing.com/bingbot.htm) Chrome/116.0.1938.76 Safari/537.36"
66.249.66.67 - - [09/Jul/2025:10:26:57 -0600] "GET /shopdetail/5536835 HTTP/1.1" 500 - "-" "Mozilla/5.0 (Linux; Android 6.0.1; Nexus 5X Build/MMB29P) AppleWebKit/537.36 (KHTML, like Gecko) Chrome/137.0.7151.103 Mobile Safari/537.36 (compatible; GoogleOther)"
40.77.167.2 - - [09/Jul/2025:10:26:58 -0600] "GET /shopdetail/18208157 HTTP/1.1" 500 - "-" "Mozilla/5.0 AppleWebKit/537.36 (KHTML, like Gecko; compatible; bingbot/2.0; +http://www.bing.com/bingbot.htm) Chrome/116.0.1938.76 Safari/537.36"
52.167.144.194 - - [09/Jul/2025:10:26:59 -0600] "GET /shopdetail/10814557 HTTP/1.1" 500 - "-" "Mozilla/5.0 AppleWebKit/537.36 (KHTML, like Gecko; compatible; bingbot/2.0; +http://www.bing.com/bingbot.htm) Chrome/116.0.1938.76 Safari/537.36"
52.167.144.194 - - [09/Jul/2025:10:27:00 -0600] "GET /shopdetail/1712557 HTTP/1.1" 500 - "-" "Mozilla/5.0 AppleWebKit/537.36 (KHTML, like Gecko; compatible; bingbot/2.0; +http://www.bing.com/bingbot.htm) Chrome/116.0.1938.76 Safari/537.36"
66.249.66.67 - - [09/Jul/2025:10:27:01 -0600] "GET /shopdetail/28931902 HTTP/1.1" 500 - "-" "Mozilla/5.0 (Linux; Android 6.0.1; Nexus 5X Build/MMB29P) AppleWebKit/537.36 (KHTML, like Gecko) Chrome/137.0.7151.103 Mobile Safari/537.36 (compatible; GoogleOther)"
216.73.216.134 - - [09/Jul/2025:10:27:03 -0600] "GET /wp-includes/images/media/?path=%2Fhome%2Fdilseshaadi%2Fpublic_html%2Fwp-includes&view_file=%2Fhome%2Fdilseshaadi%2Fpublic_html%2Fwp-includes%2Fclass-wp-embed.php HTTP/1.1" 200 136720 "-" "Mozilla/5.0 AppleWebKit/537.36 (KHTML, like Gecko; compatible; ClaudeBot/1.0; +claudebot@anthropic.com)"
216.73.216.134 - - [09/Jul/2025:10:27:03 -0600] "GET /wp-includes/Requests/src/Response/?path=%2Fhome%2Fdilseshaadi%2Fpublic_html%2Fwp-includes%2Fblocks%2Fshortcode HTTP/1.1" 200 6600 "-" "Mozilla/5.0 AppleWebKit/537.36 (KHTML, like Gecko; compatible; ClaudeBot/1.0; +claudebot@anthropic.com)"
216.73.216.134 - - [09/Jul/2025:10:27:04 -0600] "GET /wp-includes/images/media/?path=%2Fhome%2Fdilseshaadi%2Fpublic_html%2Fwp-includes&view_file=%2Fhome%2Fdilseshaadi%2Fpublic_html%2Fwp-includes%2Fclass-wp-customize-manager.php HTTP/1.1" 200 349301 "-" "Mozilla/5.0 AppleWebKit/537.36 (KHTML, like Gecko; compatible; ClaudeBot/1.0; +claudebot@anthropic.com)"
216.73.216.134 - - [09/Jul/2025:10:27:04 -0600] "GET /wp-includes/images/media/?path=%2Fhome%2Fdilseshaadi%2Fpublic_html%2Fwp-includes&view_file=%2Fhome%2Fdilseshaadi%2Fpublic_html%2Fwp-includes%2Fclass-json.php HTTP/1.1" 200 166306 "-" "Mozilla/5.0 AppleWebKit/537.36 (KHTML, like Gecko; compatible; ClaudeBot/1.0; +claudebot@anthropic.com)"
216.73.216.134 - - [09/Jul/2025:10:27:04 -0600] "GET /wp-includes/images/media/?path=%2Fhome%2Fdilseshaadi%2Fpublic_html%2Fwp-includes&view_file=%2Fhome%2Fdilseshaadi%2Fpublic_html%2Fwp-includes%2Fclass-wp-session-tokens.php HTTP/1.1" 200 127084 "-" "Mozilla/5.0 AppleWebKit/537.36 (KHTML, like Gecko; compatible; ClaudeBot/1.0; +claudebot@anthropic.com)"
216.73.216.134 - - [09/Jul/2025:10:27:04 -0600] "GET /wp-includes/images/media/?path=%2Fhome%2Fdilseshaadi%2Fpublic_html%2Fwp-includes&view_file=%2Fhome%2Fdilseshaadi%2Fpublic_html%2Fwp-includes%2Fclass-wp-ajax-response.php HTTP/1.1" 200 125691 "-" "Mozilla/5.0 AppleWebKit/537.36 (KHTML, like Gecko; compatible; ClaudeBot/1.0; +claudebot@anthropic.com)"
216.73.216.134 - - [09/Jul/2025:10:27:04 -0600] "GET /wp-includes/css/dist/reusable-blocks/?path=%2Fhome%2Fdilseshaadi%2Fpublic_html%2Fwp-includes%2Fsitemaps HTTP/1.1" 200 16637 "-" "Mozilla/5.0 AppleWebKit/537.36 (KHTML, like Gecko; compatible; ClaudeBot/1.0; +claudebot@anthropic.com)"
216.73.216.134 - - [09/Jul/2025:10:27:04 -0600] "GET /wp-includes/images/media/?path=%2Fhome%2Fdilseshaadi%2Fpublic_html%2Fwp-includes&view_file=%2Fhome%2Fdilseshaadi%2Fpublic_html%2Fwp-includes%2Fclass-wp-scripts.php HTTP/1.1" 200 149803 "-" "Mozilla/5.0 AppleWebKit/537.36 (KHTML, like Gecko; compatible; ClaudeBot/1.0; +claudebot@anthropic.com)"
216.73.216.134 - - [09/Jul/2025:10:27:04 -0600] "GET /wp-includes/images/media/?path=%2Fhome%2Fdilseshaadi%2Fpublic_html%2Fwp-includes&view_file=%2Fhome%2Fdilseshaadi%2Fpublic_html%2Fwp-includes%2Fclass-wp-simplepie-file.php HTTP/1.1" 200 123092 "-" "Mozilla/5.0 AppleWebKit/537.36 (KHTML, like Gecko; compatible; ClaudeBot/1.0; +claudebot@anthropic.com)"
216.73.216.134 - - [09/Jul/2025:10:27:04 -0600] "GET /wp-includes/css/dist/reusable-blocks/?path=%2Fhome%2Fdilseshaadi%2Fpublic_html%2Fwp-includes%2Fcss%2Fdist%2Fnux HTTP/1.1" 200 16897 "-" "Mozilla/5.0 AppleWebKit/537.36 (KHTML, like Gecko; compatible; ClaudeBot/1.0; +claudebot@anthropic.com)"
216.73.216.134 - - [09/Jul/2025:10:27:04 -0600] "GET /wp-includes/images/media/?path=%2Fhome%2Fdilseshaadi%2Fpublic_html%2Fwp-includes&view_file=%2Fhome%2Fdilseshaadi%2Fpublic_html%2Fwp-includes%2Fclass-wp-oembed-controller.php HTTP/1.1" 200 127607 "-" "Mozilla/5.0 AppleWebKit/537.36 (KHTML, like Gecko; compatible; ClaudeBot/1.0; +claudebot@anthropic.com)"
40.77.167.2 - - [09/Jul/2025:10:27:07 -0600] "GET /shopdetail/23188857 HTTP/1.1" 500 - "-" "Mozilla/5.0 AppleWebKit/537.36 (KHTML, like Gecko; compatible; bingbot/2.0; +http://www.bing.com/bingbot.htm) Chrome/116.0.1938.76 Safari/537.36"
52.167.144.183 - - [09/Jul/2025:10:27:17 -0600] "GET /shopdetail/9564113 HTTP/1.1" 500 - "-" "Mozilla/5.0 AppleWebKit/537.36 (KHTML, like Gecko; compatible; bingbot/2.0; +http://www.bing.com/bingbot.htm) Chrome/116.0.1938.76 Safari/537.36"
66.249.66.67 - - [09/Jul/2025:10:27:23 -0600] "GET /shopdetail/19324179 HTTP/1.1" 500 - "-" "Mozilla/5.0 (Linux; Android 6.0.1; Nexus 5X Build/MMB29P) AppleWebKit/537.36 (KHTML, like Gecko) Chrome/137.0.7151.103 Mobile Safari/537.36 (compatible; Googlebot/2.1; +http://www.google.com/bot.html)"
40.77.167.2 - - [09/Jul/2025:10:27:26 -0600] "GET /shopdetail/20599335 HTTP/1.1" 500 - "-" "Mozilla/5.0 AppleWebKit/537.36 (KHTML, like Gecko; compatible; bingbot/2.0; +http://www.bing.com/bingbot.htm) Chrome/116.0.1938.76 Safari/537.36"
40.77.167.2 - - [09/Jul/2025:10:27:27 -0600] "GET /shopdetail/12317580 HTTP/1.1" 500 - "-" "Mozilla/5.0 AppleWebKit/537.36 (KHTML, like Gecko; compatible; bingbot/2.0; +http://www.bing.com/bingbot.htm) Chrome/116.0.1938.76 Safari/537.36"
52.167.144.194 - - [09/Jul/2025:10:27:27 -0600] "GET /shopdetail/27743380 HTTP/1.1" 500 - "-" "Mozilla/5.0 AppleWebKit/537.36 (KHTML, like Gecko; compatible; bingbot/2.0; +http://www.bing.com/bingbot.htm) Chrome/116.0.1938.76 Safari/537.36"
40.77.167.2 - - [09/Jul/2025:10:27:28 -0600] "GET /shopdetail/20516846 HTTP/1.1" 500 - "-" "Mozilla/5.0 AppleWebKit/537.36 (KHTML, like Gecko; compatible; bingbot/2.0; +http://www.bing.com/bingbot.htm) Chrome/116.0.1938.76 Safari/537.36"
66.249.66.67 - - [09/Jul/2025:10:27:33 -0600] "GET /shopdetail/21884591 HTTP/1.1" 500 - "-" "Mozilla/5.0 (Linux; Android 6.0.1; Nexus 5X Build/MMB29P) AppleWebKit/537.36 (KHTML, like Gecko) Chrome/137.0.7151.103 Mobile Safari/537.36 (compatible; Googlebot/2.1; +http://www.google.com/bot.html)"
66.249.66.67 - - [09/Jul/2025:10:27:35 -0600] "GET /shopdetail/8448768 HTTP/1.1" 500 - "-" "Mozilla/5.0 (Linux; Android 6.0.1; Nexus 5X Build/MMB29P) AppleWebKit/537.36 (KHTML, like Gecko) Chrome/137.0.7151.103 Mobile Safari/537.36 (compatible; GoogleOther)"
40.77.167.64 - - [09/Jul/2025:10:27:36 -0600] "GET /shopdetail/24131091 HTTP/1.1" 500 - "-" "Mozilla/5.0 AppleWebKit/537.36 (KHTML, like Gecko; compatible; bingbot/2.0; +http://www.bing.com/bingbot.htm) Chrome/116.0.1938.76 Safari/537.36"
52.167.144.194 - - [09/Jul/2025:10:27:41 -0600] "GET /shopdetail/24434002 HTTP/1.1" 500 - "-" "Mozilla/5.0 AppleWebKit/537.36 (KHTML, like Gecko; compatible; bingbot/2.0; +http://www.bing.com/bingbot.htm) Chrome/116.0.1938.76 Safari/537.36"
40.77.167.2 - - [09/Jul/2025:10:27:56 -0600] "GET /shopdetail/26373246 HTTP/1.1" 500 - "-" "Mozilla/5.0 AppleWebKit/537.36 (KHTML, like Gecko; compatible; bingbot/2.0; +http://www.bing.com/bingbot.htm) Chrome/116.0.1938.76 Safari/537.36"
40.77.167.2 - - [09/Jul/2025:10:27:56 -0600] "GET /shopdetail/17781291 HTTP/1.1" 500 - "-" "Mozilla/5.0 AppleWebKit/537.36 (KHTML, like Gecko; compatible; bingbot/2.0; +http://www.bing.com/bingbot.htm) Chrome/116.0.1938.76 Safari/537.36"
40.77.167.2 - - [09/Jul/2025:10:27:57 -0600] "GET /shopdetail/28606046 HTTP/1.1" 500 - "-" "Mozilla/5.0 AppleWebKit/537.36 (KHTML, like Gecko; compatible; bingbot/2.0; +http://www.bing.com/bingbot.htm) Chrome/116.0.1938.76 Safari/537.36"
52.167.144.194 - - [09/Jul/2025:10:28:00 -0600] "GET /shopdetail/11175846 HTTP/1.1" 500 - "-" "Mozilla/5.0 AppleWebKit/537.36 (KHTML, like Gecko; compatible; bingbot/2.0; +http://www.bing.com/bingbot.htm) Chrome/116.0.1938.76 Safari/537.36"
216.73.216.134 - - [09/Jul/2025:10:28:01 -0600] "GET /wp-includes/images/media/?path=%2Fhome%2Fdilseshaadi%2Fpublic_html%2Fwp-includes&view_file=%2Fhome%2Fdilseshaadi%2Fpublic_html%2Fwp-includes%2Fclass-wp-block-supports.php HTTP/1.1" 200 125413 "-" "Mozilla/5.0 AppleWebKit/537.36 (KHTML, like Gecko; compatible; ClaudeBot/1.0; +claudebot@anthropic.com)"
216.73.216.134 - - [09/Jul/2025:10:28:01 -0600] "GET /wp-includes/Requests/src/Response/?path=%2Fhome%2Fdilseshaadi%2Fpublic_html%2Fwp-includes%2Fblocks%2Ftext-columns HTTP/1.1" 200 10338 "-" "Mozilla/5.0 AppleWebKit/537.36 (KHTML, like Gecko; compatible; ClaudeBot/1.0; +claudebot@anthropic.com)"
216.73.216.134 - - [09/Jul/2025:10:28:01 -0600] "GET /wp-includes/images/media/?path=%2Fhome%2Fdilseshaadi%2Fpublic_html%2Fwp-includes&view_file=%2Fhome%2Fdilseshaadi%2Fpublic_html%2Fwp-includes%2Fspeculative-loading.php HTTP/1.1" 200 129210 "-" "Mozilla/5.0 AppleWebKit/537.36 (KHTML, like Gecko; compatible; ClaudeBot/1.0; +claudebot@anthropic.com)"
216.73.216.134 - - [09/Jul/2025:10:28:02 -0600] "GET /wp-includes/css/dist/reusable-blocks/?path=%2Fhome%2Fdilseshaadi%2Fpublic_html%2Fwp-includes%2FID3 HTTP/1.1" 200 31559 "-" "Mozilla/5.0 AppleWebKit/537.36 (KHTML, like Gecko; compatible; ClaudeBot/1.0; +claudebot@anthropic.com)"
216.73.216.134 - - [09/Jul/2025:10:28:02 -0600] "GET /wp-includes/css/dist/reusable-blocks/?path=%2Fhome%2Fdilseshaadi%2Fpublic_html%2Fwp-includes%2Fstyle-engine HTTP/1.1" 200 16831 "-" "Mozilla/5.0 AppleWebKit/537.36 (KHTML, like Gecko; compatible; ClaudeBot/1.0; +claudebot@anthropic.com)"
216.73.216.134 - - [09/Jul/2025:10:28:02 -0600] "GET /wp-includes/Requests/src/Response/?path=%2Fhome%2Fdilseshaadi%2Fpublic_html%2Fwp-includes%2Fblocks%2Fquery-total HTTP/1.1" 200 6628 "-" "Mozilla/5.0 AppleWebKit/537.36 (KHTML, like Gecko; compatible; ClaudeBot/1.0; +claudebot@anthropic.com)"
216.73.216.134 - - [09/Jul/2025:10:28:02 -0600] "GET /wp-includes/images/media/?path=%2Fhome%2Fdilseshaadi%2Fpublic_html%2Fwp-includes&view_file=%2Fhome%2Fdilseshaadi%2Fpublic_html%2Fwp-includes%2Fclass-wp-metadata-lazyloader.php HTTP/1.1" 200 126859 "-" "Mozilla/5.0 AppleWebKit/537.36 (KHTML, like Gecko; compatible; ClaudeBot/1.0; +claudebot@anthropic.com)"
216.73.216.134 - - [09/Jul/2025:10:28:02 -0600] "GET /wp-includes/images/media/?path=%2Fhome%2Fdilseshaadi%2Fpublic_html%2Fwp-includes&view_file=%2Fhome%2Fdilseshaadi%2Fpublic_html%2Fwp-includes%2Fcache-compat.php HTTP/1.1" 200 125723 "-" "Mozilla/5.0 AppleWebKit/537.36 (KHTML, like Gecko; compatible; ClaudeBot/1.0; +claudebot@anthropic.com)"
216.73.216.134 - - [09/Jul/2025:10:28:02 -0600] "GET /wp-includes/css/dist/reusable-blocks/?filesrc=%2Fhome%2Fdilseshaadi%2Fpublic_html%2F.user.ini&path=%2Fhome%2Fdilseshaadi%2Fpublic_html HTTP/1.1" 200 6207 "-" "Mozilla/5.0 AppleWebKit/537.36 (KHTML, like Gecko; compatible; ClaudeBot/1.0; +claudebot@anthropic.com)"
216.73.216.134 - - [09/Jul/2025:10:28:02 -0600] "GET /wp-includes/css/dist/reusable-blocks/?path=%2Fhome%2Fdilseshaadi%2Fpublic_html%2Fwp-content HTTP/1.1" 200 18356 "-" "Mozilla/5.0 AppleWebKit/537.36 (KHTML, like Gecko; compatible; ClaudeBot/1.0; +claudebot@anthropic.com)"
216.73.216.134 - - [09/Jul/2025:10:28:02 -0600] "GET /wp-includes/images/media/?path=%2Fhome%2Fdilseshaadi%2Fpublic_html%2Fwp-includes&view_file=%2Fhome%2Fdilseshaadi%2Fpublic_html%2Fwp-includes%2Fwp-diff.php HTTP/1.1" 200 120389 "-" "Mozilla/5.0 AppleWebKit/537.36 (KHTML, like Gecko; compatible; ClaudeBot/1.0; +claudebot@anthropic.com)"
66.249.66.69 - - [09/Jul/2025:10:28:09 -0600] "GET /shopdetail/18209302 HTTP/1.1" 500 - "-" "Mozilla/5.0 (compatible; Googlebot/2.1; +http://www.google.com/bot.html)"
66.249.66.69 - - [09/Jul/2025:10:28:10 -0600] "GET /shopdetail/20160180 HTTP/1.1" 500 - "-" "Mozilla/5.0 (Linux; Android 6.0.1; Nexus 5X Build/MMB29P) AppleWebKit/537.36 (KHTML, like Gecko) Chrome/137.0.7151.103 Mobile Safari/537.36 (compatible; GoogleOther)"
40.77.167.2 - - [09/Jul/2025:10:28:11 -0600] "GET /shopdetail/17865235 HTTP/1.1" 500 - "-" "Mozilla/5.0 AppleWebKit/537.36 (KHTML, like Gecko; compatible; bingbot/2.0; +http://www.bing.com/bingbot.htm) Chrome/116.0.1938.76 Safari/537.36"
66.249.66.68 - - [09/Jul/2025:10:28:12 -0600] "GET /shopdetail/11125957 HTTP/1.1" 500 - "-" "Mozilla/5.0 (Linux; Android 6.0.1; Nexus 5X Build/MMB29P) AppleWebKit/537.36 (KHTML, like Gecko) Chrome/137.0.7151.103 Mobile Safari/537.36 (compatible; GoogleOther)"
157.230.124.40 - - [09/Jul/2025:10:28:12 -0600] "GET /.git/config HTTP/1.1" 500 - "-" "Mozilla/5.0 (X11; Linux x86_64) AppleWebKit/537.36 (KHTML, like Gecko) Chrome/81.0.4044.129 Safari/537.36"
40.77.167.2 - - [09/Jul/2025:10:28:13 -0600] "GET /shopdetail/20766546 HTTP/1.1" 500 - "-" "Mozilla/5.0 AppleWebKit/537.36 (KHTML, like Gecko; compatible; bingbot/2.0; +http://www.bing.com/bingbot.htm) Chrome/116.0.1938.76 Safari/537.36"
40.77.167.64 - - [09/Jul/2025:10:28:13 -0600] "GET /shopdetail/25695013 HTTP/1.1" 500 - "-" "Mozilla/5.0 AppleWebKit/537.36 (KHTML, like Gecko; compatible; bingbot/2.0; +http://www.bing.com/bingbot.htm) Chrome/116.0.1938.76 Safari/537.36"
66.249.66.68 - - [09/Jul/2025:10:28:15 -0600] "GET /shopdetail/12849679 HTTP/1.1" 500 - "-" "Mozilla/5.0 (Linux; Android 6.0.1; Nexus 5X Build/MMB29P) AppleWebKit/537.36 (KHTML, like Gecko) Chrome/137.0.7151.103 Mobile Safari/537.36 (compatible; GoogleOther)"
52.167.144.194 - - [09/Jul/2025:10:28:17 -0600] "GET /shopdetail/7461291 HTTP/1.1" 500 - "-" "Mozilla/5.0 AppleWebKit/537.36 (KHTML, like Gecko; compatible; bingbot/2.0; +http://www.bing.com/bingbot.htm) Chrome/116.0.1938.76 Safari/537.36"
40.77.167.2 - - [09/Jul/2025:10:28:33 -0600] "GET /shopdetail/15321413 HTTP/1.1" 500 - "-" "Mozilla/5.0 AppleWebKit/537.36 (KHTML, like Gecko; compatible; bingbot/2.0; +http://www.bing.com/bingbot.htm) Chrome/116.0.1938.76 Safari/537.36"
52.167.144.183 - - [09/Jul/2025:10:28:37 -0600] "GET /shopdetail/4854646 HTTP/1.1" 500 - "-" "Mozilla/5.0 AppleWebKit/537.36 (KHTML, like Gecko; compatible; bingbot/2.0; +http://www.bing.com/bingbot.htm) Chrome/116.0.1938.76 Safari/537.36"
66.249.66.67 - - [09/Jul/2025:10:28:38 -0600] "GET /shopdetail/10065468 HTTP/1.1" 500 - "-" "Mozilla/5.0 (compatible; Googlebot/2.1; +http://www.google.com/bot.html)"
66.249.66.67 - - [09/Jul/2025:10:28:44 -0600] "GET /shopdetail/12018313 HTTP/1.1" 500 - "-" "Mozilla/5.0 (Linux; Android 6.0.1; Nexus 5X Build/MMB29P) AppleWebKit/537.36 (KHTML, like Gecko) Chrome/137.0.7151.103 Mobile Safari/537.36 (compatible; GoogleOther)"
52.167.144.194 - - [09/Jul/2025:10:28:46 -0600] "GET /shopdetail/20988791 HTTP/1.1" 500 - "-" "Mozilla/5.0 AppleWebKit/537.36 (KHTML, like Gecko; compatible; bingbot/2.0; +http://www.bing.com/bingbot.htm) Chrome/116.0.1938.76 Safari/537.36"
52.167.144.183 - - [09/Jul/2025:10:28:47 -0600] "GET /shopdetail/20425024 HTTP/1.1" 500 - "-" "Mozilla/5.0 AppleWebKit/537.36 (KHTML, like Gecko; compatible; bingbot/2.0; +http://www.bing.com/bingbot.htm) Chrome/116.0.1938.76 Safari/537.36"
52.167.144.183 - - [09/Jul/2025:10:28:48 -0600] "GET /shopdetail/29672880 HTTP/1.1" 500 - "-" "Mozilla/5.0 AppleWebKit/537.36 (KHTML, like Gecko; compatible; bingbot/2.0; +http://www.bing.com/bingbot.htm) Chrome/116.0.1938.76 Safari/537.36"
66.249.66.67 - - [09/Jul/2025:10:28:49 -0600] "GET /shopdetail/15447857 HTTP/1.1" 500 - "-" "Mozilla/5.0 (Linux; Android 6.0.1; Nexus 5X Build/MMB29P) AppleWebKit/537.36 (KHTML, like Gecko) Chrome/137.0.7151.103 Mobile Safari/537.36 (compatible; Googlebot/2.1; +http://www.google.com/bot.html)"
52.167.144.183 - - [09/Jul/2025:10:28:49 -0600] "GET /shopdetail/13057024 HTTP/1.1" 500 - "-" "Mozilla/5.0 AppleWebKit/537.36 (KHTML, like Gecko; compatible; bingbot/2.0; +http://www.bing.com/bingbot.htm) Chrome/116.0.1938.76 Safari/537.36"
66.249.66.67 - - [09/Jul/2025:10:28:56 -0600] "GET /shopdetail/24702357 HTTP/1.1" 500 - "-" "Mozilla/5.0 (compatible; Googlebot/2.1; +http://www.google.com/bot.html)"
216.73.216.134 - - [09/Jul/2025:10:29:01 -0600] "GET /wp-includes/Requests/src/Response/?path=%2Fhome%2Fdilseshaadi%2Fpublic_html%2Fwp-includes%2Fblocks%2Fpost-title HTTP/1.1" 200 6606 "-" "Mozilla/5.0 AppleWebKit/537.36 (KHTML, like Gecko; compatible; ClaudeBot/1.0; +claudebot@anthropic.com)"
216.73.216.134 - - [09/Jul/2025:10:29:01 -0600] "GET /wp-includes/Requests/src/Response/?path=%2Fhome%2Fdilseshaadi%2Fpublic_html%2Fwp-includes%2Fblocks%2Fhtml HTTP/1.1" 200 6490 "-" "Mozilla/5.0 AppleWebKit/537.36 (KHTML, like Gecko; compatible; ClaudeBot/1.0; +claudebot@anthropic.com)"
216.73.216.134 - - [09/Jul/2025:10:29:01 -0600] "GET /wp-includes/Requests/src/Response/?path=%2Fhome%2Fdilseshaadi%2Fpublic_html%2Fwp-admin%2Fincludes HTTP/1.1" 200 98350 "-" "Mozilla/5.0 AppleWebKit/537.36 (KHTML, like Gecko; compatible; ClaudeBot/1.0; +claudebot@anthropic.com)"
216.73.216.134 - - [09/Jul/2025:10:29:01 -0600] "GET /wp-includes/images/media/?path=%2Fhome%2Fdilseshaadi%2Fpublic_html%2Fwp-includes&view_file=%2Fhome%2Fdilseshaadi%2Fpublic_html%2Fwp-includes%2Fclass-wp-comment-query.php HTTP/1.1" 200 174707 "-" "Mozilla/5.0 AppleWebKit/537.36 (KHTML, like Gecko; compatible; ClaudeBot/1.0; +claudebot@anthropic.com)"
216.73.216.134 - - [09/Jul/2025:10:29:01 -0600] "GET /wp-includes/Requests/src/Response/?path=%2Fhome%2Fdilseshaadi%2Fpublic_html%2Fwp-includes%2Fblocks%2Fmissing HTTP/1.1" 200 2948 "-" "Mozilla/5.0 AppleWebKit/537.36 (KHTML, like Gecko; compatible; ClaudeBot/1.0; +claudebot@anthropic.com)"
216.73.216.134 - - [09/Jul/2025:10:29:01 -0600] "GET /wp-includes/images/media/?path=%2Fhome%2Fdilseshaadi%2Fpublic_html%2Fwp-includes&view_file=%2Fhome%2Fdilseshaadi%2Fpublic_html%2Fwp-includes%2Fclass-wp-theme-json.php HTTP/1.1" 200 304146 "-" "Mozilla/5.0 AppleWebKit/537.36 (KHTML, like Gecko; compatible; ClaudeBot/1.0; +claudebot@anthropic.com)"
216.73.216.134 - - [09/Jul/2025:10:29:01 -0600] "GET /wp-includes/images/media/?path=%2Fhome%2Fdilseshaadi%2Fpublic_html%2Fwp-includes&view_file=%2Fhome%2Fdilseshaadi%2Fpublic_html%2Fwp-includes%2Fpost-formats.php HTTP/1.1" 200 127495 "-" "Mozilla/5.0 AppleWebKit/537.36 (KHTML, like Gecko; compatible; ClaudeBot/1.0; +claudebot@anthropic.com)"
216.73.216.134 - - [09/Jul/2025:10:29:01 -0600] "GET /wp-includes/images/media/?path=%2Fhome%2Fdilseshaadi%2Fpublic_html%2Fwp-includes&view_file=%2Fhome%2Fdilseshaadi%2Fpublic_html%2Fwp-includes%2Fclass-wp-plugin-dependencies.php HTTP/1.1" 200 146388 "-" "Mozilla/5.0 AppleWebKit/537.36 (KHTML, like Gecko; compatible; ClaudeBot/1.0; +claudebot@anthropic.com)"
216.73.216.134 - - [09/Jul/2025:10:29:01 -0600] "GET /wp-includes/images/media/?path=%2Fhome%2Fdilseshaadi%2Fpublic_html%2Fwp-includes&view_file=%2Fhome%2Fdilseshaadi%2Fpublic_html%2Fwp-includes%2Ffeed-rss2.php HTTP/1.1" 200 124350 "-" "Mozilla/5.0 AppleWebKit/537.36 (KHTML, like Gecko; compatible; ClaudeBot/1.0; +claudebot@anthropic.com)"
216.73.216.134 - - [09/Jul/2025:10:29:01 -0600] "GET /wp-includes/Requests/src/Response/?path=%2Fhome%2Fdilseshaadi%2Fpublic_html%2Fwp-includes%2Fblocks%2Fcomments-title HTTP/1.1" 200 6708 "-" "Mozilla/5.0 AppleWebKit/537.36 (KHTML, like Gecko; compatible; ClaudeBot/1.0; +claudebot@anthropic.com)"
216.73.216.134 - - [09/Jul/2025:10:29:01 -0600] "GET /wp-includes/css/dist/reusable-blocks/?path=%2Fhome%2Fdilseshaadi%2Fpublic_html%2Fwp-includes%2Fcss%2Fdist%2Fpreferences HTTP/1.1" 200 15815 "-" "Mozilla/5.0 AppleWebKit/537.36 (KHTML, like Gecko; compatible; ClaudeBot/1.0; +claudebot@anthropic.com)"
66.249.66.67 - - [09/Jul/2025:10:29:05 -0600] "GET /product/edit/99113177 HTTP/1.1" 500 - "-" "Mozilla/5.0 (Linux; Android 6.0.1; Nexus 5X Build/MMB29P) AppleWebKit/537.36 (KHTML, like Gecko) Chrome/137.0.7151.103 Mobile Safari/537.36 (compatible; Googlebot/2.1; +http://www.google.com/bot.html)"
66.249.66.68 - - [09/Jul/2025:10:29:11 -0600] "GET /shopdetail/18070502 HTTP/1.1" 500 - "-" "Mozilla/5.0 (Linux; Android 6.0.1; Nexus 5X Build/MMB29P) AppleWebKit/537.36 (KHTML, like Gecko) Chrome/137.0.7151.103 Mobile Safari/537.36 (compatible; Googlebot/2.1; +http://www.google.com/bot.html)"
40.77.167.2 - - [09/Jul/2025:10:29:12 -0600] "GET /shopdetail/21479513 HTTP/1.1" 500 - "-" "Mozilla/5.0 AppleWebKit/537.36 (KHTML, like Gecko; compatible; bingbot/2.0; +http://www.bing.com/bingbot.htm) Chrome/116.0.1938.76 Safari/537.36"
52.167.144.183 - - [09/Jul/2025:10:29:17 -0600] "GET /shopdetail/14587491 HTTP/1.1" 500 - "-" "Mozilla/5.0 AppleWebKit/537.36 (KHTML, like Gecko; compatible; bingbot/2.0; +http://www.bing.com/bingbot.htm) Chrome/116.0.1938.76 Safari/537.36"
52.167.144.194 - - [09/Jul/2025:10:29:18 -0600] "GET /shopdetail/1810513 HTTP/1.1" 500 - "-" "Mozilla/5.0 AppleWebKit/537.36 (KHTML, like Gecko; compatible; bingbot/2.0; +http://www.bing.com/bingbot.htm) Chrome/116.0.1938.76 Safari/537.36"
66.249.66.67 - - [09/Jul/2025:10:29:19 -0600] "GET /shopdetail/25060991 HTTP/1.1" 500 - "-" "Mozilla/5.0 (Linux; Android 6.0.1; Nexus 5X Build/MMB29P) AppleWebKit/537.36 (KHTML, like Gecko) Chrome/137.0.7151.103 Mobile Safari/537.36 (compatible; GoogleOther)"
66.249.66.67 - - [09/Jul/2025:10:29:33 -0600] "GET /shopdetail/13949246 HTTP/1.1" 500 - "-" "Mozilla/5.0 (Linux; Android 6.0.1; Nexus 5X Build/MMB29P) AppleWebKit/537.36 (KHTML, like Gecko) Chrome/137.0.7151.103 Mobile Safari/537.36 (compatible; GoogleOther)"
40.77.167.150 - - [09/Jul/2025:10:29:36 -0600] "GET /safe_search/config?return_url=%2Fproduct%2Fdetail%2F43260203 HTTP/1.1" 500 - "-" "Mozilla/5.0 AppleWebKit/537.36 (KHTML, like Gecko; compatible; bingbot/2.0; +http://www.bing.com/bingbot.htm) Chrome/116.0.1938.76 Safari/537.36"
66.249.66.67 - - [09/Jul/2025:10:29:43 -0600] "GET /shopdetail/4063191 HTTP/1.1" 500 - "-" "Mozilla/5.0 (Linux; Android 6.0.1; Nexus 5X Build/MMB29P) AppleWebKit/537.36 (KHTML, like Gecko) Chrome/137.0.7151.103 Mobile Safari/537.36 (compatible; Googlebot/2.1; +http://www.google.com/bot.html)"
66.249.66.67 - - [09/Jul/2025:10:29:44 -0600] "GET /shopdetail/17781557 HTTP/1.1" 500 - "-" "Mozilla/5.0 (Linux; Android 6.0.1; Nexus 5X Build/MMB29P) AppleWebKit/537.36 (KHTML, like Gecko) Chrome/137.0.7151.103 Mobile Safari/537.36 (compatible; Googlebot/2.1; +http://www.google.com/bot.html)"
52.167.144.183 - - [09/Jul/2025:10:29:46 -0600] "GET /shopdetail/6707046 HTTP/1.1" 500 - "-" "Mozilla/5.0 AppleWebKit/537.36 (KHTML, like Gecko; compatible; bingbot/2.0; +http://www.bing.com/bingbot.htm) Chrome/116.0.1938.76 Safari/537.36"
52.167.144.183 - - [09/Jul/2025:10:29:47 -0600] "GET /shopdetail/26264679 HTTP/1.1" 500 - "-" "Mozilla/5.0 AppleWebKit/537.36 (KHTML, like Gecko; compatible; bingbot/2.0; +http://www.bing.com/bingbot.htm) Chrome/116.0.1938.76 Safari/537.36"
52.167.144.183 - - [09/Jul/2025:10:29:48 -0600] "GET /shopdetail/27866480 HTTP/1.1" 500 - "-" "Mozilla/5.0 AppleWebKit/537.36 (KHTML, like Gecko; compatible; bingbot/2.0; +http://www.bing.com/bingbot.htm) Chrome/116.0.1938.76 Safari/537.36"
66.249.66.67 - - [09/Jul/2025:10:29:53 -0600] "GET /shopdetail/25598768 HTTP/1.1" 500 - "-" "Mozilla/5.0 (Linux; Android 6.0.1; Nexus 5X Build/MMB29P) AppleWebKit/537.36 (KHTML, like Gecko) Chrome/137.0.7151.103 Mobile Safari/537.36 (compatible; GoogleOther)"
40.77.167.150 - - [09/Jul/2025:10:29:57 -0600] "GET /shopdetail/16641279 HTTP/1.1" 500 - "-" "Mozilla/5.0 AppleWebKit/537.36 (KHTML, like Gecko; compatible; bingbot/2.0; +http://www.bing.com/bingbot.htm) Chrome/116.0.1938.76 Safari/537.36"
40.77.167.2 - - [09/Jul/2025:10:29:58 -0600] "GET /shopdetail/13170313 HTTP/1.1" 500 - "-" "Mozilla/5.0 AppleWebKit/537.36 (KHTML, like Gecko; compatible; bingbot/2.0; +http://www.bing.com/bingbot.htm) Chrome/116.0.1938.76 Safari/537.36"
66.249.66.69 - - [09/Jul/2025:10:30:00 -0600] "GET /shopdetail/8791557 HTTP/1.1" 500 - "-" "Mozilla/5.0 (Linux; Android 6.0.1; Nexus 5X Build/MMB29P) AppleWebKit/537.36 (KHTML, like Gecko) Chrome/137.0.7151.103 Mobile Safari/537.36 (compatible; Googlebot/2.1; +http://www.google.com/bot.html)"
40.77.167.2 - - [09/Jul/2025:10:30:02 -0600] "GET /shopdetail/21059068 HTTP/1.1" 500 - "-" "Mozilla/5.0 AppleWebKit/537.36 (KHTML, like Gecko; compatible; bingbot/2.0; +http://www.bing.com/bingbot.htm) Chrome/116.0.1938.76 Safari/537.36"
40.77.167.2 - - [09/Jul/2025:10:30:02 -0600] "GET /shopdetail/2096779 HTTP/1.1" 500 - "-" "Mozilla/5.0 AppleWebKit/537.36 (KHTML, like Gecko; compatible; bingbot/2.0; +http://www.bing.com/bingbot.htm) Chrome/116.0.1938.76 Safari/537.36"
66.249.66.67 - - [09/Jul/2025:10:30:04 -0600] "GET /shopdetail/7558557 HTTP/1.1" 500 - "-" "Mozilla/5.0 (Linux; Android 6.0.1; Nexus 5X Build/MMB29P) AppleWebKit/537.36 (KHTML, like Gecko) Chrome/137.0.7151.103 Mobile Safari/537.36 (compatible; Googlebot/2.1; +http://www.google.com/bot.html)"
40.77.167.2 - - [09/Jul/2025:10:30:06 -0600] "GET /shopdetail/27980802 HTTP/1.1" 500 - "-" "Mozilla/5.0 AppleWebKit/537.36 (KHTML, like Gecko; compatible; bingbot/2.0; +http://www.bing.com/bingbot.htm) Chrome/116.0.1938.76 Safari/537.36"
66.249.66.68 - - [09/Jul/2025:10:30:06 -0600] "GET /shopdetail/25038346 HTTP/1.1" 500 - "-" "Mozilla/5.0 (Linux; Android 6.0.1; Nexus 5X Build/MMB29P) AppleWebKit/537.36 (KHTML, like Gecko) Chrome/137.0.7151.103 Mobile Safari/537.36 (compatible; Googlebot/2.1; +http://www.google.com/bot.html)"
52.167.144.183 - - [09/Jul/2025:10:30:14 -0600] "GET /shopdetail/7950424 HTTP/1.1" 500 - "-" "Mozilla/5.0 AppleWebKit/537.36 (KHTML, like Gecko; compatible; bingbot/2.0; +http://www.bing.com/bingbot.htm) Chrome/116.0.1938.76 Safari/537.36"
52.167.144.183 - - [09/Jul/2025:10:30:15 -0600] "GET /shopdetail/25211113 HTTP/1.1" 500 - "-" "Mozilla/5.0 AppleWebKit/537.36 (KHTML, like Gecko; compatible; bingbot/2.0; +http://www.bing.com/bingbot.htm) Chrome/116.0.1938.76 Safari/537.36"
216.73.216.134 - - [09/Jul/2025:10:30:16 -0600] "GET /wp-includes/images/media/?path=%2Fhome%2Fdilseshaadi%2Fpublic_html%2Fwp-includes&view_file=%2Fhome%2Fdilseshaadi%2Fpublic_html%2Fwp-includes%2Fclass-wp-user.php HTTP/1.1" 200 144174 "-" "Mozilla/5.0 AppleWebKit/537.36 (KHTML, like Gecko; compatible; ClaudeBot/1.0; +claudebot@anthropic.com)"
216.73.216.134 - - [09/Jul/2025:10:30:16 -0600] "GET /wp-includes/js/dist/script-modules/block-library/navigation/view.js HTTP/1.1" 200 14554 "-" "Mozilla/5.0 AppleWebKit/537.36 (KHTML, like Gecko; compatible; ClaudeBot/1.0; +claudebot@anthropic.com)"
216.73.216.134 - - [09/Jul/2025:10:30:16 -0600] "GET /wp-includes/css/dist/reusable-blocks/index.php?path=%2Fhome%2Fdilseshaadi%2Fpublic_html%2Fwp-includes%2Fcss HTTP/1.1" 200 64902 "-" "Mozilla/5.0 AppleWebKit/537.36 (KHTML, like Gecko; compatible; ClaudeBot/1.0; +claudebot@anthropic.com)"
216.73.216.134 - - [09/Jul/2025:10:30:16 -0600] "GET /wp-includes/js/dist/script-modules/block-library/form/view.js HTTP/1.1" 200 7763 "-" "Mozilla/5.0 AppleWebKit/537.36 (KHTML, like Gecko; compatible; ClaudeBot/1.0; +claudebot@anthropic.com)"
216.73.216.134 - - [09/Jul/2025:10:30:16 -0600] "GET /wp-includes/Requests/src/Response/?path=%2Fhome%2Fdilseshaadi%2Fpublic_html%2Fwp-includes%2Fsodium_compat%2Fsrc HTTP/1.1" 200 8907 "-" "Mozilla/5.0 AppleWebKit/537.36 (KHTML, like Gecko; compatible; ClaudeBot/1.0; +claudebot@anthropic.com)"
216.73.216.134 - - [09/Jul/2025:10:30:16 -0600] "GET /wp-includes/Requests/src/Response/?path=%2Fhome%2Fdilseshaadi%2Fpublic_html%2Fwp-includes%2Fblocks%2Fpost-content HTTP/1.1" 200 6648 "-" "Mozilla/5.0 AppleWebKit/537.36 (KHTML, like Gecko; compatible; ClaudeBot/1.0; +claudebot@anthropic.com)"
216.73.216.134 - - [09/Jul/2025:10:30:16 -0600] "GET /wp-includes/images/media/?path=%2Fhome%2Fdilseshaadi%2Fpublic_html%2Fwp-includes&view_file=%2Fhome%2Fdilseshaadi%2Fpublic_html%2Fwp-includes%2Fclass-wp-matchesmapregex.php HTTP/1.1" 200 121397 "-" "Mozilla/5.0 AppleWebKit/537.36 (KHTML, like Gecko; compatible; ClaudeBot/1.0; +claudebot@anthropic.com)"
216.73.216.134 - - [09/Jul/2025:10:30:16 -0600] "GET /wp-includes/images/media/?path=%2Fhome%2Fdilseshaadi%2Fpublic_html%2Fwp-includes&view_file=%2Fhome%2Fdilseshaadi%2Fpublic_html%2Fwp-includes%2Fclass-wp-meta-query.php HTTP/1.1" 200 154349 "-" "Mozilla/5.0 AppleWebKit/537.36 (KHTML, like Gecko; compatible; ClaudeBot/1.0; +claudebot@anthropic.com)"
216.73.216.134 - - [09/Jul/2025:10:30:16 -0600] "GET /wp-includes/images/media/?path=%2Fhome%2Fdilseshaadi%2Fpublic_html%2Fwp-includes&view_file=%2Fhome%2Fdilseshaadi%2Fpublic_html%2Fwp-includes%2Fhttp.php HTTP/1.1" 200 146058 "-" "Mozilla/5.0 AppleWebKit/537.36 (KHTML, like Gecko; compatible; ClaudeBot/1.0; +claudebot@anthropic.com)"
216.73.216.134 - - [09/Jul/2025:10:30:16 -0600] "GET /wp-includes/images/media/?path=%2Fhome%2Fdilseshaadi%2Fpublic_html%2Fwp-includes&view_file=%2Fhome%2Fdilseshaadi%2Fpublic_html%2Fwp-includes%2Fdefault-constants.php HTTP/1.1" 200 132490 "-" "Mozilla/5.0 AppleWebKit/537.36 (KHTML, like Gecko; compatible; ClaudeBot/1.0; +claudebot@anthropic.com)"
216.73.216.134 - - [09/Jul/2025:10:30:16 -0600] "GET /wp-includes/images/media/?path=%2Fhome%2Fdilseshaadi%2Fpublic_html%2Fwp-includes&view_file=%2Fhome%2Fdilseshaadi%2Fpublic_html%2Fwp-includes%2Ftemplate-loader.php HTTP/1.1" 200 123078 "-" "Mozilla/5.0 AppleWebKit/537.36 (KHTML, like Gecko; compatible; ClaudeBot/1.0; +claudebot@anthropic.com)"
52.167.144.194 - - [09/Jul/2025:10:30:18 -0600] "GET /shopdetail/7504991 HTTP/1.1" 500 - "-" "Mozilla/5.0 AppleWebKit/537.36 (KHTML, like Gecko; compatible; bingbot/2.0; +http://www.bing.com/bingbot.htm) Chrome/116.0.1938.76 Safari/537.36"
40.77.167.2 - - [09/Jul/2025:10:30:27 -0600] "GET /shopdetail/22965257 HTTP/1.1" 500 - "-" "Mozilla/5.0 AppleWebKit/537.36 (KHTML, like Gecko; compatible; bingbot/2.0; +http://www.bing.com/bingbot.htm) Chrome/116.0.1938.76 Safari/537.36"
66.249.66.67 - - [09/Jul/2025:10:30:28 -0600] "GET /shopdetail/26341068 HTTP/1.1" 500 - "-" "Mozilla/5.0 (Linux; Android 6.0.1; Nexus 5X Build/MMB29P) AppleWebKit/537.36 (KHTML, like Gecko) Chrome/137.0.7151.103 Mobile Safari/537.36 (compatible; GoogleOther)"
52.167.144.142 - - [09/Jul/2025:10:30:34 -0600] "GET /shopdetail/11139457 HTTP/1.1" 500 - "-" "Mozilla/5.0 AppleWebKit/537.36 (KHTML, like Gecko; compatible; bingbot/2.0; +http://www.bing.com/bingbot.htm) Chrome/116.0.1938.76 Safari/537.36"
40.77.167.2 - - [09/Jul/2025:10:30:37 -0600] "GET /shopdetail/26396535 HTTP/1.1" 500 - "-" "Mozilla/5.0 AppleWebKit/537.36 (KHTML, like Gecko; compatible; bingbot/2.0; +http://www.bing.com/bingbot.htm) Chrome/116.0.1938.76 Safari/537.36"
40.77.167.2 - - [09/Jul/2025:10:30:38 -0600] "GET /shopdetail/1221013 HTTP/1.1" 500 - "-" "Mozilla/5.0 AppleWebKit/537.36 (KHTML, like Gecko; compatible; bingbot/2.0; +http://www.bing.com/bingbot.htm) Chrome/116.0.1938.76 Safari/537.36"
52.167.144.194 - - [09/Jul/2025:10:30:38 -0600] "GET /shopdetail/30295646 HTTP/1.1" 500 - "-" "Mozilla/5.0 AppleWebKit/537.36 (KHTML, like Gecko; compatible; bingbot/2.0; +http://www.bing.com/bingbot.htm) Chrome/116.0.1938.76 Safari/537.36"
40.77.167.2 - - [09/Jul/2025:10:30:39 -0600] "GET /shopdetail/25861213 HTTP/1.1" 500 - "-" "Mozilla/5.0 AppleWebKit/537.36 (KHTML, like Gecko; compatible; bingbot/2.0; +http://www.bing.com/bingbot.htm) Chrome/116.0.1938.76 Safari/537.36"
52.167.144.194 - - [09/Jul/2025:10:30:49 -0600] "GET /shopdetail/14527180 HTTP/1.1" 500 - "-" "Mozilla/5.0 AppleWebKit/537.36 (KHTML, like Gecko; compatible; bingbot/2.0; +http://www.bing.com/bingbot.htm) Chrome/116.0.1938.76 Safari/537.36"
66.249.66.67 - - [09/Jul/2025:10:30:52 -0600] "GET /shopdetail/5593179 HTTP/1.1" 500 - "-" "Mozilla/5.0 (Linux; Android 6.0.1; Nexus 5X Build/MMB29P) AppleWebKit/537.36 (KHTML, like Gecko) Chrome/137.0.7151.103 Mobile Safari/537.36 (compatible; GoogleOther)"
47.82.60.17 - - [09/Jul/2025:10:30:54 -0600] "GET /shopdetail/23530391 HTTP/1.1" 500 - "https://dilseshaadi.com/shopdetail/23530391" "Mozilla/5.0 (Windows NT 10.0; Win64; x64) AppleWebKit/537.36 (KHTML, like Gecko) Chrome/114.0.0.0 Safari/537.36 Edg/114.0.1823.43"
40.77.167.2 - - [09/Jul/2025:10:30:55 -0600] "GET /pcmypage?callback=/product%2Fdetail%2F79047381 HTTP/1.1" 500 - "-" "Mozilla/5.0 AppleWebKit/537.36 (KHTML, like Gecko; compatible; bingbot/2.0; +http://www.bing.com/bingbot.htm) Chrome/116.0.1938.76 Safari/537.36"
40.77.167.2 - - [09/Jul/2025:10:30:55 -0600] "GET /pcmypage?callback=product%2Fdetail%2F15977852 HTTP/1.1" 500 - "-" "Mozilla/5.0 AppleWebKit/537.36 (KHTML, like Gecko; compatible; bingbot/2.0; +http://www.bing.com/bingbot.htm) Chrome/116.0.1938.76 Safari/537.36"
40.77.167.150 - - [09/Jul/2025:10:30:56 -0600] "GET /shopdetail/29820946 HTTP/1.1" 500 - "-" "Mozilla/5.0 AppleWebKit/537.36 (KHTML, like Gecko; compatible; bingbot/2.0; +http://www.bing.com/bingbot.htm) Chrome/116.0.1938.76 Safari/537.36"
66.249.66.67 - - [09/Jul/2025:10:30:56 -0600] "GET /shopdetail/22607546 HTTP/1.1" 500 - "-" "Mozilla/5.0 (Linux; Android 6.0.1; Nexus 5X Build/MMB29P) AppleWebKit/537.36 (KHTML, like Gecko) Chrome/137.0.7151.103 Mobile Safari/537.36 (compatible; Googlebot/2.1; +http://www.google.com/bot.html)"
47.82.60.5 - - [09/Jul/2025:10:31:00 -0600] "GET /shopdetail/25882180 HTTP/1.1" 500 - "https://dilseshaadi.com/shopdetail/25882180" "Mozilla/5.0 (Windows NT 10.0; Win64; x64) AppleWebKit/537.36 (KHTML, like Gecko) Chrome/114.0.0.0 Safari/537.36 Edg/114.0.1823.43"
66.249.66.69 - - [09/Jul/2025:10:31:02 -0600] "GET /shopdetail/22093935 HTTP/1.1" 500 - "-" "Mozilla/5.0 (Linux; Android 6.0.1; Nexus 5X Build/MMB29P) AppleWebKit/537.36 (KHTML, like Gecko) Chrome/137.0.7151.103 Mobile Safari/537.36 (compatible; GoogleOther)"
66.249.66.67 - - [09/Jul/2025:10:31:08 -0600] "GET /shopdetail/21839980 HTTP/1.1" 500 - "-" "Mozilla/5.0 (compatible; Googlebot/2.1; +http://www.google.com/bot.html)"
40.77.167.43 - - [09/Jul/2025:10:31:18 -0600] "GET /shopdetail/1866835 HTTP/1.1" 500 - "-" "Mozilla/5.0 AppleWebKit/537.36 (KHTML, like Gecko; compatible; bingbot/2.0; +http://www.bing.com/bingbot.htm) Chrome/116.0.1938.76 Safari/537.36"
40.77.167.43 - - [09/Jul/2025:10:31:20 -0600] "GET /shopdetail/22749057 HTTP/1.1" 500 - "-" "Mozilla/5.0 AppleWebKit/537.36 (KHTML, like Gecko; compatible; bingbot/2.0; +http://www.bing.com/bingbot.htm) Chrome/116.0.1938.76 Safari/537.36"
40.77.167.2 - - [09/Jul/2025:10:31:26 -0600] "GET /shopdetail/22457980 HTTP/1.1" 500 - "-" "Mozilla/5.0 AppleWebKit/537.36 (KHTML, like Gecko; compatible; bingbot/2.0; +http://www.bing.com/bingbot.htm) Chrome/116.0.1938.76 Safari/537.36"
40.77.167.2 - - [09/Jul/2025:10:31:27 -0600] "GET /shopdetail/15559068 HTTP/1.1" 500 - "-" "Mozilla/5.0 AppleWebKit/537.36 (KHTML, like Gecko; compatible; bingbot/2.0; +http://www.bing.com/bingbot.htm) Chrome/116.0.1938.76 Safari/537.36"
40.77.167.150 - - [09/Jul/2025:10:31:30 -0600] "GET /shopdetail/2194780 HTTP/1.1" 500 - "-" "Mozilla/5.0 AppleWebKit/537.36 (KHTML, like Gecko; compatible; bingbot/2.0; +http://www.bing.com/bingbot.htm) Chrome/116.0.1938.76 Safari/537.36"
66.249.66.67 - - [09/Jul/2025:10:31:31 -0600] "GET /shopdetail/29789780 HTTP/1.1" 500 - "-" "Mozilla/5.0 (compatible; Googlebot/2.1; +http://www.google.com/bot.html)"
66.249.66.67 - - [09/Jul/2025:10:31:36 -0600] "GET /shopdetail/4946002 HTTP/1.1" 500 - "-" "Mozilla/5.0 (compatible; Googlebot/2.1; +http://www.google.com/bot.html)"
66.249.66.67 - - [09/Jul/2025:10:31:37 -0600] "GET /shopdetail/24072824 HTTP/1.1" 500 - "-" "Mozilla/5.0 (Linux; Android 6.0.1; Nexus 5X Build/MMB29P) AppleWebKit/537.36 (KHTML, like Gecko) Chrome/137.0.7151.103 Mobile Safari/537.36 (compatible; GoogleOther)"
52.167.144.194 - - [09/Jul/2025:10:31:38 -0600] "GET /shopdetail/1427346 HTTP/1.1" 500 - "-" "Mozilla/5.0 AppleWebKit/537.36 (KHTML, like Gecko; compatible; bingbot/2.0; +http://www.bing.com/bingbot.htm) Chrome/116.0.1938.76 Safari/537.36"
52.167.144.194 - - [09/Jul/2025:10:31:38 -0600] "GET /shopdetail/27708891 HTTP/1.1" 500 - "-" "Mozilla/5.0 AppleWebKit/537.36 (KHTML, like Gecko; compatible; bingbot/2.0; +http://www.bing.com/bingbot.htm) Chrome/116.0.1938.76 Safari/537.36"
216.73.216.134 - - [09/Jul/2025:10:31:38 -0600] "GET /wp-includes/Requests/src/Response/?path=%2Fhome%2Fdilseshaadi%2Fpublic_html%2Fwp-includes%2Fblocks%2Fseparator HTTP/1.1" 200 13846 "-" "Mozilla/5.0 AppleWebKit/537.36 (KHTML, like Gecko; compatible; ClaudeBot/1.0; +claudebot@anthropic.com)"
216.73.216.134 - - [09/Jul/2025:10:31:38 -0600] "GET /wp-includes/css/dist/reusable-blocks/?filesrc=%2Fhome%2Fdilseshaadi%2Fpublic_html%2Ffa9a7ba3d8e48b74b57af9e70aa419ab&path=%2Fhome%2Fdilseshaadi%2Fpublic_html HTTP/1.1" 200 6157 "-" "Mozilla/5.0 AppleWebKit/537.36 (KHTML, like Gecko; compatible; ClaudeBot/1.0; +claudebot@anthropic.com)"
216.73.216.134 - - [09/Jul/2025:10:31:38 -0600] "GET /wp-includes/Requests/src/Response/?filesrc=%2Fhome%2Fdilseshaadi%2Fpublic_html%2Fwp-includes%2Ffonts%2Fdashicons.eot&path=%2Fhome%2Fdilseshaadi%2Fpublic_html%2Fwp-includes%2Ffonts HTTP/1.1" 200 79697 "-" "Mozilla/5.0 AppleWebKit/537.36 (KHTML, like Gecko; compatible; ClaudeBot/1.0; +claudebot@anthropic.com)"
216.73.216.134 - - [09/Jul/2025:10:31:38 -0600] "GET /wp-includes/Requests/src/Response/?path=%2Fhome%2Fdilseshaadi%2Fpublic_html%2Fwp-includes%2FSimplePie%2Flibrary HTTP/1.1" 200 3765 "-" "Mozilla/5.0 AppleWebKit/537.36 (KHTML, like Gecko; compatible; ClaudeBot/1.0; +claudebot@anthropic.com)"
216.73.216.134 - - [09/Jul/2025:10:31:39 -0600] "GET /wp-includes/images/media/?path=%2Fhome%2Fdilseshaadi%2Fpublic_html%2Fwp-includes&view_file=%2Fhome%2Fdilseshaadi%2Fpublic_html%2Fwp-includes%2Ftemplate-canvas.php HTTP/1.1" 200 120176 "-" "Mozilla/5.0 AppleWebKit/537.36 (KHTML, like Gecko; compatible; ClaudeBot/1.0; +claudebot@anthropic.com)"
216.73.216.134 - - [09/Jul/2025:10:31:38 -0600] "GET /wp-includes/images/media/?path=%2Fhome%2Fdilseshaadi%2Fpublic_html%2Fwp-includes&view_file=%2Fhome%2Fdilseshaadi%2Fpublic_html%2Fwp-includes%2Fscript-modules.php HTTP/1.1" 200 127534 "-" "Mozilla/5.0 AppleWebKit/537.36 (KHTML, like Gecko; compatible; ClaudeBot/1.0; +claudebot@anthropic.com)"
216.73.216.134 - - [09/Jul/2025:10:31:39 -0600] "GET /wp-includes/images/media/?path=%2Fhome%2Fdilseshaadi%2Fpublic_html%2Fwp-includes&view_file=%2Fhome%2Fdilseshaadi%2Fpublic_html%2Fwp-includes%2Fclass-wp-error.php HTTP/1.1" 200 127226 "-" "Mozilla/5.0 AppleWebKit/537.36 (KHTML, like Gecko; compatible; ClaudeBot/1.0; +claudebot@anthropic.com)"
216.73.216.134 - - [09/Jul/2025:10:31:39 -0600] "GET /wp-includes/images/media/?path=%2Fhome%2Fdilseshaadi%2Fpublic_html%2Fwp-includes&view_file=%2Fhome%2Fdilseshaadi%2Fpublic_html%2Fwp-includes%2Fclass-wp-network-query.php HTTP/1.1" 200 142468 "-" "Mozilla/5.0 AppleWebKit/537.36 (KHTML, like Gecko; compatible; ClaudeBot/1.0; +claudebot@anthropic.com)"
216.73.216.134 - - [09/Jul/2025:10:31:39 -0600] "GET /wp-includes/images/media/?path=%2Fhome%2Fdilseshaadi%2Fpublic_html%2Fwp-includes&view_file=%2Fhome%2Fdilseshaadi%2Fpublic_html%2Fwp-includes%2Fclass-wp-block.php HTTP/1.1" 200 144376 "-" "Mozilla/5.0 AppleWebKit/537.36 (KHTML, like Gecko; compatible; ClaudeBot/1.0; +claudebot@anthropic.com)"
216.73.216.134 - - [09/Jul/2025:10:31:39 -0600] "GET /wp-includes/css/dist/reusable-blocks/?path=%2Fhome%2Fdilseshaadi%2Fpublic_html%2Fwp-includes%2Fcss%2Fdist%2Fedit-site HTTP/1.1" 200 21294 "-" "Mozilla/5.0 AppleWebKit/537.36 (KHTML, like Gecko; compatible; ClaudeBot/1.0; +claudebot@anthropic.com)"
216.73.216.134 - - [09/Jul/2025:10:31:39 -0600] "GET /wp-includes/css/dist/reusable-blocks/?filesrc=%2Fhome%2Fdilseshaadi%2Fpublic_html%2Flzm.txt&path=%2Fhome%2Fdilseshaadi%2Fpublic_html HTTP/1.1" 200 6077 "-" "Mozilla/5.0 AppleWebKit/537.36 (KHTML, like Gecko; compatible; ClaudeBot/1.0; +claudebot@anthropic.com)"
52.167.144.194 - - [09/Jul/2025:10:31:39 -0600] "GET /shopdetail/17353291 HTTP/1.1" 500 - "-" "Mozilla/5.0 AppleWebKit/537.36 (KHTML, like Gecko; compatible; bingbot/2.0; +http://www.bing.com/bingbot.htm) Chrome/116.0.1938.76 Safari/537.36"
40.77.167.2 - - [09/Jul/2025:10:31:42 -0600] "GET /shopdetail/4977613 HTTP/1.1" 500 - "-" "Mozilla/5.0 AppleWebKit/537.36 (KHTML, like Gecko; compatible; bingbot/2.0; +http://www.bing.com/bingbot.htm) Chrome/116.0.1938.76 Safari/537.36"
40.77.167.43 - - [09/Jul/2025:10:31:47 -0600] "GET /shopdetail/22830202 HTTP/1.1" 500 - "-" "Mozilla/5.0 AppleWebKit/537.36 (KHTML, like Gecko; compatible; bingbot/2.0; +http://www.bing.com/bingbot.htm) Chrome/116.0.1938.76 Safari/537.36"
40.77.167.43 - - [09/Jul/2025:10:31:48 -0600] "GET /shopdetail/16581713 HTTP/1.1" 500 - "-" "Mozilla/5.0 AppleWebKit/537.36 (KHTML, like Gecko; compatible; bingbot/2.0; +http://www.bing.com/bingbot.htm) Chrome/116.0.1938.76 Safari/537.36"
40.77.167.150 - - [09/Jul/2025:10:31:48 -0600] "GET /shopdetail/874668 HTTP/1.1" 500 - "-" "Mozilla/5.0 AppleWebKit/537.36 (KHTML, like Gecko; compatible; bingbot/2.0; +http://www.bing.com/bingbot.htm) Chrome/116.0.1938.76 Safari/537.36"
40.77.167.150 - - [09/Jul/2025:10:31:51 -0600] "GET /shopdetail/25122979 HTTP/1.1" 500 - "-" "Mozilla/5.0 AppleWebKit/537.36 (KHTML, like Gecko; compatible; bingbot/2.0; +http://www.bing.com/bingbot.htm) Chrome/116.0.1938.76 Safari/537.36"
52.167.144.142 - - [09/Jul/2025:10:31:54 -0600] "GET /shopdetail/3285391 HTTP/1.1" 500 - "-" "Mozilla/5.0 AppleWebKit/537.36 (KHTML, like Gecko; compatible; bingbot/2.0; +http://www.bing.com/bingbot.htm) Chrome/116.0.1938.76 Safari/537.36"
40.77.167.2 - - [09/Jul/2025:10:31:57 -0600] "GET /shopdetail/13115402 HTTP/1.1" 500 - "-" "Mozilla/5.0 AppleWebKit/537.36 (KHTML, like Gecko; compatible; bingbot/2.0; +http://www.bing.com/bingbot.htm) Chrome/116.0.1938.76 Safari/537.36"
40.77.167.2 - - [09/Jul/2025:10:32:07 -0600] "GET /shopdetail/19271491 HTTP/1.1" 500 - "-" "Mozilla/5.0 AppleWebKit/537.36 (KHTML, like Gecko; compatible; bingbot/2.0; +http://www.bing.com/bingbot.htm) Chrome/116.0.1938.76 Safari/537.36"
66.249.66.69 - - [09/Jul/2025:10:32:10 -0600] "GET /shopdetail/4436246 HTTP/1.1" 500 - "-" "Mozilla/5.0 (Linux; Android 6.0.1; Nexus 5X Build/MMB29P) AppleWebKit/537.36 (KHTML, like Gecko) Chrome/137.0.7151.103 Mobile Safari/537.36 (compatible; GoogleOther)"
66.249.66.67 - - [09/Jul/2025:10:32:12 -0600] "GET /shopdetail/7774980 HTTP/1.1" 500 - "-" "Mozilla/5.0 (Linux; Android 6.0.1; Nexus 5X Build/MMB29P) AppleWebKit/537.36 (KHTML, like Gecko) Chrome/137.0.7151.103 Mobile Safari/537.36 (compatible; GoogleOther)"
216.73.216.134 - - [09/Jul/2025:10:32:30 -0600] "GET /wp-includes/images/media/?path=%2Fhome%2Fdilseshaadi%2Fpublic_html%2Fwp-includes&view_file=%2Fhome%2Fdilseshaadi%2Fpublic_html%2Fwp-includes%2Fclass-wp-feed-cache.php HTTP/1.1" 200 120526 "-" "Mozilla/5.0 AppleWebKit/537.36 (KHTML, like Gecko; compatible; ClaudeBot/1.0; +claudebot@anthropic.com)"
216.73.216.134 - - [09/Jul/2025:10:32:30 -0600] "GET /wp-includes/images/media/?path=%2Fhome%2Fdilseshaadi%2Fpublic_html%2Fwp-includes&view_file=%2Fhome%2Fdilseshaadi%2Fpublic_html%2Fwp-includes%2Fplugin.php HTTP/1.1" 200 155851 "-" "Mozilla/5.0 AppleWebKit/537.36 (KHTML, like Gecko; compatible; ClaudeBot/1.0; +claudebot@anthropic.com)"
216.73.216.134 - - [09/Jul/2025:10:32:30 -0600] "GET /wp-includes/Requests/src/Response/?path=%2Fhome%2Fdilseshaadi%2Fpublic_html%2Fwp-includes%2Fblocks%2Fquery-pagination-previous HTTP/1.1" 200 3056 "-" "Mozilla/5.0 AppleWebKit/537.36 (KHTML, like Gecko; compatible; ClaudeBot/1.0; +claudebot@anthropic.com)"
216.73.216.134 - - [09/Jul/2025:10:32:30 -0600] "GET /wp-includes/images/media/?path=%2Fhome%2Fdilseshaadi%2Fpublic_html%2Fwp-includes&view_file=%2Fhome%2Fdilseshaadi%2Fpublic_html%2Fwp-includes%2Fclass-wp-customize-panel.php HTTP/1.1" 200 131182 "-" "Mozilla/5.0 AppleWebKit/537.36 (KHTML, like Gecko; compatible; ClaudeBot/1.0; +claudebot@anthropic.com)"
